{"id":992,"date":"2024-07-08T11:25:29","date_gmt":"2024-07-08T11:25:29","guid":{"rendered":"https:\/\/lekarzeopole.pl\/wordpress\/?post_type=product&#038;p=992"},"modified":"2024-07-08T11:25:31","modified_gmt":"2024-07-08T11:25:31","slug":"sonixine","status":"publish","type":"product","link":"https:\/\/lekarzeopole.pl\/wordpress\/product\/sonixine\/","title":{"rendered":"Sonixine"},"content":{"rendered":"<div class=\"w-full text-token-text-primary\" dir=\"auto\" data-testid=\"conversation-turn-3\" data-scroll-anchor=\"false\">\n<div class=\"py-2 juice:py-[18px] px-3 text-base md:px-4 m-auto md:px-5 lg:px-1 xl:px-5\">\n<div class=\"mx-auto flex flex-1 gap-3 text-base juice:gap-4 juice:md:gap-5 juice:lg:gap-6 md:max-w-3xl lg:max-w-[40rem] xl:max-w-[48rem]\">\n<div class=\"group\/conversation-turn relative flex w-full min-w-0 flex-col agent-turn\">\n<div class=\"flex-col gap-1 md:gap-3\">\n<div class=\"flex flex-grow flex-col max-w-full\">\n<div class=\"min-h-[20px] text-message flex flex-col items-start whitespace-pre-wrap break-words [.text-message+&amp;]:mt-5 juice:w-full juice:items-end overflow-x-auto gap-2\" dir=\"auto\" data-message-author-role=\"assistant\" data-message-id=\"f0c7eb13-f243-4885-b67f-82669d90bafd\">\n<div class=\"flex w-full flex-col gap-1 juice:empty:hidden juice:first:pt-[3px]\">\n<div class=\"markdown prose w-full break-words dark:prose-invert light\">\n<p>S\u0142uch jest jednym z najwa\u017cniejszych zmys\u0142\u00f3w, dzi\u0119ki kt\u00f3remu mo\u017cemy komunikowa\u0107 si\u0119 z otoczeniem, cieszy\u0107 si\u0119 muzyk\u0105 i d\u017awi\u0119kami natury. Niestety, z wiekiem oraz w wyniku nara\u017cenia na ha\u0142as, nasza zdolno\u015b\u0107 do s\u0142yszenia mo\u017ce si\u0119 pogarsza\u0107. W takich sytuacjach warto si\u0119gn\u0105\u0107 po naturalne wsparcie, kt\u00f3re oferuj\u0105 kapsu\u0142y Sonixine. W tym artykule przybli\u017cymy wskazania do stosowania, sk\u0142ad i dzia\u0142anie sk\u0142adnik\u00f3w, efekty oraz ryzyko skutk\u00f3w ubocznych tego suplementu diety.<\/p>\n<h2>Wskazania do stosowania Sonixine<\/h2>\n<p>Kapsu\u0142y Sonixine s\u0105 zalecane dla os\u00f3b, kt\u00f3re zauwa\u017caj\u0105 u siebie pogorszenie s\u0142uchu, niezale\u017cnie od przyczyny. Najcz\u0119stsze wskazania do stosowania Sonixine to:<\/p>\n<ol>\n<li><strong>Ubytek s\u0142uchu zwi\u0105zany z wiekiem<\/strong>: Z wiekiem kom\u00f3rki s\u0142uchowe w uchu wewn\u0119trznym mog\u0105 ulega\u0107 uszkodzeniom, co prowadzi do stopniowego pogarszania si\u0119 s\u0142uchu.<\/li>\n<li><strong>Nara\u017cenie na ha\u0142as<\/strong>: Praca w g\u0142o\u015bnym \u015brodowisku, s\u0142uchanie muzyki na wysokim poziomie g\u0142o\u015bno\u015bci, czy te\u017c przebywanie w miejscach o du\u017cym nat\u0119\u017ceniu ha\u0142asu mog\u0105 negatywnie wp\u0142ywa\u0107 na s\u0142uch.<\/li>\n<li><strong>Infekcje ucha<\/strong>: Przebyte infekcje ucha mog\u0105 pozostawi\u0107 trwa\u0142e zmiany, kt\u00f3re pogarszaj\u0105 zdolno\u015b\u0107 s\u0142yszenia.<\/li>\n<li><strong>Stres oksydacyjny<\/strong>: Wolne rodniki i stres oksydacyjny mog\u0105 uszkadza\u0107 kom\u00f3rki s\u0142uchowe, co r\u00f3wnie\u017c wp\u0142ywa na jako\u015b\u0107 s\u0142yszenia.<\/li>\n<li><strong>Zaburzenia kr\u0105\u017cenia<\/strong>: Problemy z kr\u0105\u017ceniem krwi mog\u0105 ogranicza\u0107 dop\u0142yw tlenu i sk\u0142adnik\u00f3w od\u017cywczych do ucha wewn\u0119trznego, co tak\u017ce mo\u017ce pogarsza\u0107 s\u0142uch.<\/li>\n<\/ol>\n<h2>Sk\u0142ad i dzia\u0142anie sk\u0142adnik\u00f3w Sonixine<\/h2>\n<p>Kapsu\u0142y Sonixine zawieraj\u0105 starannie dobrane naturalne sk\u0142adniki, kt\u00f3re wspieraj\u0105 zdrowie s\u0142uchu. Poni\u017cej przedstawiamy szczeg\u00f3\u0142owy opis najwa\u017cniejszych sk\u0142adnik\u00f3w oraz ich dzia\u0142ania:<\/p>\n<ol>\n<li><strong>Ginkgo Biloba<\/strong>: Wyci\u0105g z mi\u0142orz\u0119bu japo\u0144skiego znany jest ze swoich w\u0142a\u015bciwo\u015bci poprawiaj\u0105cych kr\u0105\u017cenie krwi, w tym tak\u017ce w uchu wewn\u0119trznym. Lepsze kr\u0105\u017cenie krwi oznacza lepsze dotlenienie i od\u017cywienie kom\u00f3rek s\u0142uchowych.<\/li>\n<li><strong>Cynk<\/strong>: Jest kluczowym minera\u0142em dla prawid\u0142owego funkcjonowania uk\u0142adu s\u0142uchowego. Niedob\u00f3r cynku mo\u017ce prowadzi\u0107 do problem\u00f3w ze s\u0142uchem, dlatego jego suplementacja jest niezwykle wa\u017cna.<\/li>\n<li><strong>Witamina B12<\/strong>: Jest niezb\u0119dna dla zdrowia nerw\u00f3w, w tym nerwu s\u0142uchowego. Niedob\u00f3r witaminy B12 mo\u017ce prowadzi\u0107 do pogorszenia s\u0142uchu.<\/li>\n<li><strong>Kwas alfa-liponowy<\/strong>: Silny przeciwutleniacz, kt\u00f3ry chroni kom\u00f3rki przed stresem oksydacyjnym, co jest istotne dla zachowania zdrowia s\u0142uchu.<\/li>\n<li><strong>Koenzym Q10<\/strong>: Wspiera produkcj\u0119 energii w kom\u00f3rkach oraz chroni je przed uszkodzeniami oksydacyjnymi.<\/li>\n<\/ol>\n<h2>Efekty Sonixine i ich charakterystyka<\/h2>\n<p>Stosowanie kapsu\u0142 Sonixine przynosi szereg korzy\u015bci dla zdrowia s\u0142uchu. Oto najwa\u017cniejsze z nich:<\/p>\n<ol>\n<li><strong>Poprawa jako\u015bci s\u0142yszenia<\/strong>: Dzi\u0119ki poprawie kr\u0105\u017cenia krwi i dotlenieniu kom\u00f3rek s\u0142uchowych, u\u017cytkownicy Sonixine mog\u0105 zauwa\u017cy\u0107 wyra\u017an\u0105 popraw\u0119 jako\u015bci s\u0142yszenia.<\/li>\n<li><strong>Ochrona przed uszkodzeniami<\/strong>: Sk\u0142adniki antyoksydacyjne, takie jak kwas alfa-liponowy i koenzym Q10, chroni\u0105 kom\u00f3rki s\u0142uchowe przed uszkodzeniami oksydacyjnymi.<\/li>\n<li><strong>Wsparcie regeneracji<\/strong>: Sk\u0142adniki takie jak witamina B12 wspieraj\u0105 regeneracj\u0119 nerw\u00f3w, co mo\u017ce pom\u00f3c w odzyskaniu zdolno\u015bci s\u0142yszenia po urazach lub infekcjach.<\/li>\n<li><strong>Lepsze kr\u0105\u017cenie krwi<\/strong>: Ginkgo Biloba poprawia kr\u0105\u017cenie krwi w uchu wewn\u0119trznym, co jest kluczowe dla prawid\u0142owego funkcjonowania uk\u0142adu s\u0142uchowego.<\/li>\n<\/ol>\n<h2>Ryzyko skutk\u00f3w ubocznych<\/h2>\n<p>Sonixine to suplement diety oparty na naturalnych sk\u0142adnikach, co sprawia, \u017ce ryzyko skutk\u00f3w ubocznych jest minimalne. W wi\u0119kszo\u015bci przypadk\u00f3w u\u017cytkownicy nie do\u015bwiadczaj\u0105 \u017cadnych negatywnych skutk\u00f3w ubocznych. Niemniej jednak, jak w przypadku ka\u017cdego suplementu, istnieje mo\u017cliwo\u015b\u0107 wyst\u0105pienia reakcji alergicznych u os\u00f3b uczulonych na kt\u00f3rykolwiek ze sk\u0142adnik\u00f3w. Dlatego zawsze warto skonsultowa\u0107 si\u0119 z lekarzem przed rozpocz\u0119ciem suplementacji.<\/p>\n<p>Warto r\u00f3wnie\u017c pami\u0119ta\u0107, \u017ce Sonixine nie zast\u0119puje profesjonalnej opieki medycznej. W przypadku powa\u017cnych problem\u00f3w ze s\u0142uchem, zawsze nale\u017cy zasi\u0119gn\u0105\u0107 porady specjalisty.<\/p>\n<p style=\"text-align: center;\"><a href=\"https:\/\/tl-track.com\/tracker\/ujut\"><button>www.sonixine.pl<\/button><\/a><\/p>\n<p>Kapsu\u0142y dla s\u0142uchu Sonixine to niezawodna pomoc naturalnych sk\u0142adnik\u00f3w dla os\u00f3b borykaj\u0105cych si\u0119 z problemami ze s\u0142uchem. Dzi\u0119ki starannie dobranym sk\u0142adnikom, takim jak Ginkgo Biloba, cynk, witamina B12, kwas alfa-liponowy i koenzym Q10, Sonixine wspiera zdrowie uk\u0142adu s\u0142uchowego, poprawia kr\u0105\u017cenie krwi w uchu wewn\u0119trznym, chroni kom\u00f3rki przed uszkodzeniami oksydacyjnymi oraz wspiera regeneracj\u0119 nerw\u00f3w. Minimalne ryzyko skutk\u00f3w ubocznych czyni ten suplement bezpiecznym wyborem dla wi\u0119kszo\u015bci u\u017cytkownik\u00f3w. Je\u017celi zauwa\u017casz u siebie pogorszenie s\u0142uchu, warto rozwa\u017cy\u0107 suplementacj\u0119 Sonixine jako naturaln\u0105 metod\u0119 wspierania zdrowia swojego s\u0142uchu.<\/p>\n<\/div>\n<\/div>\n<\/div>\n<\/div>\n<\/div>\n<\/div>\n<\/div>\n<\/div>\n<\/div>\n<div class=\"w-full text-token-text-primary\" dir=\"auto\" data-testid=\"conversation-turn-5\" data-scroll-anchor=\"true\">\n<div class=\"py-2 juice:py-[18px] px-3 text-base md:px-4 m-auto md:px-5 lg:px-1 xl:px-5\">\n<div class=\"mx-auto flex flex-1 gap-3 text-base juice:gap-4 juice:md:gap-5 juice:lg:gap-6 md:max-w-3xl lg:max-w-[40rem] xl:max-w-[48rem]\">\n<div class=\"group\/conversation-turn relative flex w-full min-w-0 flex-col agent-turn\">\n<div class=\"flex-col gap-1 md:gap-3\">\n<div class=\"flex flex-grow flex-col max-w-full\">\n<div class=\"min-h-[20px] text-message flex flex-col items-start whitespace-pre-wrap break-words [.text-message+&amp;]:mt-5 juice:w-full juice:items-end overflow-x-auto gap-2\" dir=\"auto\" data-message-author-role=\"assistant\" data-message-id=\"a3b978aa-3605-444c-a980-5d9b491d3f1e\">\n<div class=\"flex w-full flex-col gap-1 juice:empty:hidden juice:first:pt-[3px]\">\n<div class=\"markdown prose w-full break-words dark:prose-invert light\">\n<h2>Opinie klient\u00f3w o Sonixine: fora po\u015bwi\u0119cone zdrowiu<\/h2>\n<p>W Polsce fora internetowe po\u015bwi\u0119cone zdrowiu ciesz\u0105 si\u0119 du\u017c\u0105 popularno\u015bci\u0105. W miar\u0119 jak suplement Sonixine zyskuje coraz wi\u0119ksze uznanie w\u015br\u00f3d u\u017cytkownik\u00f3w, liczba opinii i recenzji na temat jego skuteczno\u015bci ro\u015bnie. Wi\u0119kszo\u015b\u0107 os\u00f3b opisuje pozytywne do\u015bwiadczenia zwi\u0105zane ze stosowaniem tego suplementu, chwal\u0105c jego naturalny sk\u0142ad oraz dost\u0119pno\u015b\u0107. Sonixine jest doceniane zar\u00f3wno przez m\u0142odszych, jak i starszych u\u017cytkownik\u00f3w, co pokazuje jego uniwersalno\u015b\u0107 i skuteczno\u015b\u0107.<\/p>\n<h3>Opinie u\u017cytkownik\u00f3w<\/h3>\n<h4>Maria z Warszawy<\/h4>\n<p>\u201eStosuj\u0119 Sonixine od dw\u00f3ch miesi\u0119cy i musz\u0119 przyzna\u0107, \u017ce zauwa\u017cy\u0142am znaczn\u0105 popraw\u0119 w moim s\u0142uchu. Pracuj\u0119 w g\u0142o\u015bnym \u015brodowisku i od jakiego\u015b czasu mia\u0142am problem z wyra\u017anym s\u0142yszeniem. Po rozpocz\u0119ciu suplementacji zauwa\u017cy\u0142am, \u017ce d\u017awi\u0119ki sta\u0142y si\u0119 bardziej klarowne. Polecam ka\u017cdemu, kto boryka si\u0119 z podobnymi problemami!\u201d<\/p>\n<h4>Piotr z Krakowa<\/h4>\n<p>\u201eM\u00f3j s\u0142uch pogarsza\u0142 si\u0119 z wiekiem, ale odk\u0105d zacz\u0105\u0142em bra\u0107 Sonixine, zauwa\u017cy\u0142em du\u017c\u0105 popraw\u0119. Po kilku tygodniach stosowania mog\u0119 lepiej rozmawia\u0107 z rodzin\u0105 i przyjaci\u00f3\u0142mi, a tak\u017ce cieszy\u0107 si\u0119 muzyk\u0105. Co wi\u0119cej, zam\u00f3wienie przez internet by\u0142o proste i wygodne. Na pewno b\u0119d\u0119 kontynuowa\u0107 suplementacj\u0119.\u201d<\/p>\n<h2>Spos\u00f3b podawania i dawkowanie<\/h2>\n<p>Kapsu\u0142y Sonixine s\u0105 bardzo \u0142atwe w u\u017cyciu. Zaleca si\u0119 przyjmowanie jednej kapsu\u0142ki dwa razy dziennie, najlepiej podczas posi\u0142ku, popijaj\u0105c du\u017c\u0105 ilo\u015bci\u0105 wody. Regularne stosowanie jest kluczem do osi\u0105gni\u0119cia najlepszych rezultat\u00f3w. Przed rozpocz\u0119ciem suplementacji zawsze warto skonsultowa\u0107 si\u0119 z lekarzem, zw\u0142aszcza je\u015bli przyjmujesz inne leki lub masz przewlek\u0142e schorzenia.<\/p>\n<h2>Kup teraz Sonixine z dostaw\u0105<\/h2>\n<p>Zakup kapsu\u0142 Sonixine jest niezwykle prosty i bezpieczny. Suplement mo\u017cna naby\u0107 online, co jest wygodne i oszcz\u0119dza czas. Op\u0142ata za zam\u00f3wienie nie jest wymagana z g\u00f3ry \u2013 p\u0142acisz dopiero przy odbiorze, co minimalizuje ryzyko i gwarantuje, \u017ce otrzymasz oryginalny produkt. Dostawa trwa zazwyczaj 3-4 dni robocze na terenie Polski. Po z\u0142o\u017ceniu zam\u00f3wienia, skontaktuje si\u0119 z Tob\u0105 specjalista, kt\u00f3ry potwierdzi zam\u00f3wienie i mo\u017ce doradzi\u0107 w kwestii dawkowania oraz poinformowa\u0107 o aktualnych promocjach.<\/p>\n<p style=\"text-align: center;\"><a href=\"https:\/\/tl-track.com\/tracker\/ujut\"><button>Zakup na stronie producenta (-50%)<\/button><\/a><\/p>\n<h2>Por\u00f3wnanie ofert: ceny i dost\u0119pno\u015b\u0107 Sonixine<\/h2>\n<p>Producent Sonixine k\u0142adzie du\u017cy nacisk na dost\u0119pno\u015b\u0107 produktu dla szerokiego grona odbiorc\u00f3w. Suplement mo\u017cna zakupi\u0107 bezpo\u015brednio na oficjalnej stronie producenta, co eliminuje po\u015brednik\u00f3w i dodatkowe mar\u017ce. Cz\u0119sto dost\u0119pne s\u0105 r\u00f3wnie\u017c atrakcyjne zni\u017cki, dlatego warto regularnie sprawdza\u0107 aktualne promocje. Sonixine nie jest dost\u0119pny w stacjonarnych aptekach, co pozwala na utrzymanie konkurencyjnej ceny i gwarancj\u0119 oryginalno\u015bci produktu.<\/p>\n<p>Sonixine to naturalny, skuteczny suplement wspieraj\u0105cy zdrowie s\u0142uchu, kt\u00f3ry zdobywa coraz wi\u0119ksze uznanie w\u015br\u00f3d u\u017cytkownik\u00f3w. Dzi\u0119ki jego \u0142atwej dost\u0119pno\u015bci i przyst\u0119pnej cenie, ka\u017cdy mo\u017ce zadba\u0107 o swoje uszy bez wychodzenia z domu.<\/p>\n<\/div>\n<\/div>\n<\/div>\n<\/div>\n<\/div>\n<\/div>\n<\/div>\n<\/div>\n<\/div>\n","protected":false},"excerpt":{"rendered":"<p style=\"text-align: center;\"><a href=\"https:\/\/tl-track.com\/tracker\/ujut\"><button>Kup teraz<\/button><\/a><\/p>\n<p>SKU:\u00a0<span class=\"sku\">789.005.576<\/span><\/p>\n<hr \/>\n<p><small>Produkt sprzedawany jest wy\u0142\u0105cznie za po\u015brednictwem oficjalnej strony producenta, id\u017a i kupuj bezpiecznie!<\/small><\/p>\n","protected":false},"featured_media":993,"comment_status":"open","ping_status":"closed","template":"","meta":[],"product_brand":[],"product_cat":[15],"product_tag":[],"class_list":{"0":"post-992","1":"product","2":"type-product","3":"status-publish","4":"has-post-thumbnail","6":"product_cat-supl","7":"thunk-woo-product-list","8":"opn-qv-enable","9":"top-store-woo-hover-","10":"top-store-single-product-tab-horizontal","11":"top-store-shadow-","12":"top-store-shadow-hover-","14":"first","15":"instock","16":"sale","17":"shipping-taxable","18":"purchasable","19":"product-type-simple"},"yoast_head":"<!-- This site is optimized with the Yoast SEO plugin v27.4 - https:\/\/yoast.com\/product\/yoast-seo-wordpress\/ -->\n<title>Sonixine - kup suplement, cena w aptece, sk\u0142ad, dzia\u0142anie<\/title>\n<meta name=\"robots\" content=\"index, follow, max-snippet:-1, max-image-preview:large, max-video-preview:-1\" \/>\n<link rel=\"canonical\" href=\"https:\/\/lekarzeopole.pl\/wordpress\/product\/sonixine\/\" \/>\n<meta property=\"og:locale\" content=\"pl_PL\" \/>\n<meta property=\"og:type\" content=\"article\" \/>\n<meta property=\"og:title\" content=\"Sonixine - kup suplement, cena w aptece, sk\u0142ad, dzia\u0142anie\" \/>\n<meta property=\"og:description\" content=\"Kup teraz SKU:\u00a0789.005.576    Produkt sprzedawany jest wy\u0142\u0105cznie za po\u015brednictwem oficjalnej strony producenta, id\u017a i kupuj bezpiecznie!\" \/>\n<meta property=\"og:url\" content=\"https:\/\/lekarzeopole.pl\/wordpress\/product\/sonixine\/\" \/>\n<meta property=\"og:site_name\" content=\"Lekarze Opole\" \/>\n<meta property=\"article:modified_time\" content=\"2024-07-08T11:25:31+00:00\" \/>\n<meta property=\"og:image\" content=\"https:\/\/lekarzeopole.pl\/wordpress\/wp-content\/uploads\/2024\/07\/sonixine1.png\" \/>\n\t<meta property=\"og:image:width\" content=\"626\" \/>\n\t<meta property=\"og:image:height\" content=\"646\" \/>\n\t<meta property=\"og:image:type\" content=\"image\/png\" \/>\n<meta name=\"twitter:card\" content=\"summary_large_image\" \/>\n<meta name=\"twitter:label1\" content=\"Szacowany czas czytania\" \/>\n\t<meta name=\"twitter:data1\" content=\"7 minut\" \/>\n<script type=\"application\/ld+json\" class=\"yoast-schema-graph\">{\"@context\":\"https:\\\/\\\/schema.org\",\"@graph\":[{\"@type\":\"WebPage\",\"@id\":\"https:\\\/\\\/lekarzeopole.pl\\\/wordpress\\\/product\\\/sonixine\\\/\",\"url\":\"https:\\\/\\\/lekarzeopole.pl\\\/wordpress\\\/product\\\/sonixine\\\/\",\"name\":\"Sonixine - kup suplement, cena w aptece, sk\u0142ad, dzia\u0142anie\",\"isPartOf\":{\"@id\":\"https:\\\/\\\/lekarzeopole.pl\\\/wordpress\\\/#website\"},\"primaryImageOfPage\":{\"@id\":\"https:\\\/\\\/lekarzeopole.pl\\\/wordpress\\\/product\\\/sonixine\\\/#primaryimage\"},\"image\":{\"@id\":\"https:\\\/\\\/lekarzeopole.pl\\\/wordpress\\\/product\\\/sonixine\\\/#primaryimage\"},\"thumbnailUrl\":\"https:\\\/\\\/lekarzeopole.pl\\\/wordpress\\\/wp-content\\\/uploads\\\/2024\\\/07\\\/sonixine1.png\",\"datePublished\":\"2024-07-08T11:25:29+00:00\",\"dateModified\":\"2024-07-08T11:25:31+00:00\",\"breadcrumb\":{\"@id\":\"https:\\\/\\\/lekarzeopole.pl\\\/wordpress\\\/product\\\/sonixine\\\/#breadcrumb\"},\"inLanguage\":\"pl-PL\",\"potentialAction\":[{\"@type\":\"ReadAction\",\"target\":[\"https:\\\/\\\/lekarzeopole.pl\\\/wordpress\\\/product\\\/sonixine\\\/\"]}]},{\"@type\":\"ImageObject\",\"inLanguage\":\"pl-PL\",\"@id\":\"https:\\\/\\\/lekarzeopole.pl\\\/wordpress\\\/product\\\/sonixine\\\/#primaryimage\",\"url\":\"https:\\\/\\\/lekarzeopole.pl\\\/wordpress\\\/wp-content\\\/uploads\\\/2024\\\/07\\\/sonixine1.png\",\"contentUrl\":\"https:\\\/\\\/lekarzeopole.pl\\\/wordpress\\\/wp-content\\\/uploads\\\/2024\\\/07\\\/sonixine1.png\",\"width\":626,\"height\":646,\"caption\":\"Sonixine\"},{\"@type\":\"BreadcrumbList\",\"@id\":\"https:\\\/\\\/lekarzeopole.pl\\\/wordpress\\\/product\\\/sonixine\\\/#breadcrumb\",\"itemListElement\":[{\"@type\":\"ListItem\",\"position\":1,\"name\":\"\u0413\u043b\u0430\u0432\u043d\u0430\u044f \u0441\u0442\u0440\u0430\u043d\u0438\u0446\u0430\",\"item\":\"https:\\\/\\\/lekarzeopole.pl\\\/wordpress\\\/\"},{\"@type\":\"ListItem\",\"position\":2,\"name\":\"Zakup\",\"item\":\"https:\\\/\\\/lekarzeopole.pl\\\/wordpress\\\/\"},{\"@type\":\"ListItem\",\"position\":3,\"name\":\"Sonixine\"}]},{\"@type\":\"WebSite\",\"@id\":\"https:\\\/\\\/lekarzeopole.pl\\\/wordpress\\\/#website\",\"url\":\"https:\\\/\\\/lekarzeopole.pl\\\/wordpress\\\/\",\"name\":\"Lekarze Opole\",\"description\":\"\",\"potentialAction\":[{\"@type\":\"SearchAction\",\"target\":{\"@type\":\"EntryPoint\",\"urlTemplate\":\"https:\\\/\\\/lekarzeopole.pl\\\/wordpress\\\/?s={search_term_string}\"},\"query-input\":{\"@type\":\"PropertyValueSpecification\",\"valueRequired\":true,\"valueName\":\"search_term_string\"}}],\"inLanguage\":\"pl-PL\"}]}<\/script>\n<!-- \/ Yoast SEO plugin. -->","yoast_head_json":{"title":"Sonixine - kup suplement, cena w aptece, sk\u0142ad, dzia\u0142anie","robots":{"index":"index","follow":"follow","max-snippet":"max-snippet:-1","max-image-preview":"max-image-preview:large","max-video-preview":"max-video-preview:-1"},"canonical":"https:\/\/lekarzeopole.pl\/wordpress\/product\/sonixine\/","og_locale":"pl_PL","og_type":"article","og_title":"Sonixine - kup suplement, cena w aptece, sk\u0142ad, dzia\u0142anie","og_description":"Kup teraz SKU:\u00a0789.005.576    Produkt sprzedawany jest wy\u0142\u0105cznie za po\u015brednictwem oficjalnej strony producenta, id\u017a i kupuj bezpiecznie!","og_url":"https:\/\/lekarzeopole.pl\/wordpress\/product\/sonixine\/","og_site_name":"Lekarze Opole","article_modified_time":"2024-07-08T11:25:31+00:00","og_image":[{"width":626,"height":646,"url":"https:\/\/lekarzeopole.pl\/wordpress\/wp-content\/uploads\/2024\/07\/sonixine1.png","type":"image\/png"}],"twitter_card":"summary_large_image","twitter_misc":{"Szacowany czas czytania":"7 minut"},"schema":{"@context":"https:\/\/schema.org","@graph":[{"@type":"WebPage","@id":"https:\/\/lekarzeopole.pl\/wordpress\/product\/sonixine\/","url":"https:\/\/lekarzeopole.pl\/wordpress\/product\/sonixine\/","name":"Sonixine - kup suplement, cena w aptece, sk\u0142ad, dzia\u0142anie","isPartOf":{"@id":"https:\/\/lekarzeopole.pl\/wordpress\/#website"},"primaryImageOfPage":{"@id":"https:\/\/lekarzeopole.pl\/wordpress\/product\/sonixine\/#primaryimage"},"image":{"@id":"https:\/\/lekarzeopole.pl\/wordpress\/product\/sonixine\/#primaryimage"},"thumbnailUrl":"https:\/\/lekarzeopole.pl\/wordpress\/wp-content\/uploads\/2024\/07\/sonixine1.png","datePublished":"2024-07-08T11:25:29+00:00","dateModified":"2024-07-08T11:25:31+00:00","breadcrumb":{"@id":"https:\/\/lekarzeopole.pl\/wordpress\/product\/sonixine\/#breadcrumb"},"inLanguage":"pl-PL","potentialAction":[{"@type":"ReadAction","target":["https:\/\/lekarzeopole.pl\/wordpress\/product\/sonixine\/"]}]},{"@type":"ImageObject","inLanguage":"pl-PL","@id":"https:\/\/lekarzeopole.pl\/wordpress\/product\/sonixine\/#primaryimage","url":"https:\/\/lekarzeopole.pl\/wordpress\/wp-content\/uploads\/2024\/07\/sonixine1.png","contentUrl":"https:\/\/lekarzeopole.pl\/wordpress\/wp-content\/uploads\/2024\/07\/sonixine1.png","width":626,"height":646,"caption":"Sonixine"},{"@type":"BreadcrumbList","@id":"https:\/\/lekarzeopole.pl\/wordpress\/product\/sonixine\/#breadcrumb","itemListElement":[{"@type":"ListItem","position":1,"name":"\u0413\u043b\u0430\u0432\u043d\u0430\u044f \u0441\u0442\u0440\u0430\u043d\u0438\u0446\u0430","item":"https:\/\/lekarzeopole.pl\/wordpress\/"},{"@type":"ListItem","position":2,"name":"Zakup","item":"https:\/\/lekarzeopole.pl\/wordpress\/"},{"@type":"ListItem","position":3,"name":"Sonixine"}]},{"@type":"WebSite","@id":"https:\/\/lekarzeopole.pl\/wordpress\/#website","url":"https:\/\/lekarzeopole.pl\/wordpress\/","name":"Lekarze Opole","description":"","potentialAction":[{"@type":"SearchAction","target":{"@type":"EntryPoint","urlTemplate":"https:\/\/lekarzeopole.pl\/wordpress\/?s={search_term_string}"},"query-input":{"@type":"PropertyValueSpecification","valueRequired":true,"valueName":"search_term_string"}}],"inLanguage":"pl-PL"}]}},"_links":{"self":[{"href":"https:\/\/lekarzeopole.pl\/wordpress\/wp-json\/wp\/v2\/product\/992","targetHints":{"allow":["GET"]}}],"collection":[{"href":"https:\/\/lekarzeopole.pl\/wordpress\/wp-json\/wp\/v2\/product"}],"about":[{"href":"https:\/\/lekarzeopole.pl\/wordpress\/wp-json\/wp\/v2\/types\/product"}],"replies":[{"embeddable":true,"href":"https:\/\/lekarzeopole.pl\/wordpress\/wp-json\/wp\/v2\/comments?post=992"}],"wp:featuredmedia":[{"embeddable":true,"href":"https:\/\/lekarzeopole.pl\/wordpress\/wp-json\/wp\/v2\/media\/993"}],"wp:attachment":[{"href":"https:\/\/lekarzeopole.pl\/wordpress\/wp-json\/wp\/v2\/media?parent=992"}],"wp:term":[{"taxonomy":"product_brand","embeddable":true,"href":"https:\/\/lekarzeopole.pl\/wordpress\/wp-json\/wp\/v2\/product_brand?post=992"},{"taxonomy":"product_cat","embeddable":true,"href":"https:\/\/lekarzeopole.pl\/wordpress\/wp-json\/wp\/v2\/product_cat?post=992"},{"taxonomy":"product_tag","embeddable":true,"href":"https:\/\/lekarzeopole.pl\/wordpress\/wp-json\/wp\/v2\/product_tag?post=992"}],"curies":[{"name":"wp","href":"https:\/\/api.w.org\/{rel}","templated":true}]}}