{"id":936,"date":"2024-07-08T09:34:16","date_gmt":"2024-07-08T09:34:16","guid":{"rendered":"https:\/\/lekarzeopole.pl\/wordpress\/?post_type=product&#038;p=936"},"modified":"2024-10-24T18:37:01","modified_gmt":"2024-10-24T18:37:01","slug":"arthrolon","status":"publish","type":"product","link":"https:\/\/lekarzeopole.pl\/wordpress\/product\/arthrolon\/","title":{"rendered":"Arthrolon"},"content":{"rendered":"<div class=\"w-full text-token-text-primary\" dir=\"auto\" data-testid=\"conversation-turn-3\" data-scroll-anchor=\"false\">\n<div class=\"py-2 juice:py-[18px] px-3 text-base md:px-4 m-auto md:px-5 lg:px-1 xl:px-5\">\n<div class=\"mx-auto flex flex-1 gap-3 text-base juice:gap-4 juice:md:gap-5 juice:lg:gap-6 md:max-w-3xl lg:max-w-[40rem] xl:max-w-[48rem]\">\n<div class=\"group\/conversation-turn relative flex w-full min-w-0 flex-col agent-turn\">\n<div class=\"flex-col gap-1 md:gap-3\">\n<div class=\"flex flex-grow flex-col max-w-full\">\n<div class=\"min-h-[20px] text-message flex flex-col items-start whitespace-pre-wrap break-words [.text-message+&amp;]:mt-5 juice:w-full juice:items-end overflow-x-auto gap-2\" dir=\"auto\" data-message-author-role=\"assistant\" data-message-id=\"77cce8c3-493b-4400-8258-695f68902469\">\n<div class=\"flex w-full flex-col gap-1 juice:empty:hidden juice:first:pt-[3px]\">\n<div class=\"markdown prose w-full break-words dark:prose-invert light\">\n<p>B\u00f3l staw\u00f3w jest problemem, kt\u00f3ry dotyka miliony ludzi na ca\u0142ym \u015bwiecie. Wiele os\u00f3b poszukuje skutecznych metod leczenia, kt\u00f3re mog\u0105 z\u0142agodzi\u0107 ich dolegliwo\u015bci bez konieczno\u015bci stosowania silnych lek\u00f3w o potencjalnie niebezpiecznych skutkach ubocznych. Arthrolon to krem na bazie naturalnych sk\u0142adnik\u00f3w, kt\u00f3ry obiecuje ul\u017cy\u0107 w b\u00f3lu staw\u00f3w i poprawi\u0107 jako\u015b\u0107 \u017cycia pacjent\u00f3w. W tej artykule przyjrzymy si\u0119 dok\u0142adniej temu produktowi, jego sk\u0142adnikom, dzia\u0142aniu oraz efektywno\u015bci.<\/p>\n<h2>Wskazania do stosowania Arthrolon<\/h2>\n<p>Arthrolon jest przeznaczony dla os\u00f3b borykaj\u0105cych si\u0119 z r\u00f3\u017cnymi problemami staw\u00f3w. Do najcz\u0119stszych wskaza\u0144 do stosowania tego kremu nale\u017c\u0105:<\/p>\n<ul>\n<li><strong>Choroba zwyrodnieniowa staw\u00f3w (artroza)<\/strong>: Arthrolon pomaga zmniejszy\u0107 b\u00f3l i sztywno\u015b\u0107 staw\u00f3w, co jest szczeg\u00f3lnie korzystne dla os\u00f3b z artroz\u0105.<\/li>\n<li><strong>Reumatoidalne zapalenie staw\u00f3w<\/strong>: Produkt mo\u017ce \u0142agodzi\u0107 objawy zwi\u0105zane z reumatoidalnym zapaleniem staw\u00f3w, takie jak b\u00f3l i obrz\u0119k.<\/li>\n<li><strong>Urazy staw\u00f3w<\/strong>: Arthrolon jest r\u00f3wnie\u017c skuteczny w leczeniu uraz\u00f3w staw\u00f3w, pomagaj\u0105c w szybszej regeneracji.<\/li>\n<li><strong>Zapalenie \u015bci\u0119gien i wi\u0119zade\u0142<\/strong>: Krem mo\u017ce przynie\u015b\u0107 ulg\u0119 osobom cierpi\u0105cym na zapalenie \u015bci\u0119gien i wi\u0119zade\u0142.<\/li>\n<li><strong>Zm\u0119czenie i przeci\u0105\u017cenie staw\u00f3w<\/strong>: Stosowanie Arthrolon mo\u017ce by\u0107 pomocne w przypadku przeci\u0105\u017cenia staw\u00f3w wynikaj\u0105cego z intensywnej aktywno\u015bci fizycznej.<\/li>\n<\/ul>\n<p style=\"text-align: center;\"><a href=\"https:\/\/tl-track.com\/tracker\/uFTK\"><button>www.arthrolon.pl<\/button><\/a><\/p>\n<h2>Sk\u0142ad i dzia\u0142anie sk\u0142adnik\u00f3w Arthrolon<\/h2>\n<p>Arthrolon zawiera szereg naturalnych sk\u0142adnik\u00f3w, kt\u00f3re wsp\u00f3lnie dzia\u0142aj\u0105 w celu \u0142agodzenia b\u00f3lu i poprawy funkcjonowania staw\u00f3w. Poni\u017cej przedstawiamy g\u0142\u00f3wne sk\u0142adniki i ich dzia\u0142anie:<\/p>\n<ul>\n<li><strong>Wyci\u0105g z \u017cywokostu lekarskiego<\/strong>: Znany ze swoich w\u0142a\u015bciwo\u015bci przeciwzapalnych i przeciwb\u00f3lowych, \u017cywokost pomaga w regeneracji tkanek oraz zmniejsza obrz\u0119ki.<\/li>\n<li><strong>Ekstrakt z kasztanowca<\/strong>: Kasztanowiec poprawia kr\u0105\u017cenie krwi i wzmacnia naczynia krwiono\u015bne, co jest kluczowe dla prawid\u0142owego funkcjonowania staw\u00f3w.<\/li>\n<li><strong>Olejek z eukaliptusa<\/strong>: Dzia\u0142a przeciwzapalnie i przeciwb\u00f3lowo, a tak\u017ce dzia\u0142a rozgrzewaj\u0105co, co przynosi ulg\u0119 w b\u00f3lu staw\u00f3w.<\/li>\n<li><strong>Mentol<\/strong>: Mentol zapewnia efekt ch\u0142odzenia, kt\u00f3ry pomaga w natychmiastowym \u0142agodzeniu b\u00f3lu.<\/li>\n<li><strong>Kapsaicyna<\/strong>: Znana ze swoich w\u0142a\u015bciwo\u015bci rozgrzewaj\u0105cych, kapsaicyna stymuluje przep\u0142yw krwi do obszar\u00f3w obj\u0119tych b\u00f3lem, co przyspiesza proces regeneracji.<\/li>\n<li><strong>Kamfora<\/strong>: Kamfora dzia\u0142a przeciwb\u00f3lowo i przeciwzapalnie, a tak\u017ce poprawia kr\u0105\u017cenie krwi.<\/li>\n<\/ul>\n<h2>Efekty Arthrolon i ich charakterystyka<\/h2>\n<p>Stosowanie kremu Arthrolon przynosi szereg korzy\u015bci, kt\u00f3re mog\u0105 znacz\u0105co poprawi\u0107 jako\u015b\u0107 \u017cycia pacjent\u00f3w cierpi\u0105cych na b\u00f3l staw\u00f3w. Oto g\u0142\u00f3wne efekty stosowania Arthrolon:<\/p>\n<ul>\n<li><strong>Redukcja b\u00f3lu<\/strong>: Dzi\u0119ki zawarto\u015bci naturalnych sk\u0142adnik\u00f3w o dzia\u0142aniu przeciwb\u00f3lowym, Arthrolon skutecznie \u0142agodzi b\u00f3l staw\u00f3w.<\/li>\n<li><strong>Zmniejszenie stanu zapalnego<\/strong>: Sk\u0142adniki takie jak \u017cywokost i olejek eukaliptusowy pomagaj\u0105 zmniejszy\u0107 stan zapalny, co jest kluczowe dla poprawy funkcjonowania staw\u00f3w.<\/li>\n<li><strong>Poprawa mobilno\u015bci<\/strong>: Regularne stosowanie Arthrolon mo\u017ce zwi\u0119kszy\u0107 zakres ruchu w stawach, co jest szczeg\u00f3lnie wa\u017cne dla os\u00f3b z artroz\u0105 czy reumatoidalnym zapaleniem staw\u00f3w.<\/li>\n<li><strong>Regeneracja tkanek<\/strong>: Wyci\u0105g z \u017cywokostu i kapsaicyna wspomagaj\u0105 proces regeneracji tkanek, przyspieszaj\u0105c gojenie si\u0119 uraz\u00f3w staw\u00f3w.<\/li>\n<li><strong>Efekt ch\u0142odzenia i rozgrzewania<\/strong>: Mentol i kapsaicyna zapewniaj\u0105 efekty ch\u0142odzenia i rozgrzewania, kt\u00f3re przynosz\u0105 natychmiastow\u0105 ulg\u0119 w b\u00f3lu i sztywno\u015bci staw\u00f3w.<\/li>\n<\/ul>\n<h2>Ryzyko skutk\u00f3w ubocznych<\/h2>\n<p>Jednym z najwa\u017cniejszych aspekt\u00f3w Arthrolon jest jego bezpiecze\u0144stwo stosowania. Poniewa\u017c krem opiera si\u0119 na naturalnych sk\u0142adnikach, ryzyko wyst\u0105pienia skutk\u00f3w ubocznych jest minimalne. Oczywi\u015bcie, jak w przypadku ka\u017cdego produktu, istnieje mo\u017cliwo\u015b\u0107 indywidualnej reakcji alergicznej na jeden z komponent\u00f3w. Dlatego przed rozpocz\u0119ciem stosowania Arthrolon zaleca si\u0119 przeprowadzenie testu na niewielkim obszarze sk\u00f3ry, aby upewni\u0107 si\u0119, \u017ce nie wyst\u0105pi\u0105 \u017cadne reakcje alergiczne.<\/p>\n<p>Arthrolon to krem dla staw\u00f3w, kt\u00f3ry dzi\u0119ki swojemu naturalnemu sk\u0142adowi i wielokierunkowemu dzia\u0142aniu, mo\u017ce przynie\u015b\u0107 ulg\u0119 osobom cierpi\u0105cym na r\u00f3\u017cne dolegliwo\u015bci staw\u00f3w. Jego sk\u0142adniki nie tylko \u0142agodz\u0105 b\u00f3l, ale tak\u017ce wspieraj\u0105 procesy regeneracyjne i zmniejszaj\u0105 stan zapalny, co przyczynia si\u0119 do poprawy funkcjonowania staw\u00f3w i jako\u015bci \u017cycia pacjent\u00f3w. Minimalne ryzyko skutk\u00f3w ubocznych sprawia, \u017ce Arthrolon jest bezpiecznym wyborem dla os\u00f3b szukaj\u0105cych naturalnych metod \u0142agodzenia b\u00f3lu staw\u00f3w.<\/p>\n<\/div>\n<\/div>\n<\/div>\n<\/div>\n<\/div>\n<\/div>\n<\/div>\n<\/div>\n<\/div>\n<div class=\"w-full text-token-text-primary\" dir=\"auto\" data-testid=\"conversation-turn-5\" data-scroll-anchor=\"true\">\n<div class=\"py-2 juice:py-[18px] px-3 text-base md:px-4 m-auto md:px-5 lg:px-1 xl:px-5\">\n<div class=\"mx-auto flex flex-1 gap-3 text-base juice:gap-4 juice:md:gap-5 juice:lg:gap-6 md:max-w-3xl lg:max-w-[40rem] xl:max-w-[48rem]\">\n<div class=\"group\/conversation-turn relative flex w-full min-w-0 flex-col agent-turn\">\n<div class=\"flex-col gap-1 md:gap-3\">\n<div class=\"flex flex-grow flex-col max-w-full\">\n<div class=\"min-h-[20px] text-message flex flex-col items-start whitespace-pre-wrap break-words [.text-message+&amp;]:mt-5 juice:w-full juice:items-end overflow-x-auto gap-2\" dir=\"auto\" data-message-author-role=\"assistant\" data-message-id=\"2c3b08db-41d9-47a5-a07e-fcb6b4b0c282\">\n<div class=\"flex w-full flex-col gap-1 juice:empty:hidden juice:first:pt-[3px]\">\n<div class=\"markdown prose w-full break-words dark:prose-invert light\">\n<h2>Opinie klient\u00f3w o Arthrolon: fora po\u015bwi\u0119cone zdrowiu<\/h2>\n<p>W Polsce fora internetowe po\u015bwi\u0119cone zdrowiu ciesz\u0105 si\u0119 du\u017c\u0105 popularno\u015bci\u0105, a dyskusje na temat skuteczno\u015bci r\u00f3\u017cnych produkt\u00f3w zdrowotnych przyci\u0105gaj\u0105 uwag\u0119 wielu u\u017cytkownik\u00f3w. Arthrolon, jako krem dla staw\u00f3w, zdobywa coraz wi\u0119ksze uznanie w\u015br\u00f3d klient\u00f3w, co przek\u0142ada si\u0119 na liczne recenzje i opinie na forach. Wi\u0119kszo\u015b\u0107 u\u017cytkownik\u00f3w opisuje pozytywne dzia\u0142anie tego preparatu, zwracaj\u0105c uwag\u0119 na jego skuteczno\u015b\u0107 i przyst\u0119pno\u015b\u0107 cenow\u0105.<\/p>\n<p><em><strong>Anna, 45 lat:<\/strong><\/em><\/p>\n<p><em>&#8222;Od lat borykam si\u0119 z b\u00f3lami staw\u00f3w, kt\u00f3re utrudniaj\u0105 mi codzienne funkcjonowanie. Pr\u00f3bowa\u0142am r\u00f3\u017cnych ma\u015bci i krem\u00f3w, ale dopiero Arthrolon przyni\u00f3s\u0142 mi realn\u0105 ulg\u0119. Ju\u017c po kilku dniach stosowania zauwa\u017cy\u0142am znaczn\u0105 popraw\u0119. Mog\u0119 go gor\u0105co poleci\u0107 ka\u017cdemu, kto zmaga si\u0119 z podobnymi dolegliwo\u015bciami.&#8221;<\/em><\/p>\n<p><em><strong>Marek, 52 lata:<\/strong><\/em><\/p>\n<p><em>&#8222;Pracuj\u0119 fizycznie, co cz\u0119sto obci\u0105\u017ca moje stawy. Znajomy poleci\u0142 mi Arthrolon i musz\u0119 przyzna\u0107, \u017ce to by\u0142a \u015bwietna decyzja. Krem szybko si\u0119 wch\u0142ania, nie pozostawia t\u0142ustych \u015blad\u00f3w i przede wszystkim dzia\u0142a. B\u00f3l staw\u00f3w znacznie si\u0119 zmniejszy\u0142, a ja mog\u0119 bez problemu kontynuowa\u0107 swoj\u0105 prac\u0119.&#8221;<\/em><\/p>\n<h2>Spos\u00f3b podawania i dawkowanie<\/h2>\n<p>Arthrolon jest prosty w u\u017cyciu i mo\u017ce by\u0107 stosowany w domowych warunkach. Aby osi\u0105gn\u0105\u0107 najlepsze efekty, nale\u017cy post\u0119powa\u0107 zgodnie z poni\u017cszymi krokami:<\/p>\n<ol>\n<li><strong>Oczyszczenie sk\u00f3ry<\/strong>: Przed na\u0142o\u017ceniem kremu, upewnij si\u0119, \u017ce sk\u00f3ra w miejscu aplikacji jest czysta i sucha.<\/li>\n<li><strong>Aplikacja kremu<\/strong>: Nanie\u015b niewielk\u0105 ilo\u015b\u0107 Arthrolon na d\u0142o\u0144, a nast\u0119pnie delikatnie wmasuj w obszar staw\u00f3w, kt\u00f3ry jest obj\u0119ty b\u00f3lem.<\/li>\n<li><strong>Regularno\u015b\u0107<\/strong>: Stosuj krem 2-3 razy dziennie, aby zapewni\u0107 ci\u0105g\u0142e dzia\u0142anie sk\u0142adnik\u00f3w aktywnych.<\/li>\n<\/ol>\n<h2>Kup teraz Arthrolon z dostaw\u0105<\/h2>\n<p>Zakup Arthrolon jest niezwykle \u0142atwy i wygodny dzi\u0119ki mo\u017cliwo\u015bci zam\u00f3wienia online. Proces zam\u00f3wienia nie wymaga wcze\u015bniejszej op\u0142aty \u2013 p\u0142atno\u015b\u0107 jest realizowana przy odbiorze, co gwarantuje, \u017ce klient otrzymuje oryginalny produkt bez ryzyka. Dostawa na terenie Polski trwa zazwyczaj 3-4 dni robocze. Po z\u0142o\u017ceniu zam\u00f3wienia, specjalista kontaktuje si\u0119 telefonicznie w celu potwierdzenia zam\u00f3wienia i mo\u017ce udzieli\u0107 dodatkowych informacji na temat ilo\u015bci oraz aktualnych ofert promocyjnych.<\/p>\n<p style=\"text-align: center;\"><a href=\"https:\/\/tl-track.com\/tracker\/uFTK\"><button>Zakup na stronie producenta (-50%)<\/button><\/a><\/p>\n<h2>Por\u00f3wnanie ofert: ceny i dost\u0119pno\u015b\u0107 Arthrolon<\/h2>\n<p>Producent Arthrolon stawia na dost\u0119pno\u015b\u0107 i przyst\u0119pno\u015b\u0107 cenow\u0105 dla swoich klient\u00f3w. Krem mo\u017cna naby\u0107 bezpo\u015brednio na oficjalnej stronie internetowej producenta, co eliminuje konieczno\u015b\u0107 korzystania z po\u015brednik\u00f3w oraz dodatkowych mar\u017c. Dodatkowo, regularnie pojawiaj\u0105 si\u0119 promocje i zni\u017cki, kt\u00f3re warto sprawdza\u0107 na bie\u017c\u0105co. Dzi\u0119ki temu, Arthrolon nie jest dost\u0119pny w stacjonarnych aptekach, co zapewnia jego oryginalno\u015b\u0107 i atrakcyjn\u0105 cen\u0119 dla ka\u017cdego klienta.<\/p>\n<p>Podsumowuj\u0105c, Arthrolon to skuteczny i bezpieczny krem dla staw\u00f3w, kt\u00f3ry zyskuje coraz wi\u0119ksz\u0105 popularno\u015b\u0107 w\u015br\u00f3d u\u017cytkownik\u00f3w. Naturalny sk\u0142ad, minimalne ryzyko skutk\u00f3w ubocznych oraz \u0142atwo\u015b\u0107 zakupu i stosowania czyni\u0105 go doskona\u0142ym wyborem dla os\u00f3b poszukuj\u0105cych ulgi w b\u00f3lu staw\u00f3w.<\/p>\n<\/div>\n<\/div>\n<\/div>\n<\/div>\n<\/div>\n<\/div>\n<\/div>\n<\/div>\n<\/div>\n","protected":false},"excerpt":{"rendered":"<p style=\"text-align: center;\"><a href=\"https:\/\/tl-track.com\/tracker\/uFTK\"><button>Kup teraz<\/button><\/a><\/p>\n<p>SKU:\u00a0<span class=\"sku\">789.005.564<\/span><\/p>\n<hr \/>\n<p><small>Produkt sprzedawany jest wy\u0142\u0105cznie za po\u015brednictwem oficjalnej strony producenta, id\u017a i kupuj bezpiecznie!<\/small><\/p>\n","protected":false},"featured_media":937,"comment_status":"open","ping_status":"closed","template":"","meta":[],"product_brand":[],"product_cat":[15],"product_tag":[],"class_list":{"0":"post-936","1":"product","2":"type-product","3":"status-publish","4":"has-post-thumbnail","6":"product_cat-supl","7":"thunk-woo-product-list","8":"opn-qv-enable","9":"top-store-woo-hover-","10":"top-store-single-product-tab-horizontal","11":"top-store-shadow-","12":"top-store-shadow-hover-","14":"first","15":"instock","16":"sale","17":"shipping-taxable","18":"purchasable","19":"product-type-simple"},"yoast_head":"<!-- This site is optimized with the Yoast SEO plugin v27.4 - https:\/\/yoast.com\/product\/yoast-seo-wordpress\/ -->\n<title>Arthrolon - kup suplement, cena w aptece, sk\u0142ad, dzia\u0142anie<\/title>\n<meta name=\"robots\" content=\"index, follow, max-snippet:-1, max-image-preview:large, max-video-preview:-1\" \/>\n<link rel=\"canonical\" href=\"https:\/\/lekarzeopole.pl\/wordpress\/product\/arthrolon\/\" \/>\n<meta property=\"og:locale\" content=\"pl_PL\" \/>\n<meta property=\"og:type\" content=\"article\" \/>\n<meta property=\"og:title\" content=\"Arthrolon - kup suplement, cena w aptece, sk\u0142ad, dzia\u0142anie\" \/>\n<meta property=\"og:description\" content=\"Kup teraz SKU:\u00a0789.005.564    Produkt sprzedawany jest wy\u0142\u0105cznie za po\u015brednictwem oficjalnej strony producenta, id\u017a i kupuj bezpiecznie!\" \/>\n<meta property=\"og:url\" content=\"https:\/\/lekarzeopole.pl\/wordpress\/product\/arthrolon\/\" \/>\n<meta property=\"og:site_name\" content=\"Lekarze Opole\" \/>\n<meta property=\"article:modified_time\" content=\"2024-10-24T18:37:01+00:00\" \/>\n<meta property=\"og:image\" content=\"https:\/\/lekarzeopole.pl\/wordpress\/wp-content\/uploads\/2024\/07\/arthrolon.jpg\" \/>\n\t<meta property=\"og:image:width\" content=\"700\" \/>\n\t<meta property=\"og:image:height\" content=\"500\" \/>\n\t<meta property=\"og:image:type\" content=\"image\/jpeg\" \/>\n<meta name=\"twitter:card\" content=\"summary_large_image\" \/>\n<meta name=\"twitter:label1\" content=\"Szacowany czas czytania\" \/>\n\t<meta name=\"twitter:data1\" content=\"6 minut\" \/>\n<script type=\"application\/ld+json\" class=\"yoast-schema-graph\">{\"@context\":\"https:\\\/\\\/schema.org\",\"@graph\":[{\"@type\":\"WebPage\",\"@id\":\"https:\\\/\\\/lekarzeopole.pl\\\/wordpress\\\/product\\\/arthrolon\\\/\",\"url\":\"https:\\\/\\\/lekarzeopole.pl\\\/wordpress\\\/product\\\/arthrolon\\\/\",\"name\":\"Arthrolon - kup suplement, cena w aptece, sk\u0142ad, dzia\u0142anie\",\"isPartOf\":{\"@id\":\"https:\\\/\\\/lekarzeopole.pl\\\/wordpress\\\/#website\"},\"primaryImageOfPage\":{\"@id\":\"https:\\\/\\\/lekarzeopole.pl\\\/wordpress\\\/product\\\/arthrolon\\\/#primaryimage\"},\"image\":{\"@id\":\"https:\\\/\\\/lekarzeopole.pl\\\/wordpress\\\/product\\\/arthrolon\\\/#primaryimage\"},\"thumbnailUrl\":\"https:\\\/\\\/lekarzeopole.pl\\\/wordpress\\\/wp-content\\\/uploads\\\/2024\\\/07\\\/arthrolon.jpg\",\"datePublished\":\"2024-07-08T09:34:16+00:00\",\"dateModified\":\"2024-10-24T18:37:01+00:00\",\"breadcrumb\":{\"@id\":\"https:\\\/\\\/lekarzeopole.pl\\\/wordpress\\\/product\\\/arthrolon\\\/#breadcrumb\"},\"inLanguage\":\"pl-PL\",\"potentialAction\":[{\"@type\":\"ReadAction\",\"target\":[\"https:\\\/\\\/lekarzeopole.pl\\\/wordpress\\\/product\\\/arthrolon\\\/\"]}]},{\"@type\":\"ImageObject\",\"inLanguage\":\"pl-PL\",\"@id\":\"https:\\\/\\\/lekarzeopole.pl\\\/wordpress\\\/product\\\/arthrolon\\\/#primaryimage\",\"url\":\"https:\\\/\\\/lekarzeopole.pl\\\/wordpress\\\/wp-content\\\/uploads\\\/2024\\\/07\\\/arthrolon.jpg\",\"contentUrl\":\"https:\\\/\\\/lekarzeopole.pl\\\/wordpress\\\/wp-content\\\/uploads\\\/2024\\\/07\\\/arthrolon.jpg\",\"width\":700,\"height\":500,\"caption\":\"Arthrolon\"},{\"@type\":\"BreadcrumbList\",\"@id\":\"https:\\\/\\\/lekarzeopole.pl\\\/wordpress\\\/product\\\/arthrolon\\\/#breadcrumb\",\"itemListElement\":[{\"@type\":\"ListItem\",\"position\":1,\"name\":\"\u0413\u043b\u0430\u0432\u043d\u0430\u044f \u0441\u0442\u0440\u0430\u043d\u0438\u0446\u0430\",\"item\":\"https:\\\/\\\/lekarzeopole.pl\\\/wordpress\\\/\"},{\"@type\":\"ListItem\",\"position\":2,\"name\":\"Zakup\",\"item\":\"https:\\\/\\\/lekarzeopole.pl\\\/wordpress\\\/\"},{\"@type\":\"ListItem\",\"position\":3,\"name\":\"Arthrolon\"}]},{\"@type\":\"WebSite\",\"@id\":\"https:\\\/\\\/lekarzeopole.pl\\\/wordpress\\\/#website\",\"url\":\"https:\\\/\\\/lekarzeopole.pl\\\/wordpress\\\/\",\"name\":\"Lekarze Opole\",\"description\":\"\",\"potentialAction\":[{\"@type\":\"SearchAction\",\"target\":{\"@type\":\"EntryPoint\",\"urlTemplate\":\"https:\\\/\\\/lekarzeopole.pl\\\/wordpress\\\/?s={search_term_string}\"},\"query-input\":{\"@type\":\"PropertyValueSpecification\",\"valueRequired\":true,\"valueName\":\"search_term_string\"}}],\"inLanguage\":\"pl-PL\"}]}<\/script>\n<!-- \/ Yoast SEO plugin. -->","yoast_head_json":{"title":"Arthrolon - kup suplement, cena w aptece, sk\u0142ad, dzia\u0142anie","robots":{"index":"index","follow":"follow","max-snippet":"max-snippet:-1","max-image-preview":"max-image-preview:large","max-video-preview":"max-video-preview:-1"},"canonical":"https:\/\/lekarzeopole.pl\/wordpress\/product\/arthrolon\/","og_locale":"pl_PL","og_type":"article","og_title":"Arthrolon - kup suplement, cena w aptece, sk\u0142ad, dzia\u0142anie","og_description":"Kup teraz SKU:\u00a0789.005.564    Produkt sprzedawany jest wy\u0142\u0105cznie za po\u015brednictwem oficjalnej strony producenta, id\u017a i kupuj bezpiecznie!","og_url":"https:\/\/lekarzeopole.pl\/wordpress\/product\/arthrolon\/","og_site_name":"Lekarze Opole","article_modified_time":"2024-10-24T18:37:01+00:00","og_image":[{"width":700,"height":500,"url":"https:\/\/lekarzeopole.pl\/wordpress\/wp-content\/uploads\/2024\/07\/arthrolon.jpg","type":"image\/jpeg"}],"twitter_card":"summary_large_image","twitter_misc":{"Szacowany czas czytania":"6 minut"},"schema":{"@context":"https:\/\/schema.org","@graph":[{"@type":"WebPage","@id":"https:\/\/lekarzeopole.pl\/wordpress\/product\/arthrolon\/","url":"https:\/\/lekarzeopole.pl\/wordpress\/product\/arthrolon\/","name":"Arthrolon - kup suplement, cena w aptece, sk\u0142ad, dzia\u0142anie","isPartOf":{"@id":"https:\/\/lekarzeopole.pl\/wordpress\/#website"},"primaryImageOfPage":{"@id":"https:\/\/lekarzeopole.pl\/wordpress\/product\/arthrolon\/#primaryimage"},"image":{"@id":"https:\/\/lekarzeopole.pl\/wordpress\/product\/arthrolon\/#primaryimage"},"thumbnailUrl":"https:\/\/lekarzeopole.pl\/wordpress\/wp-content\/uploads\/2024\/07\/arthrolon.jpg","datePublished":"2024-07-08T09:34:16+00:00","dateModified":"2024-10-24T18:37:01+00:00","breadcrumb":{"@id":"https:\/\/lekarzeopole.pl\/wordpress\/product\/arthrolon\/#breadcrumb"},"inLanguage":"pl-PL","potentialAction":[{"@type":"ReadAction","target":["https:\/\/lekarzeopole.pl\/wordpress\/product\/arthrolon\/"]}]},{"@type":"ImageObject","inLanguage":"pl-PL","@id":"https:\/\/lekarzeopole.pl\/wordpress\/product\/arthrolon\/#primaryimage","url":"https:\/\/lekarzeopole.pl\/wordpress\/wp-content\/uploads\/2024\/07\/arthrolon.jpg","contentUrl":"https:\/\/lekarzeopole.pl\/wordpress\/wp-content\/uploads\/2024\/07\/arthrolon.jpg","width":700,"height":500,"caption":"Arthrolon"},{"@type":"BreadcrumbList","@id":"https:\/\/lekarzeopole.pl\/wordpress\/product\/arthrolon\/#breadcrumb","itemListElement":[{"@type":"ListItem","position":1,"name":"\u0413\u043b\u0430\u0432\u043d\u0430\u044f \u0441\u0442\u0440\u0430\u043d\u0438\u0446\u0430","item":"https:\/\/lekarzeopole.pl\/wordpress\/"},{"@type":"ListItem","position":2,"name":"Zakup","item":"https:\/\/lekarzeopole.pl\/wordpress\/"},{"@type":"ListItem","position":3,"name":"Arthrolon"}]},{"@type":"WebSite","@id":"https:\/\/lekarzeopole.pl\/wordpress\/#website","url":"https:\/\/lekarzeopole.pl\/wordpress\/","name":"Lekarze Opole","description":"","potentialAction":[{"@type":"SearchAction","target":{"@type":"EntryPoint","urlTemplate":"https:\/\/lekarzeopole.pl\/wordpress\/?s={search_term_string}"},"query-input":{"@type":"PropertyValueSpecification","valueRequired":true,"valueName":"search_term_string"}}],"inLanguage":"pl-PL"}]}},"_links":{"self":[{"href":"https:\/\/lekarzeopole.pl\/wordpress\/wp-json\/wp\/v2\/product\/936","targetHints":{"allow":["GET"]}}],"collection":[{"href":"https:\/\/lekarzeopole.pl\/wordpress\/wp-json\/wp\/v2\/product"}],"about":[{"href":"https:\/\/lekarzeopole.pl\/wordpress\/wp-json\/wp\/v2\/types\/product"}],"replies":[{"embeddable":true,"href":"https:\/\/lekarzeopole.pl\/wordpress\/wp-json\/wp\/v2\/comments?post=936"}],"wp:featuredmedia":[{"embeddable":true,"href":"https:\/\/lekarzeopole.pl\/wordpress\/wp-json\/wp\/v2\/media\/937"}],"wp:attachment":[{"href":"https:\/\/lekarzeopole.pl\/wordpress\/wp-json\/wp\/v2\/media?parent=936"}],"wp:term":[{"taxonomy":"product_brand","embeddable":true,"href":"https:\/\/lekarzeopole.pl\/wordpress\/wp-json\/wp\/v2\/product_brand?post=936"},{"taxonomy":"product_cat","embeddable":true,"href":"https:\/\/lekarzeopole.pl\/wordpress\/wp-json\/wp\/v2\/product_cat?post=936"},{"taxonomy":"product_tag","embeddable":true,"href":"https:\/\/lekarzeopole.pl\/wordpress\/wp-json\/wp\/v2\/product_tag?post=936"}],"curies":[{"name":"wp","href":"https:\/\/api.w.org\/{rel}","templated":true}]}}