{"id":578,"date":"2024-02-13T09:34:42","date_gmt":"2024-02-13T09:34:42","guid":{"rendered":"https:\/\/lekarzeopole.pl\/wordpress\/?post_type=product&#038;p=578"},"modified":"2024-06-08T09:54:07","modified_gmt":"2024-06-08T09:54:07","slug":"probiosin-plus","status":"publish","type":"product","link":"https:\/\/lekarzeopole.pl\/wordpress\/product\/probiosin-plus\/","title":{"rendered":"Probiosin Plus"},"content":{"rendered":"<div class=\"flex-1 overflow-hidden\">\n<div class=\"react-scroll-to-bottom--css-yqmyl-79elbk h-full\">\n<div class=\"react-scroll-to-bottom--css-yqmyl-1n7m0yu\">\n<div class=\"flex flex-col pb-9 text-sm\">\n<div class=\"w-full text-token-text-primary\" data-testid=\"conversation-turn-3\">\n<div class=\"px-4 py-2 justify-center text-base md:gap-6 m-auto\">\n<div class=\"flex flex-1 text-base mx-auto gap-3 md:px-5 lg:px-1 xl:px-5 md:max-w-3xl lg:max-w-[40rem] xl:max-w-[48rem] group\">\n<div class=\"relative flex w-full flex-col agent-turn\">\n<div class=\"flex-col gap-1 md:gap-3\">\n<div class=\"flex flex-grow flex-col max-w-full\">\n<div class=\"min-h-[20px] text-message flex flex-col items-start gap-3 whitespace-pre-wrap break-words [.text-message+&amp;]:mt-5 overflow-x-auto\" data-message-author-role=\"assistant\" data-message-id=\"42dcfbcc-bd80-4938-b2aa-cde0aad67890\">\n<div class=\"markdown prose w-full break-words dark:prose-invert light\">\n<p>Probiosin Plus to innowacyjny preparat, kt\u00f3ry zdobywa coraz wi\u0119ksz\u0105 popularno\u015b\u0107 w\u015br\u00f3d os\u00f3b dbaj\u0105cych o swoje zdrowie i dobre samopoczucie. Dzi\u0119ki starannie dobranym naturalnym sk\u0142adnikom oraz unikalnej formule, Probiosin Plus oferuje kompleksowe wsparcie dla zdrowia uk\u0142adu pokarmowego oraz wzmocnienia odporno\u015bci organizmu. Jego skuteczno\u015b\u0107 oraz pozytywne efekty zosta\u0142y potwierdzone przez liczne pozytywne opinie klient\u00f3w, kt\u00f3rzy dostrzegaj\u0105 popraw\u0119 trawienia, wzmo\u017con\u0105 odporno\u015b\u0107 oraz og\u00f3lne poczucie lepszego samopoczucia. Warto bli\u017cej przyjrze\u0107 si\u0119 temu produktowi, aby zyska\u0107 pewno\u015b\u0107, \u017ce dbamy o zdrowie w spos\u00f3b kompleksowy i skuteczny.<\/p>\n<h2>Wskazania do stosowania Probiosin Plus<\/h2>\n<p>Probiosin Plus to innowacyjny preparat, kt\u00f3ry mo\u017ce by\u0107 skuteczn\u0105 pomoc\u0105 w utrzymaniu zdrowia uk\u0142adu pokarmowego oraz wzmocnieniu odporno\u015bci organizmu. G\u0142\u00f3wne wskazania do stosowania Probiosin Plus obejmuj\u0105:<\/p>\n<ol>\n<li><strong>Niedob\u00f3r probiotyk\u00f3w<\/strong>: Osoby, kt\u00f3re cierpi\u0105 na niedob\u00f3r korzystnych bakterii jelitowych, mog\u0105 korzysta\u0107 z Probiosin Plus, aby przywr\u00f3ci\u0107 r\u00f3wnowag\u0119 mikroflory jelitowej.<\/li>\n<li><strong>Problemy z trawieniem<\/strong>: Przy regularnym stosowaniu, Probiosin Plus mo\u017ce pom\u00f3c w \u0142agodzeniu dolegliwo\u015bci zwi\u0105zanych z trawieniem, takich jak wzd\u0119cia, zaparcia czy biegunki.<\/li>\n<li><strong>Os\u0142abiona odporno\u015b\u0107<\/strong>: Sk\u0142adniki aktywne zawarte w kapsu\u0142kach Probiosin Plus mog\u0105 pom\u00f3c w wzmocnieniu odporno\u015bci organizmu, co jest istotne szczeg\u00f3lnie w okresach wzmo\u017conej zachorowalno\u015bci.<\/li>\n<li><strong>Zdrowie og\u00f3lne<\/strong>: Regularne stosowanie Probiosin Plus mo\u017ce przyczyni\u0107 si\u0119 do poprawy og\u00f3lnego samopoczucia poprzez utrzymanie zdrowego uk\u0142adu pokarmowego.<\/li>\n<\/ol>\n<h2>Sk\u0142ad i dzia\u0142anie sk\u0142adnik\u00f3w Probiosin Plus<\/h2>\n<p>Probiosin Plus to produkt oparty na naturalnych sk\u0142adnikach, kt\u00f3re s\u0105 starannie dobrane, aby zapewni\u0107 maksymaln\u0105 skuteczno\u015b\u0107. G\u0142\u00f3wne sk\u0142adniki i ich dzia\u0142anie obejmuj\u0105:<\/p>\n<ol>\n<li><strong>Probiotyki<\/strong>: Zawarte w Probiosin Plus szczepy probiotyczne, takie jak Lactobacillus acidophilus czy Bifidobacterium lactis, wspieraj\u0105 zdrow\u0105 mikroflor\u0119 jelitow\u0105, poprawiaj\u0105c trawienie i wch\u0142anianie sk\u0142adnik\u00f3w od\u017cywczych.<\/li>\n<li><strong>Prebiotyki<\/strong>: Dodatek prebiotyk\u00f3w, takich jak inulina, sprzyja rozwojowi korzystnych bakterii jelitowych, co przyczynia si\u0119 do utrzymania zdrowej flory jelitowej.<\/li>\n<li><strong>Ekstrakt z zielonej herbaty<\/strong>: Znany ze swoich w\u0142a\u015bciwo\u015bci antyoksydacyjnych, ekstrakt z zielonej herbaty wspomaga procesy detoksykacji organizmu oraz mo\u017ce korzystnie wp\u0142ywa\u0107 na metabolizm.<\/li>\n<li><strong>Witaminy i minera\u0142y<\/strong>: Probiosin Plus zawiera r\u00f3wnie\u017c witaminy i minera\u0142y niezb\u0119dne dla prawid\u0142owego funkcjonowania organizmu, takie jak witamina C, witamina E czy cynk, kt\u00f3re mog\u0105 wspomaga\u0107 odporno\u015b\u0107.<\/li>\n<\/ol>\n<p style=\"text-align: center;\"><a href=\"https:\/\/nplink.net\/tn29nc20\"><button>www.probiosin.pl<\/button><\/a><\/p>\n<h2>Efekty Probiosin Plus i ich charakterystyka<\/h2>\n<p>Regularne stosowanie Probiosin Plus mo\u017ce przynie\u015b\u0107 szereg korzy\u015bci dla zdrowia, w tym:<\/p>\n<ol>\n<li><strong>Poprawa trawienia<\/strong>: Dzi\u0119ki dzia\u0142aniu probiotyk\u00f3w i prebiotyk\u00f3w, Probiosin Plus mo\u017ce przyczyni\u0107 si\u0119 do \u0142agodzenia dolegliwo\u015bci trawiennych, takich jak wzd\u0119cia czy zaparcia.<\/li>\n<li><strong>Wzmacnianie odporno\u015bci<\/strong>: Sk\u0142adniki aktywne zawarte w Probiosin Plus mog\u0105 wspomaga\u0107 naturalne mechanizmy obronne organizmu, co mo\u017ce pom\u00f3c w zapobieganiu infekcjom i chorobom.<\/li>\n<li><strong>Poprawa samopoczucia<\/strong>: Regularne spo\u017cywanie Probiosin Plus mo\u017ce przyczyni\u0107 si\u0119 do og\u00f3lnego poprawy samopoczucia poprzez utrzymanie zdrowego uk\u0142adu pokarmowego.<\/li>\n<li><strong>Detoksykacja organizmu<\/strong>: Dzia\u0142anie antyoksydacyjne ekstraktu z zielonej herbaty wspomaga procesy detoksykacji organizmu, co mo\u017ce przyczyni\u0107 si\u0119 do og\u00f3lnej poprawy zdrowia.<\/li>\n<\/ol>\n<h2>Ryzyko skutk\u00f3w ubocznych<\/h2>\n<p>Probiosin Plus to preparat oparty na naturalnych sk\u0142adnikach, dlatego ryzyko wyst\u0105pienia skutk\u00f3w ubocznych jest minimalne. Niemniej jednak, w przypadku nietolerancji na kt\u00f3rykolwiek ze sk\u0142adnik\u00f3w, mog\u0105 pojawi\u0107 si\u0119 reakcje alergiczne, dlatego zawsze warto skonsultowa\u0107 si\u0119 z lekarzem przed rozpocz\u0119ciem suplementacji.<\/p>\n<p><em>Probiosin Plus to innowacyjny preparat, kt\u00f3ry mo\u017ce by\u0107 skuteczn\u0105 pomoc\u0105 w utrzymaniu zdrowia uk\u0142adu pokarmowego oraz wzmocnieniu odporno\u015bci organizmu. Dzi\u0119ki starannie dobranym sk\u0142adnikom, minimalizuje ryzyko skutk\u00f3w ubocznych, oferuj\u0105c kompleksowe wsparcie dla zdrowia.<\/em><\/p>\n<\/div>\n<\/div>\n<\/div>\n<\/div>\n<\/div>\n<\/div>\n<\/div>\n<\/div>\n<div class=\"w-full text-token-text-primary\" data-testid=\"conversation-turn-5\">\n<div class=\"px-4 py-2 justify-center text-base md:gap-6 m-auto\">\n<div class=\"flex flex-1 text-base mx-auto gap-3 md:px-5 lg:px-1 xl:px-5 md:max-w-3xl lg:max-w-[40rem] xl:max-w-[48rem] group final-completion\">\n<div class=\"relative flex w-full flex-col agent-turn\">\n<div class=\"flex-col gap-1 md:gap-3\">\n<div class=\"flex flex-grow flex-col max-w-full\">\n<div class=\"min-h-[20px] text-message flex flex-col items-start gap-3 whitespace-pre-wrap break-words [.text-message+&amp;]:mt-5 overflow-x-auto\" data-message-author-role=\"assistant\" data-message-id=\"b1e5fc73-d2e6-436d-80d8-00432f870d62\">\n<div class=\"markdown prose w-full break-words dark:prose-invert light\">\n<h2>Opinie klient\u00f3w o Probiosin Plus: fora po\u015bwi\u0119cone zdrowiu<\/h2>\n<p>W Polsce, jak i w wielu innych krajach, fora internetowe po\u015bwi\u0119cone zdrowiu staj\u0105 si\u0119 coraz popularniejszym miejscem, gdzie ludzie dziel\u0105 si\u0119 swoimi do\u015bwiadczeniami z r\u00f3\u017cnymi suplementami diety i preparatami. W ostatnich latach, zauwa\u017ca si\u0119 wzrost zainteresowania produktem jakim jest Probiosin Plus. Coraz wi\u0119cej u\u017cytkownik\u00f3w dzieli si\u0119 swoimi opiniami na temat tego preparatu, co jest wyrazem jego rosn\u0105cej popularno\u015bci.<\/p>\n<p>Wi\u0119kszo\u015b\u0107 opinii na temat Probiosin Plus jest pozytywna. U\u017cytkownicy opisuj\u0105 pozytywne efekty stosowania suplementu, zauwa\u017caj\u0105c popraw\u0119 trawienia, wzmo\u017con\u0105 odporno\u015b\u0107 oraz og\u00f3lne poczucie lepszego samopoczucia. Co wi\u0119cej, wielu z nich podkre\u015bla tak\u017ce dost\u0119pno\u015b\u0107 produktu i \u0142atwo\u015b\u0107 jego zakupu.<\/p>\n<p><strong>Opinie klient\u00f3w:<\/strong><\/p>\n<ol>\n<li><strong>Anna, 38 lat<\/strong>: &#8222;Od kiedy zacz\u0119\u0142am stosowa\u0107 Probiosin Plus, moje problemy z trawieniem znikn\u0119\u0142y praktycznie ca\u0142kowicie! Poza tym, rzadziej choruj\u0119, co u mnie by\u0142o niestety norm\u0105. Polecam ka\u017cdemu, kto chce zadba\u0107 o swoje zdrowie.&#8221;<\/li>\n<li><strong>Piotr, 45 lat<\/strong>: &#8222;Probiosin Plus to dla mnie hit ostatnich miesi\u0119cy. Nie tylko poprawi\u0142 moje trawienie, ale tak\u017ce czuj\u0119 si\u0119 og\u00f3lnie lepiej i pe\u0142en energii. Dzi\u0119ki temu, \u017ce mo\u017cna go \u0142atwo kupi\u0107 online, korzystam z niego regularnie bez \u017cadnych problem\u00f3w.&#8221;<\/li>\n<\/ol>\n<h2>Spos\u00f3b podawania i dawkowanie<\/h2>\n<p>Spos\u00f3b podawania i dawkowanie Probiosin Plus jest niezwykle prosty. Zazwyczaj zaleca si\u0119 przyjmowanie jednej kapsu\u0142ki raz dziennie, preferowanych najlepiej przed posi\u0142kiem, popijaj\u0105c szklank\u0105 wody. Wa\u017cne jest regularne stosowanie preparatu, aby uzyska\u0107 optymalne efekty. Przed rozpocz\u0119ciem suplementacji zaleca si\u0119 zapoznanie z ulotk\u0105 do\u0142\u0105czon\u0105 do opakowania.<\/p>\n<h2>Kup teraz Probiosin Plus z dostaw\u0105<\/h2>\n<p>Zam\u00f3wienie Probiosin Plus jest niezwykle \u0142atwe i wygodne. Produkt mo\u017cna naby\u0107 online, bez konieczno\u015bci wychodzenia z domu. Co wi\u0119cej, p\u0142atno\u015b\u0107 za produkt odbywa si\u0119 dopiero przy odbiorze, co daje gwarancj\u0119, \u017ce klient otrzyma oryginalny produkt bez \u017cadnych ryzyk. Dostawa zazwyczaj zajmuje 3-4 dni robocze, co oznacza szybkie i sprawnie zrealizowane zam\u00f3wienie. Dodatkowo, ka\u017cde zam\u00f3wienie jest potwierdzane telefonicznie przez specjalist\u0119, kt\u00f3ry s\u0142u\u017cy pomoc\u0105 i doradztwem w kwestii ilo\u015bci produktu oraz ewentualnych promocji i ofert specjalnych.<\/p>\n<p style=\"text-align: center;\"><a href=\"https:\/\/nplink.net\/tn29nc20\"><button>Zakup na stronie producenta (-50%)<\/button><\/a><\/p>\n<h2>Por\u00f3wnanie ofert: ceny i dost\u0119pno\u015b\u0107 Probiosin Plus<\/h2>\n<p>Producenci Probiosin Plus k\u0142ad\u0105 du\u017cy nacisk na dost\u0119pno\u015b\u0107 produktu dla klient\u00f3w. Dlatego te\u017c, suplement jest dost\u0119pny bezpo\u015brednio na oficjalnej stronie producenta, eliminuj\u0105c tym samym po\u015brednik\u00f3w i dodatkowe mar\u017ce. Dodatkowo, na stronie cz\u0119sto mo\u017cna skorzysta\u0107 z r\u00f3\u017cnego rodzaju promocji i rabat\u00f3w, kt\u00f3re sprawiaj\u0105, \u017ce zakup Probiosin Plus staje si\u0119 jeszcze bardziej atrakcyjny. Warto regularnie sprawdza\u0107 aktualne oferty na stronie producenta, poniewa\u017c to w\u0142a\u015bnie tam mo\u017cna liczy\u0107 na najlepsze warunki zakupu. Z tego samego powodu, Probiosin Plus nie jest dost\u0119pny w stacjonarnych aptekach, aby zachowa\u0107 atrakcyjno\u015b\u0107 cenow\u0105 i zapewni\u0107 klientom \u0142atwy dost\u0119p do produktu.<\/p>\n<\/div>\n<\/div>\n<\/div>\n<\/div>\n<\/div>\n<\/div>\n<\/div>\n<\/div>\n<\/div>\n<\/div>\n<\/div>\n<\/div>\n","protected":false},"excerpt":{"rendered":"<p style=\"text-align: center;\"><a href=\"https:\/\/nplink.net\/tn29nc20\"><button>Kup teraz<\/button><\/a><\/p>\n<p>SKU:\u00a0<span class=\"sku\">789.878.01016<\/span><\/p>\n<hr \/>\n<p><small>Produkt sprzedawany jest wy\u0142\u0105cznie za po\u015brednictwem oficjalnej strony producenta, id\u017a i kupuj bezpiecznie!<\/small><\/p>\n","protected":false},"featured_media":579,"comment_status":"open","ping_status":"closed","template":"","meta":[],"product_brand":[],"product_cat":[15],"product_tag":[],"class_list":{"0":"post-578","1":"product","2":"type-product","3":"status-publish","4":"has-post-thumbnail","6":"product_cat-supl","7":"thunk-woo-product-list","8":"opn-qv-enable","9":"top-store-woo-hover-","10":"top-store-single-product-tab-horizontal","11":"top-store-shadow-","12":"top-store-shadow-hover-","14":"first","15":"instock","16":"shipping-taxable","17":"purchasable","18":"product-type-simple"},"yoast_head":"<!-- This site is optimized with the Yoast SEO plugin v27.4 - https:\/\/yoast.com\/product\/yoast-seo-wordpress\/ -->\n<title>Probiosin Plus - kup suplement, cena w aptece, sk\u0142ad, dzia\u0142anie<\/title>\n<meta name=\"robots\" content=\"index, follow, max-snippet:-1, max-image-preview:large, max-video-preview:-1\" \/>\n<link rel=\"canonical\" href=\"https:\/\/lekarzeopole.pl\/wordpress\/product\/probiosin-plus\/\" \/>\n<meta property=\"og:locale\" content=\"pl_PL\" \/>\n<meta property=\"og:type\" content=\"article\" \/>\n<meta property=\"og:title\" content=\"Probiosin Plus - kup suplement, cena w aptece, sk\u0142ad, dzia\u0142anie\" \/>\n<meta property=\"og:description\" content=\"Kup teraz SKU:\u00a0789.878.01016    Produkt sprzedawany jest wy\u0142\u0105cznie za po\u015brednictwem oficjalnej strony producenta, id\u017a i kupuj bezpiecznie!\" \/>\n<meta property=\"og:url\" content=\"https:\/\/lekarzeopole.pl\/wordpress\/product\/probiosin-plus\/\" \/>\n<meta property=\"og:site_name\" content=\"Lekarze Opole\" \/>\n<meta property=\"article:modified_time\" content=\"2024-06-08T09:54:07+00:00\" \/>\n<meta property=\"og:image\" content=\"https:\/\/lekarzeopole.pl\/wordpress\/wp-content\/uploads\/2024\/02\/probiosin-plus-2.png\" \/>\n\t<meta property=\"og:image:width\" content=\"422\" \/>\n\t<meta property=\"og:image:height\" content=\"510\" \/>\n\t<meta property=\"og:image:type\" content=\"image\/png\" \/>\n<meta name=\"twitter:card\" content=\"summary_large_image\" \/>\n<meta name=\"twitter:label1\" content=\"Szacowany czas czytania\" \/>\n\t<meta name=\"twitter:data1\" content=\"6 minut\" \/>\n<script type=\"application\/ld+json\" class=\"yoast-schema-graph\">{\"@context\":\"https:\\\/\\\/schema.org\",\"@graph\":[{\"@type\":\"WebPage\",\"@id\":\"https:\\\/\\\/lekarzeopole.pl\\\/wordpress\\\/product\\\/probiosin-plus\\\/\",\"url\":\"https:\\\/\\\/lekarzeopole.pl\\\/wordpress\\\/product\\\/probiosin-plus\\\/\",\"name\":\"Probiosin Plus - kup suplement, cena w aptece, sk\u0142ad, dzia\u0142anie\",\"isPartOf\":{\"@id\":\"https:\\\/\\\/lekarzeopole.pl\\\/wordpress\\\/#website\"},\"primaryImageOfPage\":{\"@id\":\"https:\\\/\\\/lekarzeopole.pl\\\/wordpress\\\/product\\\/probiosin-plus\\\/#primaryimage\"},\"image\":{\"@id\":\"https:\\\/\\\/lekarzeopole.pl\\\/wordpress\\\/product\\\/probiosin-plus\\\/#primaryimage\"},\"thumbnailUrl\":\"https:\\\/\\\/lekarzeopole.pl\\\/wordpress\\\/wp-content\\\/uploads\\\/2024\\\/02\\\/probiosin-plus-2.png\",\"datePublished\":\"2024-02-13T09:34:42+00:00\",\"dateModified\":\"2024-06-08T09:54:07+00:00\",\"breadcrumb\":{\"@id\":\"https:\\\/\\\/lekarzeopole.pl\\\/wordpress\\\/product\\\/probiosin-plus\\\/#breadcrumb\"},\"inLanguage\":\"pl-PL\",\"potentialAction\":[{\"@type\":\"ReadAction\",\"target\":[\"https:\\\/\\\/lekarzeopole.pl\\\/wordpress\\\/product\\\/probiosin-plus\\\/\"]}]},{\"@type\":\"ImageObject\",\"inLanguage\":\"pl-PL\",\"@id\":\"https:\\\/\\\/lekarzeopole.pl\\\/wordpress\\\/product\\\/probiosin-plus\\\/#primaryimage\",\"url\":\"https:\\\/\\\/lekarzeopole.pl\\\/wordpress\\\/wp-content\\\/uploads\\\/2024\\\/02\\\/probiosin-plus-2.png\",\"contentUrl\":\"https:\\\/\\\/lekarzeopole.pl\\\/wordpress\\\/wp-content\\\/uploads\\\/2024\\\/02\\\/probiosin-plus-2.png\",\"width\":422,\"height\":510,\"caption\":\"Probiosin Plus\"},{\"@type\":\"BreadcrumbList\",\"@id\":\"https:\\\/\\\/lekarzeopole.pl\\\/wordpress\\\/product\\\/probiosin-plus\\\/#breadcrumb\",\"itemListElement\":[{\"@type\":\"ListItem\",\"position\":1,\"name\":\"\u0413\u043b\u0430\u0432\u043d\u0430\u044f \u0441\u0442\u0440\u0430\u043d\u0438\u0446\u0430\",\"item\":\"https:\\\/\\\/lekarzeopole.pl\\\/wordpress\\\/\"},{\"@type\":\"ListItem\",\"position\":2,\"name\":\"Zakup\",\"item\":\"https:\\\/\\\/lekarzeopole.pl\\\/wordpress\\\/\"},{\"@type\":\"ListItem\",\"position\":3,\"name\":\"Probiosin Plus\"}]},{\"@type\":\"WebSite\",\"@id\":\"https:\\\/\\\/lekarzeopole.pl\\\/wordpress\\\/#website\",\"url\":\"https:\\\/\\\/lekarzeopole.pl\\\/wordpress\\\/\",\"name\":\"Lekarze Opole\",\"description\":\"\",\"potentialAction\":[{\"@type\":\"SearchAction\",\"target\":{\"@type\":\"EntryPoint\",\"urlTemplate\":\"https:\\\/\\\/lekarzeopole.pl\\\/wordpress\\\/?s={search_term_string}\"},\"query-input\":{\"@type\":\"PropertyValueSpecification\",\"valueRequired\":true,\"valueName\":\"search_term_string\"}}],\"inLanguage\":\"pl-PL\"}]}<\/script>\n<!-- \/ Yoast SEO plugin. -->","yoast_head_json":{"title":"Probiosin Plus - kup suplement, cena w aptece, sk\u0142ad, dzia\u0142anie","robots":{"index":"index","follow":"follow","max-snippet":"max-snippet:-1","max-image-preview":"max-image-preview:large","max-video-preview":"max-video-preview:-1"},"canonical":"https:\/\/lekarzeopole.pl\/wordpress\/product\/probiosin-plus\/","og_locale":"pl_PL","og_type":"article","og_title":"Probiosin Plus - kup suplement, cena w aptece, sk\u0142ad, dzia\u0142anie","og_description":"Kup teraz SKU:\u00a0789.878.01016    Produkt sprzedawany jest wy\u0142\u0105cznie za po\u015brednictwem oficjalnej strony producenta, id\u017a i kupuj bezpiecznie!","og_url":"https:\/\/lekarzeopole.pl\/wordpress\/product\/probiosin-plus\/","og_site_name":"Lekarze Opole","article_modified_time":"2024-06-08T09:54:07+00:00","og_image":[{"width":422,"height":510,"url":"https:\/\/lekarzeopole.pl\/wordpress\/wp-content\/uploads\/2024\/02\/probiosin-plus-2.png","type":"image\/png"}],"twitter_card":"summary_large_image","twitter_misc":{"Szacowany czas czytania":"6 minut"},"schema":{"@context":"https:\/\/schema.org","@graph":[{"@type":"WebPage","@id":"https:\/\/lekarzeopole.pl\/wordpress\/product\/probiosin-plus\/","url":"https:\/\/lekarzeopole.pl\/wordpress\/product\/probiosin-plus\/","name":"Probiosin Plus - kup suplement, cena w aptece, sk\u0142ad, dzia\u0142anie","isPartOf":{"@id":"https:\/\/lekarzeopole.pl\/wordpress\/#website"},"primaryImageOfPage":{"@id":"https:\/\/lekarzeopole.pl\/wordpress\/product\/probiosin-plus\/#primaryimage"},"image":{"@id":"https:\/\/lekarzeopole.pl\/wordpress\/product\/probiosin-plus\/#primaryimage"},"thumbnailUrl":"https:\/\/lekarzeopole.pl\/wordpress\/wp-content\/uploads\/2024\/02\/probiosin-plus-2.png","datePublished":"2024-02-13T09:34:42+00:00","dateModified":"2024-06-08T09:54:07+00:00","breadcrumb":{"@id":"https:\/\/lekarzeopole.pl\/wordpress\/product\/probiosin-plus\/#breadcrumb"},"inLanguage":"pl-PL","potentialAction":[{"@type":"ReadAction","target":["https:\/\/lekarzeopole.pl\/wordpress\/product\/probiosin-plus\/"]}]},{"@type":"ImageObject","inLanguage":"pl-PL","@id":"https:\/\/lekarzeopole.pl\/wordpress\/product\/probiosin-plus\/#primaryimage","url":"https:\/\/lekarzeopole.pl\/wordpress\/wp-content\/uploads\/2024\/02\/probiosin-plus-2.png","contentUrl":"https:\/\/lekarzeopole.pl\/wordpress\/wp-content\/uploads\/2024\/02\/probiosin-plus-2.png","width":422,"height":510,"caption":"Probiosin Plus"},{"@type":"BreadcrumbList","@id":"https:\/\/lekarzeopole.pl\/wordpress\/product\/probiosin-plus\/#breadcrumb","itemListElement":[{"@type":"ListItem","position":1,"name":"\u0413\u043b\u0430\u0432\u043d\u0430\u044f \u0441\u0442\u0440\u0430\u043d\u0438\u0446\u0430","item":"https:\/\/lekarzeopole.pl\/wordpress\/"},{"@type":"ListItem","position":2,"name":"Zakup","item":"https:\/\/lekarzeopole.pl\/wordpress\/"},{"@type":"ListItem","position":3,"name":"Probiosin Plus"}]},{"@type":"WebSite","@id":"https:\/\/lekarzeopole.pl\/wordpress\/#website","url":"https:\/\/lekarzeopole.pl\/wordpress\/","name":"Lekarze Opole","description":"","potentialAction":[{"@type":"SearchAction","target":{"@type":"EntryPoint","urlTemplate":"https:\/\/lekarzeopole.pl\/wordpress\/?s={search_term_string}"},"query-input":{"@type":"PropertyValueSpecification","valueRequired":true,"valueName":"search_term_string"}}],"inLanguage":"pl-PL"}]}},"_links":{"self":[{"href":"https:\/\/lekarzeopole.pl\/wordpress\/wp-json\/wp\/v2\/product\/578","targetHints":{"allow":["GET"]}}],"collection":[{"href":"https:\/\/lekarzeopole.pl\/wordpress\/wp-json\/wp\/v2\/product"}],"about":[{"href":"https:\/\/lekarzeopole.pl\/wordpress\/wp-json\/wp\/v2\/types\/product"}],"replies":[{"embeddable":true,"href":"https:\/\/lekarzeopole.pl\/wordpress\/wp-json\/wp\/v2\/comments?post=578"}],"wp:featuredmedia":[{"embeddable":true,"href":"https:\/\/lekarzeopole.pl\/wordpress\/wp-json\/wp\/v2\/media\/579"}],"wp:attachment":[{"href":"https:\/\/lekarzeopole.pl\/wordpress\/wp-json\/wp\/v2\/media?parent=578"}],"wp:term":[{"taxonomy":"product_brand","embeddable":true,"href":"https:\/\/lekarzeopole.pl\/wordpress\/wp-json\/wp\/v2\/product_brand?post=578"},{"taxonomy":"product_cat","embeddable":true,"href":"https:\/\/lekarzeopole.pl\/wordpress\/wp-json\/wp\/v2\/product_cat?post=578"},{"taxonomy":"product_tag","embeddable":true,"href":"https:\/\/lekarzeopole.pl\/wordpress\/wp-json\/wp\/v2\/product_tag?post=578"}],"curies":[{"name":"wp","href":"https:\/\/api.w.org\/{rel}","templated":true}]}}