{"id":510,"date":"2024-02-12T09:21:29","date_gmt":"2024-02-12T09:21:29","guid":{"rendered":"https:\/\/lekarzeopole.pl\/wordpress\/?post_type=product&#038;p=510"},"modified":"2024-06-08T09:27:18","modified_gmt":"2024-06-08T09:27:18","slug":"nuvialab-flex","status":"publish","type":"product","link":"https:\/\/lekarzeopole.pl\/wordpress\/product\/nuvialab-flex\/","title":{"rendered":"NuviaLab Flex"},"content":{"rendered":"<div class=\"w-full text-token-text-primary\" data-testid=\"conversation-turn-3\">\n<div class=\"px-4 py-2 justify-center text-base md:gap-6 m-auto\">\n<div class=\"flex flex-1 text-base mx-auto gap-3 md:px-5 lg:px-1 xl:px-5 md:max-w-3xl lg:max-w-[40rem] xl:max-w-[48rem] group\">\n<div class=\"relative flex w-full flex-col lg:w-[calc(100%-115px)] agent-turn\">\n<div class=\"flex-col gap-1 md:gap-3\">\n<div class=\"flex flex-grow flex-col max-w-full\">\n<div class=\"min-h-[20px] text-message flex flex-col items-start gap-3 whitespace-pre-wrap break-words [.text-message+&amp;]:mt-5 overflow-x-auto\" data-message-author-role=\"assistant\" data-message-id=\"2bb996eb-70cf-4226-a743-cc570f705a57\">\n<div class=\"markdown prose w-full break-words dark:prose-invert light\">\n<p>W dzisiejszych czasach, gdy tempo \u017cycia staje si\u0119 coraz szybsze, a tryb pracy cz\u0119sto wymaga d\u0142ugotrwa\u0142ego siedzenia lub intensywnego wysi\u0142ku fizycznego, zdrowie staw\u00f3w staje si\u0119 priorytetem dla wielu ludzi. Niestety, codzienne czynno\u015bci, kontuzje sportowe czy naturalny proces starzenia mog\u0105 prowadzi\u0107 do r\u00f3\u017cnych dolegliwo\u015bci stawowych. W odpowiedzi na te potrzeby, firma NuviaLab wprowadza na rynek innowacyjne kapsu\u0142ki, kt\u00f3re wspieraj\u0105 zdrowie staw\u00f3w &#8211; NuviaLab Flex.<\/p>\n<h2>Wskazania do stosowania NuviaLab Flex<\/h2>\n<p>NuviaLab Flex to suplement diety, kt\u00f3ry przeznaczony jest dla wszystkich, kt\u00f3rzy chc\u0105 zadba\u0107 o kondycj\u0119 swoich staw\u00f3w. G\u0142\u00f3wne wskazania do stosowania NuviaLab Flex obejmuj\u0105:<\/p>\n<ul>\n<li>Osoby aktywne fizycznie, szczeg\u00f3lnie sportowc\u00f3w nara\u017conych na przeci\u0105\u017cenia staw\u00f3w.<\/li>\n<li>Osoby starsze, u kt\u00f3rych naturalny proces starzenia mo\u017ce prowadzi\u0107 do degeneracji staw\u00f3w.<\/li>\n<li>Osoby z dolegliwo\u015bciami stawowymi, takimi jak b\u00f3l, sztywno\u015b\u0107, czy ograniczona ruchomo\u015b\u0107.<\/li>\n<li>Osoby, kt\u00f3re chc\u0105 zapobiega\u0107 problemom ze stawami i dba\u0107 o ich d\u0142ugoterminowe zdrowie.<\/li>\n<\/ul>\n<h2>Sk\u0142ad i dzia\u0142anie sk\u0142adnik\u00f3w NuviaLab Flex<\/h2>\n<p>NuviaLab Flex zawiera starannie dobrane sk\u0142adniki pochodzenia naturalnego, kt\u00f3re wspieraj\u0105 zdrowie staw\u00f3w oraz przyczyniaj\u0105 si\u0119 do ich regeneracji i elastyczno\u015bci.<\/p>\n<ul>\n<li><strong>Glukozamina<\/strong> &#8211; jest to organiczny zwi\u0105zek chemiczny, kt\u00f3ry odgrywa kluczow\u0105 rol\u0119 w budowie chrz\u0105stki stawowej. Pomaga w regeneracji tkanek stawowych oraz zapobiega degeneracji.<\/li>\n<li><strong>Chondroityna<\/strong> &#8211; substancja ta wyst\u0119puje naturalnie w chrz\u0105stce stawowej. Ma w\u0142a\u015bciwo\u015bci zmi\u0119kczaj\u0105ce, co przyczynia si\u0119 do poprawy elastyczno\u015bci staw\u00f3w.<\/li>\n<li><strong>Kolagen<\/strong> &#8211; to bia\u0142ko odpowiedzialne za elastyczno\u015b\u0107 i wytrzyma\u0142o\u015b\u0107 tkanek, w tym r\u00f3wnie\u017c chrz\u0105stki stawowej. Dzia\u0142a jak \u201eklej\u201d, kt\u00f3ry utrzymuje struktury stawowe w dobrej kondycji.<\/li>\n<li><strong>Ekstrakt z lukrecji<\/strong> &#8211; posiada w\u0142a\u015bciwo\u015bci przeciwzapalne, kt\u00f3re mog\u0105 pom\u00f3c w \u0142agodzeniu b\u00f3lu staw\u00f3w oraz redukcji stan\u00f3w zapalnych.<\/li>\n<li><strong>Witamina C<\/strong> &#8211; jest niezb\u0119dna do prawid\u0142owej syntezy kolagenu, co wp\u0142ywa korzystnie na zdrowie i elastyczno\u015b\u0107 staw\u00f3w.<\/li>\n<\/ul>\n<p>Dzia\u0142anie sk\u0142adnik\u00f3w NuviaLab Flex opiera si\u0119 na synergicznym po\u0142\u0105czeniu substancji, kt\u00f3re wzmacniaj\u0105 i regeneruj\u0105 struktury stawowe, zapewniaj\u0105c im odpowiednie od\u017cywienie i ochron\u0119 przed uszkodzeniami.<\/p>\n<p style=\"text-align: center;\"><a href=\"https:\/\/nplink.net\/yz7coga6\"><button>www.nuvialab.pl<\/button><\/a><\/p>\n<h2>Efekty NuviaLab Flex i ich charakterystyka<\/h2>\n<p>Regularne stosowanie NuviaLab Flex mo\u017ce przynie\u015b\u0107 szereg korzy\u015bci dla zdrowia staw\u00f3w:<\/p>\n<ul>\n<li><strong>Zmniejszenie b\u00f3lu staw\u00f3w<\/strong> &#8211; Dzi\u0119ki w\u0142a\u015bciwo\u015bciom przeciwzapalnym i regeneracyjnym sk\u0142adnik\u00f3w, NuviaLab Flex pomaga w \u0142agodzeniu b\u00f3lu staw\u00f3w oraz redukcji stan\u00f3w zapalnych.<\/li>\n<li><strong>Poprawa ruchomo\u015bci staw\u00f3w<\/strong> &#8211; Dzia\u0142anie sk\u0142adnik\u00f3w wspiera elastyczno\u015b\u0107 i spr\u0119\u017cysto\u015b\u0107 chrz\u0105stki stawowej, co przek\u0142ada si\u0119 na lepsz\u0105 mobilno\u015b\u0107 staw\u00f3w.<\/li>\n<li><strong>Zapobieganie degeneracji staw\u00f3w<\/strong> &#8211; Regularne stosowanie suplementu mo\u017ce pom\u00f3c w zapobieganiu degeneracji staw\u00f3w oraz spowolnieniu proces\u00f3w zwi\u0105zanych z ich starzeniem si\u0119.<\/li>\n<li><strong>Poprawa komfortu \u017cycia<\/strong> &#8211; Dzi\u0119ki redukcji dolegliwo\u015bci stawowych, osoby stosuj\u0105ce NuviaLab Flex mog\u0105 cieszy\u0107 si\u0119 lepszym komfortem \u017cycia i wi\u0119ksz\u0105 aktywno\u015bci\u0105 fizyczn\u0105.<\/li>\n<\/ul>\n<h2>Ryzyko skutk\u00f3w ubocznych<\/h2>\n<p>NuviaLab Flex to preparat oparty na naturalnych sk\u0142adnikach, dlatego ryzyko wyst\u0105pienia skutk\u00f3w ubocznych jest minimalne. Sk\u0142adniki u\u017cyte w produkcie s\u0105 starannie wyselekcjonowane i poddane rygorystycznym testom, aby zapewni\u0107 bezpiecze\u0144stwo stosowania. Dzi\u0119ki temu NuviaLab Flex mo\u017ce by\u0107 stosowany przez d\u0142ugi okres czasu bez obaw o skutki uboczne.<\/p>\n<p><em>NuviaLab Flex to innowacyjny suplement diety, kt\u00f3ry stanowi naturaln\u0105 pomoc dla zdrowia staw\u00f3w. Dzi\u0119ki starannie dobranym sk\u0142adnikom, regularne stosowanie kapsu\u0142ek mo\u017ce przynie\u015b\u0107 ulg\u0119 osobom z dolegliwo\u015bciami stawowymi oraz zapewni\u0107 ochron\u0119 i wsparcie dla zdrowych staw\u00f3w na d\u0142ugie lata.<\/em><\/p>\n<\/div>\n<\/div>\n<\/div>\n<\/div>\n<\/div>\n<\/div>\n<\/div>\n<\/div>\n<div class=\"w-full text-token-text-primary\" data-testid=\"conversation-turn-5\">\n<div class=\"px-4 py-2 justify-center text-base md:gap-6 m-auto\">\n<div class=\"flex flex-1 text-base mx-auto gap-3 md:px-5 lg:px-1 xl:px-5 md:max-w-3xl lg:max-w-[40rem] xl:max-w-[48rem] group final-completion\">\n<div class=\"relative flex w-full flex-col lg:w-[calc(100%-115px)] agent-turn\">\n<div class=\"flex-col gap-1 md:gap-3\">\n<div class=\"flex flex-grow flex-col max-w-full\">\n<div class=\"min-h-[20px] text-message flex flex-col items-start gap-3 whitespace-pre-wrap break-words [.text-message+&amp;]:mt-5 overflow-x-auto\" data-message-author-role=\"assistant\" data-message-id=\"c7312369-88fd-461b-9c58-55e67449fc13\">\n<div class=\"markdown prose w-full break-words dark:prose-invert light\">\n<h2>Opinie klient\u00f3w o NuviaLab Flex: fora po\u015bwi\u0119cone zdrowiu<\/h2>\n<p>W Polsce fora internetowe po\u015bwi\u0119cone zdrowiu ciesz\u0105 si\u0119 ogromn\u0105 popularno\u015bci\u0105, staj\u0105c si\u0119 miejscem, gdzie ludzie wymieniaj\u0105 do\u015bwiadczenia oraz poszukuj\u0105 informacji na temat r\u00f3\u017cnych suplement\u00f3w diety i metod poprawy zdrowia. NuviaLab Flex, jako innowacyjny produkt wspieraj\u0105cy zdrowie staw\u00f3w, nieustannie zdobywa uznanie w\u015br\u00f3d u\u017cytkownik\u00f3w tych platform. Wielu klient\u00f3w dzieli si\u0119 swoimi pozytywnymi do\u015bwiadczeniami zwi\u0105zanych z regularnym stosowaniem preparatu, podkre\u015blaj\u0105c jego skuteczno\u015b\u0107 i dost\u0119pno\u015b\u0107.<\/p>\n<p>Oto dwa przyk\u0142adowe opinie od u\u017cytkownik\u00f3w:<\/p>\n<ol>\n<li><strong>Anna<\/strong>: &#8222;Od d\u0142u\u017cszego czasu boryka\u0142am si\u0119 z b\u00f3lem staw\u00f3w, co utrudnia\u0142o mi codzienne funkcjonowanie. Po zastosowaniu NuviaLab Flex zauwa\u017cy\u0142am znaczn\u0105 popraw\u0119! Teraz mog\u0119 cieszy\u0107 si\u0119 pe\u0142ni\u0105 \u017cycia bez dyskomfortu.&#8221;<\/li>\n<li><strong>Piotr<\/strong>: &#8222;Jestem aktywnym sportowcem, wi\u0119c zdrowie moich staw\u00f3w ma dla mnie ogromne znaczenie. NuviaLab Flex okaza\u0142 si\u0119 idealnym wsparciem dla moich staw\u00f3w. Polecam ka\u017cdemu, kto dba o swoje zdrowie!&#8221;<\/li>\n<\/ol>\n<h2>Spos\u00f3b podawania i dawkowanie<\/h2>\n<p>NuviaLab Flex jest \u0142atwy w u\u017cyciu, co sprawia, \u017ce jego stosowanie nie stanowi \u017cadnego problemu. Zalecane dawkowanie to jedna kapsu\u0142ka dziennie, najlepiej popijana szklank\u0105 wody, preferowana jest regularno\u015b\u0107 spo\u017cycia.<\/p>\n<h2>Kup teraz NuviaLab Flex z dostaw\u0105<\/h2>\n<p>Zam\u00f3wienie NuviaLab Flex jest szybkie i wygodne, a co najwa\u017cniejsze, ca\u0142kowicie bezpieczne. Produkt mo\u017cna naby\u0107 online na oficjalnej stronie producenta, gdzie p\u0142atno\u015b\u0107 odbywa si\u0119 dopiero po otrzymaniu przesy\u0142ki. Dzi\u0119ki temu masz pewno\u015b\u0107, \u017ce otrzymujesz oryginalny produkt bezpo\u015brednio od producenta, a proces zakupowy jest wolny od ryzyka.<\/p>\n<p>Dostawa NuviaLab Flex zajmuje zazwyczaj od 3 do 4 dni roboczych, co oznacza, \u017ce w kr\u00f3tkim czasie b\u0119dziesz m\u00f3g\u0142 cieszy\u0107 si\u0119 korzy\u015bciami p\u0142yn\u0105cymi z regularnego stosowania preparatu. Po z\u0142o\u017ceniu zam\u00f3wienia, specjalista skontaktuje si\u0119 z Tob\u0105 telefonicznie, aby potwierdzi\u0107 zam\u00f3wienie i udzieli\u0107 wszelkich niezb\u0119dnych informacji.<\/p>\n<p style=\"text-align: center;\"><a href=\"https:\/\/nplink.net\/yz7coga6\"><button>Zakup na stronie producenta (-50%)<\/button><\/a><\/p>\n<h2>Por\u00f3wnanie ofert: ceny i dost\u0119pno\u015b\u0107 NuviaLab Flex<\/h2>\n<p>Producenci NuviaLab Flex stawiaj\u0105 na dost\u0119pno\u015b\u0107 i bezpo\u015bredni kontakt z klientami, dlatego produkt nie jest dost\u0119pny w stacjonarnych aptekach. Jednak\u017ce, mo\u017cna go naby\u0107 bezpo\u015brednio na oficjalnej stronie producenta, co gwarantuje oryginalno\u015b\u0107 produktu oraz mo\u017cliwo\u015b\u0107 skorzystania z aktualnych promocji i rabat\u00f3w.<\/p>\n<p>Ceny NuviaLab Flex s\u0105 konkurencyjne, a korzy\u015bci p\u0142yn\u0105ce z jego stosowania s\u0105 bezcenne. Zawsze warto sprawdzi\u0107 oficjaln\u0105 stron\u0119 producenta, aby mie\u0107 pewno\u015b\u0107, \u017ce otrzymujesz najkorzystniejsz\u0105 ofert\u0119 oraz aktualne informacje o dost\u0119pnych promocjach.<\/p>\n<\/div>\n<\/div>\n<\/div>\n<\/div>\n<\/div>\n<\/div>\n<\/div>\n<\/div>\n","protected":false},"excerpt":{"rendered":"<p style=\"text-align: center;\"><a href=\"https:\/\/nplink.net\/yz7coga6\"><button>Kup teraz<\/button><\/a><\/p>\n<p>SKU:\u00a0<span class=\"sku\">789.878.083<\/span><\/p>\n<hr \/>\n<p><small>Produkt sprzedawany jest wy\u0142\u0105cznie za po\u015brednictwem oficjalnej strony producenta, id\u017a i kupuj bezpiecznie!<\/small><\/p>\n","protected":false},"featured_media":511,"comment_status":"open","ping_status":"closed","template":"","meta":[],"product_brand":[],"product_cat":[15],"product_tag":[],"class_list":{"0":"post-510","1":"product","2":"type-product","3":"status-publish","4":"has-post-thumbnail","6":"product_cat-supl","7":"thunk-woo-product-list","8":"opn-qv-enable","9":"top-store-woo-hover-","10":"top-store-single-product-tab-horizontal","11":"top-store-shadow-","12":"top-store-shadow-hover-","14":"first","15":"instock","16":"shipping-taxable","17":"purchasable","18":"product-type-simple"},"yoast_head":"<!-- This site is optimized with the Yoast SEO plugin v27.4 - https:\/\/yoast.com\/product\/yoast-seo-wordpress\/ -->\n<title>NuviaLab Flex - kup suplement, cena w aptece, sk\u0142ad, dzia\u0142anie<\/title>\n<meta name=\"robots\" content=\"index, follow, max-snippet:-1, max-image-preview:large, max-video-preview:-1\" \/>\n<link rel=\"canonical\" href=\"https:\/\/lekarzeopole.pl\/wordpress\/product\/nuvialab-flex\/\" \/>\n<meta property=\"og:locale\" content=\"pl_PL\" \/>\n<meta property=\"og:type\" content=\"article\" \/>\n<meta property=\"og:title\" content=\"NuviaLab Flex - kup suplement, cena w aptece, sk\u0142ad, dzia\u0142anie\" \/>\n<meta property=\"og:description\" content=\"Kup teraz SKU:\u00a0789.878.083    Produkt sprzedawany jest wy\u0142\u0105cznie za po\u015brednictwem oficjalnej strony producenta, id\u017a i kupuj bezpiecznie!\" \/>\n<meta property=\"og:url\" content=\"https:\/\/lekarzeopole.pl\/wordpress\/product\/nuvialab-flex\/\" \/>\n<meta property=\"og:site_name\" content=\"Lekarze Opole\" \/>\n<meta property=\"article:modified_time\" content=\"2024-06-08T09:27:18+00:00\" \/>\n<meta property=\"og:image\" content=\"https:\/\/lekarzeopole.pl\/wordpress\/wp-content\/uploads\/2024\/02\/nuvialab-flex.webp\" \/>\n\t<meta property=\"og:image:width\" content=\"548\" \/>\n\t<meta property=\"og:image:height\" content=\"548\" \/>\n\t<meta property=\"og:image:type\" content=\"image\/webp\" \/>\n<meta name=\"twitter:card\" content=\"summary_large_image\" \/>\n<meta name=\"twitter:label1\" content=\"Szacowany czas czytania\" \/>\n\t<meta name=\"twitter:data1\" content=\"6 minut\" \/>\n<script type=\"application\/ld+json\" class=\"yoast-schema-graph\">{\"@context\":\"https:\\\/\\\/schema.org\",\"@graph\":[{\"@type\":\"WebPage\",\"@id\":\"https:\\\/\\\/lekarzeopole.pl\\\/wordpress\\\/product\\\/nuvialab-flex\\\/\",\"url\":\"https:\\\/\\\/lekarzeopole.pl\\\/wordpress\\\/product\\\/nuvialab-flex\\\/\",\"name\":\"NuviaLab Flex - kup suplement, cena w aptece, sk\u0142ad, dzia\u0142anie\",\"isPartOf\":{\"@id\":\"https:\\\/\\\/lekarzeopole.pl\\\/wordpress\\\/#website\"},\"primaryImageOfPage\":{\"@id\":\"https:\\\/\\\/lekarzeopole.pl\\\/wordpress\\\/product\\\/nuvialab-flex\\\/#primaryimage\"},\"image\":{\"@id\":\"https:\\\/\\\/lekarzeopole.pl\\\/wordpress\\\/product\\\/nuvialab-flex\\\/#primaryimage\"},\"thumbnailUrl\":\"https:\\\/\\\/lekarzeopole.pl\\\/wordpress\\\/wp-content\\\/uploads\\\/2024\\\/02\\\/nuvialab-flex.webp\",\"datePublished\":\"2024-02-12T09:21:29+00:00\",\"dateModified\":\"2024-06-08T09:27:18+00:00\",\"breadcrumb\":{\"@id\":\"https:\\\/\\\/lekarzeopole.pl\\\/wordpress\\\/product\\\/nuvialab-flex\\\/#breadcrumb\"},\"inLanguage\":\"pl-PL\",\"potentialAction\":[{\"@type\":\"ReadAction\",\"target\":[\"https:\\\/\\\/lekarzeopole.pl\\\/wordpress\\\/product\\\/nuvialab-flex\\\/\"]}]},{\"@type\":\"ImageObject\",\"inLanguage\":\"pl-PL\",\"@id\":\"https:\\\/\\\/lekarzeopole.pl\\\/wordpress\\\/product\\\/nuvialab-flex\\\/#primaryimage\",\"url\":\"https:\\\/\\\/lekarzeopole.pl\\\/wordpress\\\/wp-content\\\/uploads\\\/2024\\\/02\\\/nuvialab-flex.webp\",\"contentUrl\":\"https:\\\/\\\/lekarzeopole.pl\\\/wordpress\\\/wp-content\\\/uploads\\\/2024\\\/02\\\/nuvialab-flex.webp\",\"width\":548,\"height\":548,\"caption\":\"NuviaLab Flex\"},{\"@type\":\"BreadcrumbList\",\"@id\":\"https:\\\/\\\/lekarzeopole.pl\\\/wordpress\\\/product\\\/nuvialab-flex\\\/#breadcrumb\",\"itemListElement\":[{\"@type\":\"ListItem\",\"position\":1,\"name\":\"\u0413\u043b\u0430\u0432\u043d\u0430\u044f \u0441\u0442\u0440\u0430\u043d\u0438\u0446\u0430\",\"item\":\"https:\\\/\\\/lekarzeopole.pl\\\/wordpress\\\/\"},{\"@type\":\"ListItem\",\"position\":2,\"name\":\"Zakup\",\"item\":\"https:\\\/\\\/lekarzeopole.pl\\\/wordpress\\\/\"},{\"@type\":\"ListItem\",\"position\":3,\"name\":\"NuviaLab Flex\"}]},{\"@type\":\"WebSite\",\"@id\":\"https:\\\/\\\/lekarzeopole.pl\\\/wordpress\\\/#website\",\"url\":\"https:\\\/\\\/lekarzeopole.pl\\\/wordpress\\\/\",\"name\":\"Lekarze Opole\",\"description\":\"\",\"potentialAction\":[{\"@type\":\"SearchAction\",\"target\":{\"@type\":\"EntryPoint\",\"urlTemplate\":\"https:\\\/\\\/lekarzeopole.pl\\\/wordpress\\\/?s={search_term_string}\"},\"query-input\":{\"@type\":\"PropertyValueSpecification\",\"valueRequired\":true,\"valueName\":\"search_term_string\"}}],\"inLanguage\":\"pl-PL\"}]}<\/script>\n<!-- \/ Yoast SEO plugin. -->","yoast_head_json":{"title":"NuviaLab Flex - kup suplement, cena w aptece, sk\u0142ad, dzia\u0142anie","robots":{"index":"index","follow":"follow","max-snippet":"max-snippet:-1","max-image-preview":"max-image-preview:large","max-video-preview":"max-video-preview:-1"},"canonical":"https:\/\/lekarzeopole.pl\/wordpress\/product\/nuvialab-flex\/","og_locale":"pl_PL","og_type":"article","og_title":"NuviaLab Flex - kup suplement, cena w aptece, sk\u0142ad, dzia\u0142anie","og_description":"Kup teraz SKU:\u00a0789.878.083    Produkt sprzedawany jest wy\u0142\u0105cznie za po\u015brednictwem oficjalnej strony producenta, id\u017a i kupuj bezpiecznie!","og_url":"https:\/\/lekarzeopole.pl\/wordpress\/product\/nuvialab-flex\/","og_site_name":"Lekarze Opole","article_modified_time":"2024-06-08T09:27:18+00:00","og_image":[{"width":548,"height":548,"url":"https:\/\/lekarzeopole.pl\/wordpress\/wp-content\/uploads\/2024\/02\/nuvialab-flex.webp","type":"image\/webp"}],"twitter_card":"summary_large_image","twitter_misc":{"Szacowany czas czytania":"6 minut"},"schema":{"@context":"https:\/\/schema.org","@graph":[{"@type":"WebPage","@id":"https:\/\/lekarzeopole.pl\/wordpress\/product\/nuvialab-flex\/","url":"https:\/\/lekarzeopole.pl\/wordpress\/product\/nuvialab-flex\/","name":"NuviaLab Flex - kup suplement, cena w aptece, sk\u0142ad, dzia\u0142anie","isPartOf":{"@id":"https:\/\/lekarzeopole.pl\/wordpress\/#website"},"primaryImageOfPage":{"@id":"https:\/\/lekarzeopole.pl\/wordpress\/product\/nuvialab-flex\/#primaryimage"},"image":{"@id":"https:\/\/lekarzeopole.pl\/wordpress\/product\/nuvialab-flex\/#primaryimage"},"thumbnailUrl":"https:\/\/lekarzeopole.pl\/wordpress\/wp-content\/uploads\/2024\/02\/nuvialab-flex.webp","datePublished":"2024-02-12T09:21:29+00:00","dateModified":"2024-06-08T09:27:18+00:00","breadcrumb":{"@id":"https:\/\/lekarzeopole.pl\/wordpress\/product\/nuvialab-flex\/#breadcrumb"},"inLanguage":"pl-PL","potentialAction":[{"@type":"ReadAction","target":["https:\/\/lekarzeopole.pl\/wordpress\/product\/nuvialab-flex\/"]}]},{"@type":"ImageObject","inLanguage":"pl-PL","@id":"https:\/\/lekarzeopole.pl\/wordpress\/product\/nuvialab-flex\/#primaryimage","url":"https:\/\/lekarzeopole.pl\/wordpress\/wp-content\/uploads\/2024\/02\/nuvialab-flex.webp","contentUrl":"https:\/\/lekarzeopole.pl\/wordpress\/wp-content\/uploads\/2024\/02\/nuvialab-flex.webp","width":548,"height":548,"caption":"NuviaLab Flex"},{"@type":"BreadcrumbList","@id":"https:\/\/lekarzeopole.pl\/wordpress\/product\/nuvialab-flex\/#breadcrumb","itemListElement":[{"@type":"ListItem","position":1,"name":"\u0413\u043b\u0430\u0432\u043d\u0430\u044f \u0441\u0442\u0440\u0430\u043d\u0438\u0446\u0430","item":"https:\/\/lekarzeopole.pl\/wordpress\/"},{"@type":"ListItem","position":2,"name":"Zakup","item":"https:\/\/lekarzeopole.pl\/wordpress\/"},{"@type":"ListItem","position":3,"name":"NuviaLab Flex"}]},{"@type":"WebSite","@id":"https:\/\/lekarzeopole.pl\/wordpress\/#website","url":"https:\/\/lekarzeopole.pl\/wordpress\/","name":"Lekarze Opole","description":"","potentialAction":[{"@type":"SearchAction","target":{"@type":"EntryPoint","urlTemplate":"https:\/\/lekarzeopole.pl\/wordpress\/?s={search_term_string}"},"query-input":{"@type":"PropertyValueSpecification","valueRequired":true,"valueName":"search_term_string"}}],"inLanguage":"pl-PL"}]}},"_links":{"self":[{"href":"https:\/\/lekarzeopole.pl\/wordpress\/wp-json\/wp\/v2\/product\/510","targetHints":{"allow":["GET"]}}],"collection":[{"href":"https:\/\/lekarzeopole.pl\/wordpress\/wp-json\/wp\/v2\/product"}],"about":[{"href":"https:\/\/lekarzeopole.pl\/wordpress\/wp-json\/wp\/v2\/types\/product"}],"replies":[{"embeddable":true,"href":"https:\/\/lekarzeopole.pl\/wordpress\/wp-json\/wp\/v2\/comments?post=510"}],"wp:featuredmedia":[{"embeddable":true,"href":"https:\/\/lekarzeopole.pl\/wordpress\/wp-json\/wp\/v2\/media\/511"}],"wp:attachment":[{"href":"https:\/\/lekarzeopole.pl\/wordpress\/wp-json\/wp\/v2\/media?parent=510"}],"wp:term":[{"taxonomy":"product_brand","embeddable":true,"href":"https:\/\/lekarzeopole.pl\/wordpress\/wp-json\/wp\/v2\/product_brand?post=510"},{"taxonomy":"product_cat","embeddable":true,"href":"https:\/\/lekarzeopole.pl\/wordpress\/wp-json\/wp\/v2\/product_cat?post=510"},{"taxonomy":"product_tag","embeddable":true,"href":"https:\/\/lekarzeopole.pl\/wordpress\/wp-json\/wp\/v2\/product_tag?post=510"}],"curies":[{"name":"wp","href":"https:\/\/api.w.org\/{rel}","templated":true}]}}