{"id":490,"date":"2024-02-12T07:50:50","date_gmt":"2024-02-12T07:50:50","guid":{"rendered":"https:\/\/lekarzeopole.pl\/wordpress\/?post_type=product&#038;p=490"},"modified":"2025-03-04T10:00:17","modified_gmt":"2025-03-04T10:00:17","slug":"keramin","status":"publish","type":"product","link":"https:\/\/lekarzeopole.pl\/wordpress\/product\/keramin\/","title":{"rendered":"Keramin"},"content":{"rendered":"<div class=\"flex-1 overflow-hidden\">\n<div class=\"react-scroll-to-bottom--css-wumcw-79elbk h-full\">\n<div class=\"react-scroll-to-bottom--css-wumcw-1n7m0yu\">\n<div class=\"flex flex-col pb-9 text-sm\">\n<div class=\"w-full text-token-text-primary\" data-testid=\"conversation-turn-3\">\n<div class=\"px-4 py-2 justify-center text-base md:gap-6 m-auto\">\n<div class=\"flex flex-1 text-base mx-auto gap-3 md:px-5 lg:px-1 xl:px-5 md:max-w-3xl lg:max-w-[40rem] xl:max-w-[48rem] group\">\n<div class=\"relative flex w-full flex-col lg:w-[calc(100%-115px)] agent-turn\">\n<div class=\"flex-col gap-1 md:gap-3\">\n<div class=\"flex flex-grow flex-col max-w-full\">\n<div class=\"min-h-[20px] text-message flex flex-col items-start gap-3 whitespace-pre-wrap break-words [.text-message+&amp;]:mt-5 overflow-x-auto\" data-message-author-role=\"assistant\" data-message-id=\"7097cb85-b7bd-45d2-8f85-fc08b79905b2\">\n<div class=\"markdown prose w-full break-words dark:prose-invert light\">\n<p>Keramin to innowacyjny krem przeznaczony do leczenia r\u00f3\u017cnorodnych chor\u00f3b sk\u00f3ry, kt\u00f3ry opiera swoje dzia\u0142anie na unikalnym po\u0142\u0105czeniu naturalnych sk\u0142adnik\u00f3w o udokumentowanych w\u0142a\u015bciwo\u015bciach leczniczych. Dzi\u0119ki swojej skuteczno\u015bci i bezpiecze\u0144stwu stosowania, Keramin zyskuje coraz wi\u0119ksz\u0105 popularno\u015b\u0107 w\u015br\u00f3d os\u00f3b borykaj\u0105cych si\u0119 z \u0142uszczyc\u0105, egzem\u0105, \u0142upie\u017cem oraz innymi schorzeniami sk\u00f3rnymi. Sk\u0142adniki aktywne kremu, takie jak olejek z drzewa herbacianego, wyci\u0105g z nagietka, ekstrakt z aloesu, mas\u0142o shea i olej z wiesio\u0142ka, dzia\u0142aj\u0105 \u0142agodz\u0105co, nawil\u017caj\u0105co i regeneruj\u0105co, przynosz\u0105c ulg\u0119 i poprawiaj\u0105c stan sk\u00f3ry. Dodatkowo, Keramin charakteryzuje si\u0119 minimalnym ryzykiem skutk\u00f3w ubocznych, co sprawia, \u017ce jest to bezpieczna i skuteczna opcja terapeutyczna dla os\u00f3b zmagaj\u0105cych si\u0119 z r\u00f3\u017cnymi problemami sk\u00f3rnymi.<\/p>\n<h2>Wskazania do stosowania Keramin<\/h2>\n<p>Keramin to innowacyjny krem przeznaczony do leczenia r\u00f3\u017cnorodnych chor\u00f3b sk\u00f3ry, kt\u00f3ry charakteryzuje si\u0119 wyj\u0105tkow\u0105 skuteczno\u015bci\u0105 i bezpiecze\u0144stwem stosowania. Wskazaniami do jego u\u017cytkowania s\u0105 przede wszystkim:<\/p>\n<ol>\n<li><strong>\u0141uszczyca:<\/strong> Keramin doskonale sprawdza si\u0119 w leczeniu \u0142uszczycy, redukuj\u0105c objawy choroby, takie jak zaczerwienienie, \u0142uszczenie si\u0119 sk\u00f3ry oraz nadmierna sucho\u015b\u0107.<\/li>\n<li><strong>\u0141upie\u017c:<\/strong> Dzi\u0119ki swoim w\u0142a\u015bciwo\u015bciom \u0142agodz\u0105cym i nawil\u017caj\u0105cym, Keramin efektywnie zwalcza \u0142upie\u017c, przywracaj\u0105c r\u00f3wnowag\u0119 sk\u00f3rze g\u0142owy.<\/li>\n<li><strong>Egzema:<\/strong> Osoby cierpi\u0105ce na egzem\u0119 mog\u0105 liczy\u0107 na ulg\u0119 dzi\u0119ki regularnemu stosowaniu Keramin, kt\u00f3re \u0142agodzi \u015bwi\u0105d, podra\u017cnienie i zapobiega nawrotom choroby.<\/li>\n<li><strong>W\u0142\u00f3kniak sk\u00f3rny:<\/strong> Keramin mo\u017ce by\u0107 r\u00f3wnie\u017c pomocny w przypadku w\u0142\u00f3kniaka sk\u00f3rnego, przynosz\u0105c ulg\u0119 i zmniejszaj\u0105c dyskomfort zwi\u0105zany z t\u0105 chorob\u0105.<\/li>\n<li><strong>Inne choroby sk\u00f3ry:<\/strong> Krem Keramin mo\u017ce by\u0107 stosowany r\u00f3wnie\u017c w przypadku innych schorze\u0144 sk\u00f3rnych, takich jak atopowe zapalenie sk\u00f3ry czy tr\u0105dzik r\u00f3\u017cowaty, przynosz\u0105c ulg\u0119 i poprawiaj\u0105c stan sk\u00f3ry.<\/li>\n<\/ol>\n<h2>Sk\u0142ad i dzia\u0142anie sk\u0142adnik\u00f3w Keramin<\/h2>\n<p>Skuteczno\u015b\u0107 Keramin wynika z unikalnego po\u0142\u0105czenia naturalnych sk\u0142adnik\u00f3w o udokumentowanych w\u0142a\u015bciwo\u015bciach leczniczych. G\u0142\u00f3wne sk\u0142adniki kremu to:<\/p>\n<ol>\n<li><strong>Olejek z drzewa herbacianego:<\/strong> Posiada silne w\u0142a\u015bciwo\u015bci przeciwzapalne i antybakteryjne, co sprawia, \u017ce jest skutecznym \u015brodkiem w walce z r\u00f3\u017cnymi chorobami sk\u00f3ry.<\/li>\n<li><strong>Wyci\u0105g z nagietka:<\/strong> Jest znany ze swoich w\u0142a\u015bciwo\u015bci \u0142agodz\u0105cych podra\u017cnienia sk\u00f3ry oraz przyspieszaj\u0105cych proces gojenia si\u0119 ran.<\/li>\n<li><strong>Ekstrakt z aloesu:<\/strong> Dzia\u0142a nawil\u017caj\u0105co i koj\u0105co, \u0142agodz\u0105c podra\u017cnienia i zapobiegaj\u0105c nadmiernemu przesuszeniu sk\u00f3ry.<\/li>\n<li><strong>Mas\u0142o shea:<\/strong> Bogate w witaminy i kwasy t\u0142uszczowe, doskonale nawil\u017ca i regeneruje sk\u00f3r\u0119, przywracaj\u0105c jej elastyczno\u015b\u0107 i spr\u0119\u017cysto\u015b\u0107.<\/li>\n<li><strong>Olej z wiesio\u0142ka:<\/strong> Zawiera kwasy t\u0142uszczowe omega-6, kt\u00f3re wspomagaj\u0105 regeneracj\u0119 sk\u00f3ry oraz redukuj\u0105 jej nadmiern\u0105 sucho\u015b\u0107.<\/li>\n<\/ol>\n<h2>Efekty Keramin i ich charakterystyka<\/h2>\n<p>Regularne stosowanie kremu Keramin przynosi szereg korzy\u015bci dla sk\u00f3ry, w tym:<\/p>\n<ol>\n<li><strong>Redukcja objaw\u00f3w chor\u00f3b sk\u00f3rnych:<\/strong> Keramin skutecznie \u0142agodzi objawy \u0142uszczycy, egzemy, \u0142upie\u017cu i innych schorze\u0144 sk\u00f3rnych, przynosz\u0105c ulg\u0119 pacjentom i poprawiaj\u0105c ich komfort \u017cycia.<\/li>\n<li><strong>Nawil\u017cenie i regeneracja:<\/strong> Dzi\u0119ki zawarto\u015bci nawil\u017caj\u0105cych sk\u0142adnik\u00f3w, Keramin intensywnie nawil\u017ca sk\u00f3r\u0119, przywracaj\u0105c jej mi\u0119kko\u015b\u0107 i elastyczno\u015b\u0107 oraz przyspieszaj\u0105c proces regeneracji.<\/li>\n<li><strong>Zmniejszenie \u015bwi\u0105du i podra\u017cnienia:<\/strong> W\u0142a\u015bciwo\u015bci koj\u0105ce kremu Keramin pomagaj\u0105 zmniejszy\u0107 \u015bwi\u0105d, podra\u017cnienie i zaczerwienienie sk\u00f3ry, poprawiaj\u0105c jej stan i wygl\u0105d.<\/li>\n<li><strong>Poprawa samopoczucia:<\/strong> Dzi\u0119ki skutecznemu dzia\u0142aniu na r\u00f3\u017cne schorzenia sk\u00f3rne, Keramin przyczynia si\u0119 do poprawy samopoczucia pacjent\u00f3w i zwi\u0119kszenia ich pewno\u015bci siebie.<\/li>\n<\/ol>\n<p style=\"text-align: center;\"><a href=\"http:\/\/tl-track.com\/tracker\/u5T4\"><button>www.keramin.pl<\/button><\/a><\/p>\n<h2>Ryzyko skutk\u00f3w ubocznych<\/h2>\n<p>Keramin jest produktem opartym na naturalnych sk\u0142adnikach, dlatego ryzyko wyst\u0105pienia skutk\u00f3w ubocznych jest minimalne. Sk\u0142adniki kremu zosta\u0142y starannie dobrane, aby zapewni\u0107 maksymaln\u0105 skuteczno\u015b\u0107 przy jednoczesnym minimalnym ryzyku wyst\u0105pienia dzia\u0142a\u0144 niepo\u017c\u0105danych. Dzi\u0119ki temu Keramin mo\u017ce by\u0107 stosowany przez osoby w ka\u017cdym wieku bez obaw o skutki uboczne. Jednak\u017ce, w przypadku wyst\u0105pienia reakcji alergicznych lub nietypowych objaw\u00f3w po zastosowaniu kremu, zaleca si\u0119 przerwanie jego stosowania i skonsultowanie si\u0119 z lekarzem.<\/p>\n<p><em>Keramin to innowacyjny krem do leczenia chor\u00f3b sk\u00f3ry, kt\u00f3ry dzi\u0119ki swoim naturalnym sk\u0142adnikom i skuteczno\u015bci mo\u017ce by\u0107 doskona\u0142\u0105 pomoc\u0105 dla os\u00f3b cierpi\u0105cych na r\u00f3\u017cnorodne schorzenia sk\u00f3rne. Dzi\u0119ki regularnemu stosowaniu Keramin, pacjenci mog\u0105 cieszy\u0107 si\u0119 zdrowsz\u0105 i bardziej komfortow\u0105 sk\u00f3r\u0105, odzyskuj\u0105c pewno\u015b\u0107 siebie i poprawiaj\u0105c swoje samopoczucie.<\/em><\/p>\n<\/div>\n<\/div>\n<\/div>\n<\/div>\n<\/div>\n<\/div>\n<\/div>\n<\/div>\n<div class=\"w-full text-token-text-primary\" data-testid=\"conversation-turn-5\">\n<div class=\"px-4 py-2 justify-center text-base md:gap-6 m-auto\">\n<div class=\"flex flex-1 text-base mx-auto gap-3 md:px-5 lg:px-1 xl:px-5 md:max-w-3xl lg:max-w-[40rem] xl:max-w-[48rem] group final-completion\">\n<div class=\"relative flex w-full flex-col lg:w-[calc(100%-115px)] agent-turn\">\n<div class=\"flex-col gap-1 md:gap-3\">\n<div class=\"flex flex-grow flex-col max-w-full\">\n<div class=\"min-h-[20px] text-message flex flex-col items-start gap-3 whitespace-pre-wrap break-words [.text-message+&amp;]:mt-5 overflow-x-auto\" data-message-author-role=\"assistant\" data-message-id=\"a77f124c-f6f1-4c75-a925-3d3c282ef55d\">\n<div class=\"markdown prose w-full break-words dark:prose-invert light\">\n<h2>Opinie klient\u00f3w o Keramin: fora po\u015bwi\u0119cone zdrowiu<\/h2>\n<p>W Polsce fora internetowe po\u015bwi\u0119cone zdrowiu ciesz\u0105 si\u0119 ogromn\u0105 popularno\u015bci\u0105 w\u015br\u00f3d os\u00f3b poszukuj\u0105cych informacji na temat r\u00f3\u017cnych preparat\u00f3w i metod leczenia. W ostatnim czasie Keramin zyska\u0142 szczeg\u00f3ln\u0105 uwag\u0119 u\u017cytkownik\u00f3w tych platform. Produkt ten sta\u0142 si\u0119 przedmiotem licznych dyskusji i opinii ze wzgl\u0119du na swoj\u0105 skuteczno\u015b\u0107 i dost\u0119pno\u015b\u0107. Wi\u0119kszo\u015b\u0107 u\u017cytkownik\u00f3w opisuje pozytywne do\u015bwiadczenia zwi\u0105zane z stosowaniem Keramin, podkre\u015blaj\u0105c jego efektywno\u015b\u0107 w leczeniu r\u00f3\u017cnych chor\u00f3b sk\u00f3ry oraz \u0142atwo\u015b\u0107 dost\u0119pu do produktu. Oto kilka przyk\u0142adowych opinii:<\/p>\n<ol>\n<li><strong>Anna, 35 lat:<\/strong> &#8222;Od d\u0142u\u017cszego czasu zmaga\u0142am si\u0119 z \u0142uszczyc\u0105, kt\u00f3ra znacz\u0105co pogarsza\u0142a moje samopoczucie i ogranicza\u0142a codzienne funkcjonowanie. Po zastosowaniu Keraminu zauwa\u017cy\u0142am znaczn\u0105 popraw\u0119. Moja sk\u00f3ra sta\u0142a si\u0119 bardziej g\u0142adka i nawil\u017cona, a objawy \u0142uszczycy zdecydowanie si\u0119 zmniejszy\u0142y. Jestem bardzo zadowolona z efekt\u00f3w i gor\u0105co polecam ten produkt!&#8221;<\/li>\n<li><strong>Micha\u0142, 28 lat:<\/strong> &#8222;Przez wiele lat zmaga\u0142em si\u0119 z trudnymi do zwalczenia objawami \u0142upie\u017cu, kt\u00f3re przynosi\u0142y mi wiele dyskomfortu i ogranicza\u0142y moje codzienne \u017cycie. Dopiero po zastosowaniu Keraminu uda\u0142o mi si\u0119 uzyska\u0107 ulg\u0119. Sk\u00f3ra g\u0142owy przesta\u0142a sw\u0119dzie\u0107, a \u0142upie\u017c znacz\u0105co si\u0119 zmniejszy\u0142. Jestem bardzo zadowolony z efekt\u00f3w i b\u0119d\u0119 kontynuowa\u0142 stosowanie tego produktu.&#8221;<\/li>\n<\/ol>\n<h2>Spos\u00f3b podawania i dawkowanie<\/h2>\n<p>Keramin nale\u017cy stosowa\u0107 zgodnie z zaleceniami producenta. Przed u\u017cyciem nale\u017cy dok\u0142adnie umy\u0107 i osuszy\u0107 sk\u00f3r\u0119, a nast\u0119pnie na\u0142o\u017cy\u0107 niewielk\u0105 ilo\u015b\u0107 kremu na dotkni\u0119te obszary. Produkt nale\u017cy delikatnie wmasowa\u0107, a\u017c do ca\u0142kowitego wch\u0142oni\u0119cia. Zaleca si\u0119 stosowanie Keraminu 1-2 razy dziennie, w zale\u017cno\u015bci od potrzeb i zalece\u0144 lekarza.<\/p>\n<h2>Kup teraz Keramin z dostaw\u0105<\/h2>\n<p>Zam\u00f3wienie Keraminu jest \u0142atwe i wygodne dzi\u0119ki mo\u017cliwo\u015bci zakupu online na oficjalnej stronie producenta. Klient nie musi martwi\u0107 si\u0119 o przedp\u0142aty, poniewa\u017c p\u0142atno\u015b\u0107 za produkt odbywa si\u0119 dopiero po otrzymaniu przesy\u0142ki. Dostawa Keraminu zajmuje zazwyczaj 3-4 dni robocze i odbywa si\u0119 na terenie ca\u0142ej Polski. Dodatkowo, po z\u0142o\u017ceniu zam\u00f3wienia, klient otrzymuje potwierdzenie telefoniczne od specjalisty, kt\u00f3ry s\u0142u\u017cy pomoc\u0105 i konsultacj\u0105 w przypadku dodatkowych pyta\u0144.<\/p>\n<p style=\"text-align: center;\"><a href=\"http:\/\/tl-track.com\/tracker\/u5T4\"><button>Zakup na stronie producenta (-50%)<\/button><\/a><\/p>\n<h2>Por\u00f3wnanie ofert: ceny i dost\u0119pno\u015b\u0107 Keramin<\/h2>\n<p>Producent Keramin stawia na bezpo\u015bredni\u0105 dost\u0119pno\u015b\u0107 swojego produktu dla klient\u00f3w, dlatego mo\u017cna go naby\u0107 bezpo\u015brednio na oficjalnej stronie internetowej, eliminuj\u0105c po\u015brednik\u00f3w i dodatkowe mar\u017ce. Dodatkowo, producent regularnie oferuje atrakcyjne promocje i zni\u017cki, kt\u00f3rych aktualno\u015b\u0107 warto sprawdza\u0107 na bie\u017c\u0105co. Warto zaznaczy\u0107, \u017ce Keramin nie jest dost\u0119pny w stacjonarnych aptekach, co sprawia, \u017ce zakup online jest jedynym sposobem na jego nabycie.<\/p>\n<\/div>\n<\/div>\n<\/div>\n<\/div>\n<\/div>\n<\/div>\n<\/div>\n<\/div>\n<\/div>\n<\/div>\n<\/div>\n<\/div>\n","protected":false},"excerpt":{"rendered":"<p style=\"text-align: center;\"><a href=\"http:\/\/tl-track.com\/tracker\/u5T4\"><button>Kup teraz<\/button><\/a><\/p>\n<p>SKU:\u00a0<span class=\"sku\">789.878.073<\/span><\/p>\n<hr \/>\n<p><small>Produkt sprzedawany jest wy\u0142\u0105cznie za po\u015brednictwem oficjalnej strony producenta, id\u017a i kupuj bezpiecznie!<\/small><\/p>\n","protected":false},"featured_media":491,"comment_status":"open","ping_status":"closed","template":"","meta":[],"product_brand":[],"product_cat":[15],"product_tag":[],"class_list":{"0":"post-490","1":"product","2":"type-product","3":"status-publish","4":"has-post-thumbnail","6":"product_cat-supl","7":"thunk-woo-product-list","8":"opn-qv-enable","9":"top-store-woo-hover-","10":"top-store-single-product-tab-horizontal","11":"top-store-shadow-","12":"top-store-shadow-hover-","14":"first","15":"instock","16":"sale","17":"shipping-taxable","18":"purchasable","19":"product-type-simple"},"yoast_head":"<!-- This site is optimized with the Yoast SEO plugin v27.4 - https:\/\/yoast.com\/product\/yoast-seo-wordpress\/ -->\n<title>Keramin - kup suplement, cena w aptece, sk\u0142ad, dzia\u0142anie<\/title>\n<meta name=\"robots\" content=\"index, follow, max-snippet:-1, max-image-preview:large, max-video-preview:-1\" \/>\n<link rel=\"canonical\" href=\"https:\/\/lekarzeopole.pl\/wordpress\/product\/keramin\/\" \/>\n<meta property=\"og:locale\" content=\"pl_PL\" \/>\n<meta property=\"og:type\" content=\"article\" \/>\n<meta property=\"og:title\" content=\"Keramin - kup suplement, cena w aptece, sk\u0142ad, dzia\u0142anie\" \/>\n<meta property=\"og:description\" content=\"Kup teraz SKU:\u00a0789.878.073    Produkt sprzedawany jest wy\u0142\u0105cznie za po\u015brednictwem oficjalnej strony producenta, id\u017a i kupuj bezpiecznie!\" \/>\n<meta property=\"og:url\" content=\"https:\/\/lekarzeopole.pl\/wordpress\/product\/keramin\/\" \/>\n<meta property=\"og:site_name\" content=\"Lekarze Opole\" \/>\n<meta property=\"article:modified_time\" content=\"2025-03-04T10:00:17+00:00\" \/>\n<meta property=\"og:image\" content=\"https:\/\/lekarzeopole.pl\/wordpress\/wp-content\/uploads\/2024\/02\/keramin.png\" \/>\n\t<meta property=\"og:image:width\" content=\"400\" \/>\n\t<meta property=\"og:image:height\" content=\"400\" \/>\n\t<meta property=\"og:image:type\" content=\"image\/png\" \/>\n<meta name=\"twitter:card\" content=\"summary_large_image\" \/>\n<meta name=\"twitter:label1\" content=\"Szacowany czas czytania\" \/>\n\t<meta name=\"twitter:data1\" content=\"6 minut\" \/>\n<script type=\"application\/ld+json\" class=\"yoast-schema-graph\">{\"@context\":\"https:\\\/\\\/schema.org\",\"@graph\":[{\"@type\":\"WebPage\",\"@id\":\"https:\\\/\\\/lekarzeopole.pl\\\/wordpress\\\/product\\\/keramin\\\/\",\"url\":\"https:\\\/\\\/lekarzeopole.pl\\\/wordpress\\\/product\\\/keramin\\\/\",\"name\":\"Keramin - kup suplement, cena w aptece, sk\u0142ad, dzia\u0142anie\",\"isPartOf\":{\"@id\":\"https:\\\/\\\/lekarzeopole.pl\\\/wordpress\\\/#website\"},\"primaryImageOfPage\":{\"@id\":\"https:\\\/\\\/lekarzeopole.pl\\\/wordpress\\\/product\\\/keramin\\\/#primaryimage\"},\"image\":{\"@id\":\"https:\\\/\\\/lekarzeopole.pl\\\/wordpress\\\/product\\\/keramin\\\/#primaryimage\"},\"thumbnailUrl\":\"https:\\\/\\\/lekarzeopole.pl\\\/wordpress\\\/wp-content\\\/uploads\\\/2024\\\/02\\\/keramin.png\",\"datePublished\":\"2024-02-12T07:50:50+00:00\",\"dateModified\":\"2025-03-04T10:00:17+00:00\",\"breadcrumb\":{\"@id\":\"https:\\\/\\\/lekarzeopole.pl\\\/wordpress\\\/product\\\/keramin\\\/#breadcrumb\"},\"inLanguage\":\"pl-PL\",\"potentialAction\":[{\"@type\":\"ReadAction\",\"target\":[\"https:\\\/\\\/lekarzeopole.pl\\\/wordpress\\\/product\\\/keramin\\\/\"]}]},{\"@type\":\"ImageObject\",\"inLanguage\":\"pl-PL\",\"@id\":\"https:\\\/\\\/lekarzeopole.pl\\\/wordpress\\\/product\\\/keramin\\\/#primaryimage\",\"url\":\"https:\\\/\\\/lekarzeopole.pl\\\/wordpress\\\/wp-content\\\/uploads\\\/2024\\\/02\\\/keramin.png\",\"contentUrl\":\"https:\\\/\\\/lekarzeopole.pl\\\/wordpress\\\/wp-content\\\/uploads\\\/2024\\\/02\\\/keramin.png\",\"width\":400,\"height\":400,\"caption\":\"Keramin\"},{\"@type\":\"BreadcrumbList\",\"@id\":\"https:\\\/\\\/lekarzeopole.pl\\\/wordpress\\\/product\\\/keramin\\\/#breadcrumb\",\"itemListElement\":[{\"@type\":\"ListItem\",\"position\":1,\"name\":\"\u0413\u043b\u0430\u0432\u043d\u0430\u044f \u0441\u0442\u0440\u0430\u043d\u0438\u0446\u0430\",\"item\":\"https:\\\/\\\/lekarzeopole.pl\\\/wordpress\\\/\"},{\"@type\":\"ListItem\",\"position\":2,\"name\":\"Zakup\",\"item\":\"https:\\\/\\\/lekarzeopole.pl\\\/wordpress\\\/\"},{\"@type\":\"ListItem\",\"position\":3,\"name\":\"Keramin\"}]},{\"@type\":\"WebSite\",\"@id\":\"https:\\\/\\\/lekarzeopole.pl\\\/wordpress\\\/#website\",\"url\":\"https:\\\/\\\/lekarzeopole.pl\\\/wordpress\\\/\",\"name\":\"Lekarze Opole\",\"description\":\"\",\"potentialAction\":[{\"@type\":\"SearchAction\",\"target\":{\"@type\":\"EntryPoint\",\"urlTemplate\":\"https:\\\/\\\/lekarzeopole.pl\\\/wordpress\\\/?s={search_term_string}\"},\"query-input\":{\"@type\":\"PropertyValueSpecification\",\"valueRequired\":true,\"valueName\":\"search_term_string\"}}],\"inLanguage\":\"pl-PL\"}]}<\/script>\n<!-- \/ Yoast SEO plugin. -->","yoast_head_json":{"title":"Keramin - kup suplement, cena w aptece, sk\u0142ad, dzia\u0142anie","robots":{"index":"index","follow":"follow","max-snippet":"max-snippet:-1","max-image-preview":"max-image-preview:large","max-video-preview":"max-video-preview:-1"},"canonical":"https:\/\/lekarzeopole.pl\/wordpress\/product\/keramin\/","og_locale":"pl_PL","og_type":"article","og_title":"Keramin - kup suplement, cena w aptece, sk\u0142ad, dzia\u0142anie","og_description":"Kup teraz SKU:\u00a0789.878.073    Produkt sprzedawany jest wy\u0142\u0105cznie za po\u015brednictwem oficjalnej strony producenta, id\u017a i kupuj bezpiecznie!","og_url":"https:\/\/lekarzeopole.pl\/wordpress\/product\/keramin\/","og_site_name":"Lekarze Opole","article_modified_time":"2025-03-04T10:00:17+00:00","og_image":[{"width":400,"height":400,"url":"https:\/\/lekarzeopole.pl\/wordpress\/wp-content\/uploads\/2024\/02\/keramin.png","type":"image\/png"}],"twitter_card":"summary_large_image","twitter_misc":{"Szacowany czas czytania":"6 minut"},"schema":{"@context":"https:\/\/schema.org","@graph":[{"@type":"WebPage","@id":"https:\/\/lekarzeopole.pl\/wordpress\/product\/keramin\/","url":"https:\/\/lekarzeopole.pl\/wordpress\/product\/keramin\/","name":"Keramin - kup suplement, cena w aptece, sk\u0142ad, dzia\u0142anie","isPartOf":{"@id":"https:\/\/lekarzeopole.pl\/wordpress\/#website"},"primaryImageOfPage":{"@id":"https:\/\/lekarzeopole.pl\/wordpress\/product\/keramin\/#primaryimage"},"image":{"@id":"https:\/\/lekarzeopole.pl\/wordpress\/product\/keramin\/#primaryimage"},"thumbnailUrl":"https:\/\/lekarzeopole.pl\/wordpress\/wp-content\/uploads\/2024\/02\/keramin.png","datePublished":"2024-02-12T07:50:50+00:00","dateModified":"2025-03-04T10:00:17+00:00","breadcrumb":{"@id":"https:\/\/lekarzeopole.pl\/wordpress\/product\/keramin\/#breadcrumb"},"inLanguage":"pl-PL","potentialAction":[{"@type":"ReadAction","target":["https:\/\/lekarzeopole.pl\/wordpress\/product\/keramin\/"]}]},{"@type":"ImageObject","inLanguage":"pl-PL","@id":"https:\/\/lekarzeopole.pl\/wordpress\/product\/keramin\/#primaryimage","url":"https:\/\/lekarzeopole.pl\/wordpress\/wp-content\/uploads\/2024\/02\/keramin.png","contentUrl":"https:\/\/lekarzeopole.pl\/wordpress\/wp-content\/uploads\/2024\/02\/keramin.png","width":400,"height":400,"caption":"Keramin"},{"@type":"BreadcrumbList","@id":"https:\/\/lekarzeopole.pl\/wordpress\/product\/keramin\/#breadcrumb","itemListElement":[{"@type":"ListItem","position":1,"name":"\u0413\u043b\u0430\u0432\u043d\u0430\u044f \u0441\u0442\u0440\u0430\u043d\u0438\u0446\u0430","item":"https:\/\/lekarzeopole.pl\/wordpress\/"},{"@type":"ListItem","position":2,"name":"Zakup","item":"https:\/\/lekarzeopole.pl\/wordpress\/"},{"@type":"ListItem","position":3,"name":"Keramin"}]},{"@type":"WebSite","@id":"https:\/\/lekarzeopole.pl\/wordpress\/#website","url":"https:\/\/lekarzeopole.pl\/wordpress\/","name":"Lekarze Opole","description":"","potentialAction":[{"@type":"SearchAction","target":{"@type":"EntryPoint","urlTemplate":"https:\/\/lekarzeopole.pl\/wordpress\/?s={search_term_string}"},"query-input":{"@type":"PropertyValueSpecification","valueRequired":true,"valueName":"search_term_string"}}],"inLanguage":"pl-PL"}]}},"_links":{"self":[{"href":"https:\/\/lekarzeopole.pl\/wordpress\/wp-json\/wp\/v2\/product\/490","targetHints":{"allow":["GET"]}}],"collection":[{"href":"https:\/\/lekarzeopole.pl\/wordpress\/wp-json\/wp\/v2\/product"}],"about":[{"href":"https:\/\/lekarzeopole.pl\/wordpress\/wp-json\/wp\/v2\/types\/product"}],"replies":[{"embeddable":true,"href":"https:\/\/lekarzeopole.pl\/wordpress\/wp-json\/wp\/v2\/comments?post=490"}],"wp:featuredmedia":[{"embeddable":true,"href":"https:\/\/lekarzeopole.pl\/wordpress\/wp-json\/wp\/v2\/media\/491"}],"wp:attachment":[{"href":"https:\/\/lekarzeopole.pl\/wordpress\/wp-json\/wp\/v2\/media?parent=490"}],"wp:term":[{"taxonomy":"product_brand","embeddable":true,"href":"https:\/\/lekarzeopole.pl\/wordpress\/wp-json\/wp\/v2\/product_brand?post=490"},{"taxonomy":"product_cat","embeddable":true,"href":"https:\/\/lekarzeopole.pl\/wordpress\/wp-json\/wp\/v2\/product_cat?post=490"},{"taxonomy":"product_tag","embeddable":true,"href":"https:\/\/lekarzeopole.pl\/wordpress\/wp-json\/wp\/v2\/product_tag?post=490"}],"curies":[{"name":"wp","href":"https:\/\/api.w.org\/{rel}","templated":true}]}}