{"id":448,"date":"2024-02-09T09:33:42","date_gmt":"2024-02-09T09:33:42","guid":{"rendered":"https:\/\/lekarzeopole.pl\/wordpress\/?post_type=product&#038;p=448"},"modified":"2025-03-07T13:33:22","modified_gmt":"2025-03-07T13:33:22","slug":"ok-look","status":"publish","type":"product","link":"https:\/\/lekarzeopole.pl\/wordpress\/product\/ok-look\/","title":{"rendered":"OK Look"},"content":{"rendered":"<div class=\"w-full text-token-text-primary\" data-testid=\"conversation-turn-3\">\n<div class=\"px-4 py-2 justify-center text-base md:gap-6 m-auto\">\n<div class=\"flex flex-1 text-base mx-auto gap-3 md:px-5 lg:px-1 xl:px-5 md:max-w-3xl lg:max-w-[40rem] xl:max-w-[48rem] group\">\n<div class=\"relative flex w-full flex-col lg:w-[calc(100%-115px)] agent-turn\">\n<div class=\"flex-col gap-1 md:gap-3\">\n<div class=\"flex flex-grow flex-col max-w-full\">\n<div class=\"min-h-[20px] text-message flex flex-col items-start gap-3 whitespace-pre-wrap break-words [.text-message+&amp;]:mt-5 overflow-x-auto\" data-message-author-role=\"assistant\" data-message-id=\"3616afc4-30e4-4517-8642-5a403149ae5c\">\n<div class=\"markdown prose w-full break-words dark:prose-invert light\">\n<p>W dzisiejszych czasach wzmo\u017cone obci\u0105\u017cenie oczu, spowodowane d\u0142ugotrwa\u0142ym korzystaniem z urz\u0105dze\u0144 elektronicznych oraz zanieczyszczeniem \u015brodowiska, staje si\u0119 powszechne. Dlatego te\u017c wa\u017cne jest, aby dba\u0107 o zdrowie i kondycj\u0119 swoich oczu. Na rynku pojawia si\u0119 coraz wi\u0119cej produkt\u00f3w, kt\u00f3re maj\u0105 wspiera\u0107 zdrowie wzroku. Jednym z nich s\u0105 kapsu\u0142ki do oczu OK Look, kt\u00f3re zawieraj\u0105 naturalne sk\u0142adniki, maj\u0105ce korzystny wp\u0142yw na oczy. Poni\u017cej przedstawiamy szeroki przegl\u0105d tego produktu oraz jego sk\u0142adnik\u00f3w.<\/p>\n<h2>Wskazania do stosowania OK Look:<\/h2>\n<p>Kapsu\u0142ki OK Look s\u0105 polecane osobom, kt\u00f3re do\u015bwiadczaj\u0105 zm\u0119czonych, zaczerwienionych oczu, a tak\u017ce cierpi\u0105 na problemy ze wzrokiem, takie jak kr\u00f3tkowzroczno\u015b\u0107 czy nadwzroczno\u015b\u0107. Osoby pracuj\u0105ce przy komputerze przez d\u0142ugie godziny, kierowcy oraz wszyscy, kt\u00f3rzy nara\u017ceni s\u0105 na dzia\u0142anie szkodliwych czynnik\u00f3w zewn\u0119trznych, mog\u0105 korzysta\u0107 z tego produktu, aby zadba\u0107 o swoje oczy.<\/p>\n<h2>Sk\u0142ad i dzia\u0142anie sk\u0142adnik\u00f3w OK Look:<\/h2>\n<p>Kapsu\u0142ki OK Look zawieraj\u0105 naturalne sk\u0142adniki, kt\u00f3re s\u0105 znane ze swojego korzystnego wp\u0142ywu na wzrok. W sk\u0142adzie produktu znajduj\u0105 si\u0119 mi\u0119dzy innymi:<\/p>\n<ul>\n<li><strong>Beta-karoten:<\/strong> Proszek z marchwi, bogaty w beta-karoten, jest znany ze swojego dzia\u0142ania antyoksydacyjnego, kt\u00f3re pomaga w ochronie oczu przed szkodliwym dzia\u0142aniem wolnych rodnik\u00f3w.<\/li>\n<li><strong>Luteina:<\/strong> Sk\u0142adnik ten jest naturalnym barwnikiem wyst\u0119puj\u0105cym w warzywach, takich jak szpinak czy jarmu\u017c. Luteina pomaga w utrzymaniu zdrowej siatk\u00f3wki oka poprzez filtracj\u0119 szkodliwego \u015bwiat\u0142a niebieskiego.<\/li>\n<li><strong>Witaminy i minera\u0142y:<\/strong> OK Look dostarcza r\u00f3wnie\u017c organizmowi odpowiedni\u0105 dawk\u0119 witamin i minera\u0142\u00f3w, takich jak witamina A, C, E oraz cynk, kt\u00f3re wspieraj\u0105 og\u00f3lne zdrowie oczu oraz zapobiegaj\u0105 przedwczesnemu starzeniu si\u0119 narz\u0105du wzroku.<\/li>\n<\/ul>\n<p>Dzi\u0119ki po\u0142\u0105czeniu tych sk\u0142adnik\u00f3w, kapsu\u0142ki OK Look zapewniaj\u0105 kompleksow\u0105 ochron\u0119 oczu oraz wspomagaj\u0105 ich prawid\u0142owe funkcjonowanie.<\/p>\n<p style=\"text-align: center;\"><a href=\"https:\/\/tl-track.com\/tracker\/uYZN\"><button>www.ok-look.pl<\/button><\/a><\/p>\n<h2>Efekty OK Look i ich charakterystyka:<\/h2>\n<p>Regularne stosowanie kapsu\u0142ek OK Look przynosi szereg korzy\u015bci dla zdrowia oczu. W\u015br\u00f3d g\u0142\u00f3wnych efekt\u00f3w mo\u017cna wymieni\u0107:<\/p>\n<ul>\n<li><strong>Lepsza ostro\u015b\u0107 widzenia:<\/strong> Sk\u0142adniki zawarte w kapsu\u0142kach OK Look wspomagaj\u0105 prac\u0119 siatk\u00f3wki oka, co przek\u0142ada si\u0119 na popraw\u0119 ostro\u015bci widzenia.<\/li>\n<li><strong>Ochrona przed zm\u0119czeniem oczu:<\/strong> Dzia\u0142anie antyoksydacyjne beta-karotenu oraz luteiny pomaga w ochronie oczu przed szkodliwym wp\u0142ywem d\u0142ugotrwa\u0142ego korzystania z komputer\u00f3w i innych urz\u0105dze\u0144 elektronicznych.<\/li>\n<li><strong>Zmniejszenie podra\u017cnie\u0144 i zaczerwienie\u0144:<\/strong> Sk\u0142adniki kapsu\u0142ek maj\u0105 dzia\u0142anie \u0142agodz\u0105ce, co pomaga zmniejszy\u0107 podra\u017cnienia i zaczerwienienia oczu.<\/li>\n<\/ul>\n<p>Efekty te sprawiaj\u0105, \u017ce kapsu\u0142ki OK Look s\u0105 cenione przez osoby, kt\u00f3re dbaj\u0105 o swoje zdrowie wzroku oraz chc\u0105 zapobiec problemom zwi\u0105zanych z nadmiernym obci\u0105\u017ceniem oczu.<\/p>\n<h2>Ryzyko skutk\u00f3w ubocznych:<\/h2>\n<p>Jednym z g\u0142\u00f3wnych atut\u00f3w kapsu\u0142ek OK Look jest ich naturalny sk\u0142ad, wolny od sztucznych dodatk\u00f3w i substancji chemicznych. Dzi\u0119ki temu ryzyko wyst\u0105pienia skutk\u00f3w ubocznych jest minimalne. Jednak\u017ce, jak w przypadku ka\u017cdego suplementu diety, istnieje mo\u017cliwo\u015b\u0107 indywidualnej nietolerancji na kt\u00f3ry\u015b ze sk\u0142adnik\u00f3w. Dlatego te\u017c zawsze warto skonsultowa\u0107 si\u0119 z lekarzem przed rozpocz\u0119ciem suplementacji, zw\u0142aszcza w przypadku os\u00f3b cierpi\u0105cych na powa\u017cne schorzenia zdrowotne.<\/p>\n<p><em>OK Look stanowi\u0105 skuteczn\u0105 i naturaln\u0105 pomoc dla os\u00f3b, kt\u00f3re chc\u0105 zadba\u0107 o zdrowie swoich oczu. Dzi\u0119ki swojemu sk\u0142adowi oraz kompleksowemu dzia\u0142aniu, s\u0105 one coraz popularniejszym wyborem os\u00f3b dbaj\u0105cych o zdrowie wzroku w erze wzmo\u017conego obci\u0105\u017cenia oczu.<\/em><\/p>\n<\/div>\n<\/div>\n<\/div>\n<\/div>\n<\/div>\n<\/div>\n<\/div>\n<\/div>\n<div class=\"w-full text-token-text-primary\" data-testid=\"conversation-turn-5\">\n<div class=\"px-4 py-2 justify-center text-base md:gap-6 m-auto\">\n<div class=\"flex flex-1 text-base mx-auto gap-3 md:px-5 lg:px-1 xl:px-5 md:max-w-3xl lg:max-w-[40rem] xl:max-w-[48rem] group final-completion\">\n<div class=\"relative flex w-full flex-col lg:w-[calc(100%-115px)] agent-turn\">\n<div class=\"flex-col gap-1 md:gap-3\">\n<div class=\"flex flex-grow flex-col max-w-full\">\n<div class=\"min-h-[20px] text-message flex flex-col items-start gap-3 whitespace-pre-wrap break-words [.text-message+&amp;]:mt-5 overflow-x-auto\" data-message-author-role=\"assistant\" data-message-id=\"36b601ab-1a4b-4eaf-aaaf-31a5fc426e0e\">\n<div class=\"markdown prose w-full break-words dark:prose-invert light\">\n<h2>Opinie klient\u00f3w o OK Look: fora po\u015bwi\u0119cone zdrowiu<\/h2>\n<p>W Polsce fora internetowe po\u015bwi\u0119cone zdrowiu i suplementacji diety ciesz\u0105 si\u0119 ogromn\u0105 popularno\u015bci\u0105. W\u015br\u00f3d wielu omawianych produkt\u00f3w znajduj\u0105 si\u0119 tak\u017ce kapsu\u0142ki OK Look, kt\u00f3re zyskuj\u0105 coraz wi\u0119ksze uznanie w\u015br\u00f3d u\u017cytkownik\u00f3w. Wi\u0119kszo\u015b\u0107 opinii na temat tego preparatu jest pozytywna, a konsumenci chwal\u0105 jego skuteczno\u015b\u0107, dost\u0119pno\u015b\u0107 oraz przyst\u0119pn\u0105 cen\u0119.<\/p>\n<ul>\n<li><strong>Opinia od Anny:<\/strong> &#8222;Od d\u0142u\u017cszego czasu mia\u0142am problemy ze wzrokiem, szczeg\u00f3lnie podczas d\u0142ugiego korzystania z komputera w pracy. Postanowi\u0142am spr\u00f3bowa\u0107 kapsu\u0142ek OK Look i nie \u017ca\u0142uj\u0119! Moje oczy s\u0105 mniej zm\u0119czone, a widzenie wyra\u017aniejsze. Polecam wszystkim, kt\u00f3rzy maj\u0105 podobne problemy.&#8221;<\/li>\n<li><strong>Opinia od Micha\u0142a:<\/strong> &#8222;Jestem kierowc\u0105 zawodowym i cz\u0119sto sp\u0119dzam d\u0142ugie godziny za kierownic\u0105. Zauwa\u017cy\u0142em, \u017ce moje oczy stawa\u0142y si\u0119 coraz bardziej zm\u0119czone i suche. Po zastosowaniu kapsu\u0142ek OK Look odczuwam znaczn\u0105 popraw\u0119, a moje oczy s\u0105 bardziej komfortowe nawet po d\u0142ugiej je\u017adzie. Gor\u0105co polecam!&#8221;<\/li>\n<\/ul>\n<h2>Spos\u00f3b podawania i dawkowanie<\/h2>\n<p>Zalecana dawka kapsu\u0142ek OK Look to jedna kapsu\u0142ka dziennie, najlepiej podczas posi\u0142ku, popijaj\u0105c szklank\u0105 wody. Regularne stosowanie preparatu mo\u017ce przynie\u015b\u0107 najlepsze efekty w utrzymaniu zdrowia oczu.<\/p>\n<h2>Kup teraz OK Look z dostaw\u0105<\/h2>\n<p>Zakup kapsu\u0142ek OK Look jest niezwykle prosty i wygodny. Produkt mo\u017cna naby\u0107 online, bez konieczno\u015bci op\u0142acania go z g\u00f3ry. P\u0142atno\u015b\u0107 dokonuje si\u0119 dopiero po otrzymaniu zam\u00f3wienia, co gwarantuje otrzymanie oryginalnego produktu bez \u017cadnych ryzyk. Dostawa zam\u00f3wienia zajmuje zazwyczaj od 3 do 4 dni roboczych na terenie Polski. Po z\u0142o\u017ceniu zam\u00f3wienia, specjalista kontaktuje si\u0119 telefonicznie w celu potwierdzenia zam\u00f3wienia oraz mo\u017ce udzieli\u0107 dodatkowych informacji na temat produktu oraz aktualnych promocji.<\/p>\n<p style=\"text-align: center;\"><a href=\"https:\/\/tl-track.com\/tracker\/uYZN\"><button>Zakup na stronie producenta (-50%)<\/button><\/a><\/p>\n<h2>Por\u00f3wnanie ofert: ceny i dost\u0119pno\u015b\u0107 OK Look<\/h2>\n<p>Producenci kapsu\u0142ek OK Look stawiaj\u0105 na dost\u0119pno\u015b\u0107 i bezpo\u015bredni kontakt z klientem. Dlatego te\u017c produkt dost\u0119pny jest do zakupu wy\u0142\u0105cznie na oficjalnej stronie internetowej producenta, eliminuj\u0105c po\u015brednik\u00f3w oraz nadmierne mar\u017ce. Dodatkowo, istnieje mo\u017cliwo\u015b\u0107 korzystania z atrakcyjnych rabat\u00f3w, kt\u00f3rych aktualno\u015b\u0107 nale\u017cy regularnie sprawdza\u0107 na stronie producenta. Dzi\u0119ki takiemu podej\u015bciu, klienci mog\u0105 mie\u0107 pewno\u015b\u0107, \u017ce otrzymuj\u0105 oryginalny produkt w konkurencyjnej cenie, bez konieczno\u015bci poszukiwania w stacjonarnych aptekach.<\/p>\n<\/div>\n<\/div>\n<\/div>\n<\/div>\n<\/div>\n<\/div>\n<\/div>\n<\/div>\n","protected":false},"excerpt":{"rendered":"<p style=\"text-align: center;\"><a href=\"https:\/\/tl-track.com\/tracker\/uYZN\"><button>Kup teraz<\/button><\/a><\/p>\n<p>SKU:\u00a0<span class=\"sku\">789.878.053<\/span><\/p>\n<hr \/>\n<p><small>Produkt sprzedawany jest wy\u0142\u0105cznie za po\u015brednictwem oficjalnej strony producenta, id\u017a i kupuj bezpiecznie!<\/small><\/p>\n","protected":false},"featured_media":449,"comment_status":"open","ping_status":"closed","template":"","meta":[],"product_brand":[],"product_cat":[15],"product_tag":[],"class_list":{"0":"post-448","1":"product","2":"type-product","3":"status-publish","4":"has-post-thumbnail","6":"product_cat-supl","7":"thunk-woo-product-list","8":"opn-qv-enable","9":"top-store-woo-hover-","10":"top-store-single-product-tab-horizontal","11":"top-store-shadow-","12":"top-store-shadow-hover-","14":"first","15":"instock","16":"sale","17":"shipping-taxable","18":"purchasable","19":"product-type-simple"},"yoast_head":"<!-- This site is optimized with the Yoast SEO plugin v27.4 - https:\/\/yoast.com\/product\/yoast-seo-wordpress\/ -->\n<title>OK Look - kup suplement, cena w aptece, sk\u0142ad, dzia\u0142anie<\/title>\n<meta name=\"robots\" content=\"index, follow, max-snippet:-1, max-image-preview:large, max-video-preview:-1\" \/>\n<link rel=\"canonical\" href=\"https:\/\/lekarzeopole.pl\/wordpress\/product\/ok-look\/\" \/>\n<meta property=\"og:locale\" content=\"pl_PL\" \/>\n<meta property=\"og:type\" content=\"article\" \/>\n<meta property=\"og:title\" content=\"OK Look - kup suplement, cena w aptece, sk\u0142ad, dzia\u0142anie\" \/>\n<meta property=\"og:description\" content=\"Kup teraz SKU:\u00a0789.878.053    Produkt sprzedawany jest wy\u0142\u0105cznie za po\u015brednictwem oficjalnej strony producenta, id\u017a i kupuj bezpiecznie!\" \/>\n<meta property=\"og:url\" content=\"https:\/\/lekarzeopole.pl\/wordpress\/product\/ok-look\/\" \/>\n<meta property=\"og:site_name\" content=\"Lekarze Opole\" \/>\n<meta property=\"article:modified_time\" content=\"2025-03-07T13:33:22+00:00\" \/>\n<meta property=\"og:image\" content=\"https:\/\/lekarzeopole.pl\/wordpress\/wp-content\/uploads\/2024\/02\/ok-look.png\" \/>\n\t<meta property=\"og:image:width\" content=\"528\" \/>\n\t<meta property=\"og:image:height\" content=\"264\" \/>\n\t<meta property=\"og:image:type\" content=\"image\/png\" \/>\n<meta name=\"twitter:card\" content=\"summary_large_image\" \/>\n<meta name=\"twitter:label1\" content=\"Szacowany czas czytania\" \/>\n\t<meta name=\"twitter:data1\" content=\"5 minut\" \/>\n<script type=\"application\/ld+json\" class=\"yoast-schema-graph\">{\"@context\":\"https:\\\/\\\/schema.org\",\"@graph\":[{\"@type\":\"WebPage\",\"@id\":\"https:\\\/\\\/lekarzeopole.pl\\\/wordpress\\\/product\\\/ok-look\\\/\",\"url\":\"https:\\\/\\\/lekarzeopole.pl\\\/wordpress\\\/product\\\/ok-look\\\/\",\"name\":\"OK Look - kup suplement, cena w aptece, sk\u0142ad, dzia\u0142anie\",\"isPartOf\":{\"@id\":\"https:\\\/\\\/lekarzeopole.pl\\\/wordpress\\\/#website\"},\"primaryImageOfPage\":{\"@id\":\"https:\\\/\\\/lekarzeopole.pl\\\/wordpress\\\/product\\\/ok-look\\\/#primaryimage\"},\"image\":{\"@id\":\"https:\\\/\\\/lekarzeopole.pl\\\/wordpress\\\/product\\\/ok-look\\\/#primaryimage\"},\"thumbnailUrl\":\"https:\\\/\\\/lekarzeopole.pl\\\/wordpress\\\/wp-content\\\/uploads\\\/2024\\\/02\\\/ok-look.png\",\"datePublished\":\"2024-02-09T09:33:42+00:00\",\"dateModified\":\"2025-03-07T13:33:22+00:00\",\"breadcrumb\":{\"@id\":\"https:\\\/\\\/lekarzeopole.pl\\\/wordpress\\\/product\\\/ok-look\\\/#breadcrumb\"},\"inLanguage\":\"pl-PL\",\"potentialAction\":[{\"@type\":\"ReadAction\",\"target\":[\"https:\\\/\\\/lekarzeopole.pl\\\/wordpress\\\/product\\\/ok-look\\\/\"]}]},{\"@type\":\"ImageObject\",\"inLanguage\":\"pl-PL\",\"@id\":\"https:\\\/\\\/lekarzeopole.pl\\\/wordpress\\\/product\\\/ok-look\\\/#primaryimage\",\"url\":\"https:\\\/\\\/lekarzeopole.pl\\\/wordpress\\\/wp-content\\\/uploads\\\/2024\\\/02\\\/ok-look.png\",\"contentUrl\":\"https:\\\/\\\/lekarzeopole.pl\\\/wordpress\\\/wp-content\\\/uploads\\\/2024\\\/02\\\/ok-look.png\",\"width\":528,\"height\":264,\"caption\":\"OK Look\"},{\"@type\":\"BreadcrumbList\",\"@id\":\"https:\\\/\\\/lekarzeopole.pl\\\/wordpress\\\/product\\\/ok-look\\\/#breadcrumb\",\"itemListElement\":[{\"@type\":\"ListItem\",\"position\":1,\"name\":\"\u0413\u043b\u0430\u0432\u043d\u0430\u044f \u0441\u0442\u0440\u0430\u043d\u0438\u0446\u0430\",\"item\":\"https:\\\/\\\/lekarzeopole.pl\\\/wordpress\\\/\"},{\"@type\":\"ListItem\",\"position\":2,\"name\":\"Zakup\",\"item\":\"https:\\\/\\\/lekarzeopole.pl\\\/wordpress\\\/\"},{\"@type\":\"ListItem\",\"position\":3,\"name\":\"OK Look\"}]},{\"@type\":\"WebSite\",\"@id\":\"https:\\\/\\\/lekarzeopole.pl\\\/wordpress\\\/#website\",\"url\":\"https:\\\/\\\/lekarzeopole.pl\\\/wordpress\\\/\",\"name\":\"Lekarze Opole\",\"description\":\"\",\"potentialAction\":[{\"@type\":\"SearchAction\",\"target\":{\"@type\":\"EntryPoint\",\"urlTemplate\":\"https:\\\/\\\/lekarzeopole.pl\\\/wordpress\\\/?s={search_term_string}\"},\"query-input\":{\"@type\":\"PropertyValueSpecification\",\"valueRequired\":true,\"valueName\":\"search_term_string\"}}],\"inLanguage\":\"pl-PL\"}]}<\/script>\n<!-- \/ Yoast SEO plugin. -->","yoast_head_json":{"title":"OK Look - kup suplement, cena w aptece, sk\u0142ad, dzia\u0142anie","robots":{"index":"index","follow":"follow","max-snippet":"max-snippet:-1","max-image-preview":"max-image-preview:large","max-video-preview":"max-video-preview:-1"},"canonical":"https:\/\/lekarzeopole.pl\/wordpress\/product\/ok-look\/","og_locale":"pl_PL","og_type":"article","og_title":"OK Look - kup suplement, cena w aptece, sk\u0142ad, dzia\u0142anie","og_description":"Kup teraz SKU:\u00a0789.878.053    Produkt sprzedawany jest wy\u0142\u0105cznie za po\u015brednictwem oficjalnej strony producenta, id\u017a i kupuj bezpiecznie!","og_url":"https:\/\/lekarzeopole.pl\/wordpress\/product\/ok-look\/","og_site_name":"Lekarze Opole","article_modified_time":"2025-03-07T13:33:22+00:00","og_image":[{"width":528,"height":264,"url":"https:\/\/lekarzeopole.pl\/wordpress\/wp-content\/uploads\/2024\/02\/ok-look.png","type":"image\/png"}],"twitter_card":"summary_large_image","twitter_misc":{"Szacowany czas czytania":"5 minut"},"schema":{"@context":"https:\/\/schema.org","@graph":[{"@type":"WebPage","@id":"https:\/\/lekarzeopole.pl\/wordpress\/product\/ok-look\/","url":"https:\/\/lekarzeopole.pl\/wordpress\/product\/ok-look\/","name":"OK Look - kup suplement, cena w aptece, sk\u0142ad, dzia\u0142anie","isPartOf":{"@id":"https:\/\/lekarzeopole.pl\/wordpress\/#website"},"primaryImageOfPage":{"@id":"https:\/\/lekarzeopole.pl\/wordpress\/product\/ok-look\/#primaryimage"},"image":{"@id":"https:\/\/lekarzeopole.pl\/wordpress\/product\/ok-look\/#primaryimage"},"thumbnailUrl":"https:\/\/lekarzeopole.pl\/wordpress\/wp-content\/uploads\/2024\/02\/ok-look.png","datePublished":"2024-02-09T09:33:42+00:00","dateModified":"2025-03-07T13:33:22+00:00","breadcrumb":{"@id":"https:\/\/lekarzeopole.pl\/wordpress\/product\/ok-look\/#breadcrumb"},"inLanguage":"pl-PL","potentialAction":[{"@type":"ReadAction","target":["https:\/\/lekarzeopole.pl\/wordpress\/product\/ok-look\/"]}]},{"@type":"ImageObject","inLanguage":"pl-PL","@id":"https:\/\/lekarzeopole.pl\/wordpress\/product\/ok-look\/#primaryimage","url":"https:\/\/lekarzeopole.pl\/wordpress\/wp-content\/uploads\/2024\/02\/ok-look.png","contentUrl":"https:\/\/lekarzeopole.pl\/wordpress\/wp-content\/uploads\/2024\/02\/ok-look.png","width":528,"height":264,"caption":"OK Look"},{"@type":"BreadcrumbList","@id":"https:\/\/lekarzeopole.pl\/wordpress\/product\/ok-look\/#breadcrumb","itemListElement":[{"@type":"ListItem","position":1,"name":"\u0413\u043b\u0430\u0432\u043d\u0430\u044f \u0441\u0442\u0440\u0430\u043d\u0438\u0446\u0430","item":"https:\/\/lekarzeopole.pl\/wordpress\/"},{"@type":"ListItem","position":2,"name":"Zakup","item":"https:\/\/lekarzeopole.pl\/wordpress\/"},{"@type":"ListItem","position":3,"name":"OK Look"}]},{"@type":"WebSite","@id":"https:\/\/lekarzeopole.pl\/wordpress\/#website","url":"https:\/\/lekarzeopole.pl\/wordpress\/","name":"Lekarze Opole","description":"","potentialAction":[{"@type":"SearchAction","target":{"@type":"EntryPoint","urlTemplate":"https:\/\/lekarzeopole.pl\/wordpress\/?s={search_term_string}"},"query-input":{"@type":"PropertyValueSpecification","valueRequired":true,"valueName":"search_term_string"}}],"inLanguage":"pl-PL"}]}},"_links":{"self":[{"href":"https:\/\/lekarzeopole.pl\/wordpress\/wp-json\/wp\/v2\/product\/448","targetHints":{"allow":["GET"]}}],"collection":[{"href":"https:\/\/lekarzeopole.pl\/wordpress\/wp-json\/wp\/v2\/product"}],"about":[{"href":"https:\/\/lekarzeopole.pl\/wordpress\/wp-json\/wp\/v2\/types\/product"}],"replies":[{"embeddable":true,"href":"https:\/\/lekarzeopole.pl\/wordpress\/wp-json\/wp\/v2\/comments?post=448"}],"wp:featuredmedia":[{"embeddable":true,"href":"https:\/\/lekarzeopole.pl\/wordpress\/wp-json\/wp\/v2\/media\/449"}],"wp:attachment":[{"href":"https:\/\/lekarzeopole.pl\/wordpress\/wp-json\/wp\/v2\/media?parent=448"}],"wp:term":[{"taxonomy":"product_brand","embeddable":true,"href":"https:\/\/lekarzeopole.pl\/wordpress\/wp-json\/wp\/v2\/product_brand?post=448"},{"taxonomy":"product_cat","embeddable":true,"href":"https:\/\/lekarzeopole.pl\/wordpress\/wp-json\/wp\/v2\/product_cat?post=448"},{"taxonomy":"product_tag","embeddable":true,"href":"https:\/\/lekarzeopole.pl\/wordpress\/wp-json\/wp\/v2\/product_tag?post=448"}],"curies":[{"name":"wp","href":"https:\/\/api.w.org\/{rel}","templated":true}]}}