{"id":430,"date":"2024-02-09T08:08:29","date_gmt":"2024-02-09T08:08:29","guid":{"rendered":"https:\/\/lekarzeopole.pl\/wordpress\/?post_type=product&#038;p=430"},"modified":"2025-03-04T09:45:14","modified_gmt":"2025-03-04T09:45:14","slug":"flexihotin","status":"publish","type":"product","link":"https:\/\/lekarzeopole.pl\/wordpress\/product\/flexihotin\/","title":{"rendered":"Flexihotin"},"content":{"rendered":"<div class=\"w-full text-token-text-primary\" data-testid=\"conversation-turn-3\">\n<div class=\"px-4 py-2 justify-center text-base md:gap-6 m-auto\">\n<div class=\"flex flex-1 text-base mx-auto gap-3 md:px-5 lg:px-1 xl:px-5 md:max-w-3xl lg:max-w-[40rem] xl:max-w-[48rem] group\">\n<div class=\"relative flex w-full flex-col lg:w-[calc(100%-115px)] agent-turn\">\n<div class=\"flex-col gap-1 md:gap-3\">\n<div class=\"flex flex-grow flex-col max-w-full\">\n<div class=\"text-message flex flex-col items-start gap-3 whitespace-pre-wrap break-words [.text-message+&amp;]:mt-5 overflow-x-auto\" data-message-author-role=\"assistant\" data-message-id=\"4ce996e8-aa91-47f9-a570-9123f3895636\">\n<div class=\"markdown prose w-full break-words dark:prose-invert light\">\n<p>W dzisiejszych czasach, gdy tempo \u017cycia staje si\u0119 coraz szybsze, a stres i napi\u0119cie staj\u0105 si\u0119 nieod\u0142\u0105cznymi towarzyszami, nasze cia\u0142o cz\u0119sto p\u0142aci za to wysok\u0105 cen\u0119. Jednym z najcz\u0119stszych problem\u00f3w zdrowotnych, kt\u00f3re dotycz\u0105 wielu os\u00f3b, s\u0105 b\u00f3le staw\u00f3w i tkanek mi\u0119kkich. Na szcz\u0119\u015bcie istniej\u0105 naturalne rozwi\u0105zania, kt\u00f3re mog\u0105 przynie\u015b\u0107 ulg\u0119 i poprawi\u0107 jako\u015b\u0107 \u017cycia. Jednym z nich jest krem Flexihotin, kt\u00f3ry dzi\u0119ki swoim unikalnym sk\u0142adnikom mo\u017ce skutecznie \u0142agodzi\u0107 dolegliwo\u015bci b\u00f3lowe, przywracaj\u0105c ruchomo\u015b\u0107 i komfort.<\/p>\n<h2>Wskazania do stosowania Flexihotin<\/h2>\n<p>Krem Flexihotin jest polecany dla os\u00f3b borykaj\u0105cych si\u0119 z r\u00f3\u017cnego rodzaju dolegliwo\u015bciami b\u00f3lowymi staw\u00f3w oraz tkanek mi\u0119kkich. Mo\u017ce by\u0107 stosowany zar\u00f3wno profilaktycznie, jak i w celu z\u0142agodzenia ju\u017c istniej\u0105cych dolegliwo\u015bci. Wskazania do stosowania kremu Flexihotin obejmuj\u0105:<\/p>\n<ul>\n<li>B\u00f3le staw\u00f3w (takie jak zapalenie staw\u00f3w, artretyzm)<\/li>\n<li>B\u00f3le mi\u0119\u015bni<\/li>\n<li>Zesztywnienie staw\u00f3w<\/li>\n<li>Napi\u0119cie mi\u0119\u015bniowe<\/li>\n<li>Pourazowe dolegliwo\u015bci b\u00f3lowe<\/li>\n<li>Og\u00f3lne zm\u0119czenie i napi\u0119cie<\/li>\n<\/ul>\n<p>Dzi\u0119ki swojemu dzia\u0142aniu, krem Flexihotin mo\u017ce przynie\u015b\u0107 ulg\u0119 w przypadku r\u00f3\u017cnych schorze\u0144, kt\u00f3re dotykaj\u0105 uk\u0142adu ruchu.<\/p>\n<h2>Sk\u0142ad i dzia\u0142anie sk\u0142adnik\u00f3w Flexihotin<\/h2>\n<p>Skuteczno\u015b\u0107 kremu Flexihotin wynika z precyzyjnie dobranych naturalnych sk\u0142adnik\u00f3w, kt\u00f3re dzia\u0142aj\u0105 synergistycznie, wzmacniaj\u0105c sobie nawzajem swoje w\u0142a\u015bciwo\u015bci. G\u0142\u00f3wne sk\u0142adniki kremu Flexihotin to:<\/p>\n<ul>\n<li><strong>Ekstrakt z arniki<\/strong>: Arnika jest znana z w\u0142a\u015bciwo\u015bci przeciwb\u00f3lowych i przeciwzapalnych. Jej ekstrakt pomaga \u0142agodzi\u0107 b\u00f3l i stany zapalne, wspieraj\u0105c proces regeneracji tkanek.<\/li>\n<li><strong>Olejek z oregano<\/strong>: Olejek z oregano posiada silne w\u0142a\u015bciwo\u015bci antybakteryjne i przeciwzapalne. Wspomaga leczenie stan\u00f3w zapalnych oraz pomaga w zwalczaniu infekcji.<\/li>\n<li><strong>Ekstrakt z czosnku<\/strong>: Czosnek to naturalne \u017ar\u00f3d\u0142o zwi\u0105zk\u00f3w siarkowych, kt\u00f3re maj\u0105 dzia\u0142anie przeciwbakteryjne i przeciwzapalne. Dodatkowo wspiera kr\u0105\u017cenie krwi, co mo\u017ce przynie\u015b\u0107 ulg\u0119 w b\u00f3lach staw\u00f3w.<\/li>\n<li><strong>Olej z nagietka<\/strong>: Nagietek jest znany ze swoich w\u0142a\u015bciwo\u015bci \u0142agodz\u0105cych i regeneruj\u0105cych. Olejek z nagietka wspomaga proces gojenia si\u0119 tkanek, \u0142agodzi podra\u017cnienia i stany zapalne.<\/li>\n<\/ul>\n<p>Dzi\u0119ki temu unikalnemu po\u0142\u0105czeniu sk\u0142adnik\u00f3w, krem Flexihotin dzia\u0142a skutecznie na r\u00f3\u017cne aspekty dolegliwo\u015bci b\u00f3lowych, zapewniaj\u0105c ulg\u0119 i popraw\u0119 komfortu \u017cycia.<\/p>\n<h2>Efekty Flexihotin i ich charakterystyka<\/h2>\n<p>Regularne stosowanie kremu Flexihotin mo\u017ce przynie\u015b\u0107 szereg korzy\u015bci dla zdrowia i samopoczucia. Niekt\u00f3re z g\u0142\u00f3wnych efekt\u00f3w stosowania kremu Flexihotin to:<\/p>\n<ul>\n<li><strong>\u0141agodzenie b\u00f3lu<\/strong>: Dzi\u0119ki w\u0142a\u015bciwo\u015bciom przeciwb\u00f3lowym sk\u0142adnik\u00f3w, krem Flexihotin szybko przynosi ulg\u0119 w b\u00f3lach staw\u00f3w i mi\u0119\u015bni.<\/li>\n<li><strong>Reducowanie stan\u00f3w zapalnych<\/strong>: Sk\u0142adniki kremu maj\u0105 dzia\u0142anie przeciwzapalne, co pomaga zmniejszy\u0107 stan zapalny w obr\u0119bie staw\u00f3w i tkanek mi\u0119kkich.<\/li>\n<li><strong>Poprawa ruchomo\u015bci<\/strong>: Regularne stosowanie kremu Flexihotin mo\u017ce przyczyni\u0107 si\u0119 do poprawy elastyczno\u015bci staw\u00f3w i zwi\u0119kszenia zakresu ruchu.<\/li>\n<li><strong>Relaksacja mi\u0119\u015bni<\/strong>: Dzia\u0142anie kremu przyczynia si\u0119 do rozlu\u017anienia napi\u0119tych mi\u0119\u015bni, co mo\u017ce przynie\u015b\u0107 ulg\u0119 w przypadku zesztywnienia czy napi\u0119cia mi\u0119\u015bniowego.<\/li>\n<\/ul>\n<p>Dzi\u0119ki tym efektom, osoby stosuj\u0105ce krem Flexihotin mog\u0105 cieszy\u0107 si\u0119 wi\u0119kszym komfortem i popraw\u0105 jako\u015bci \u017cycia.<\/p>\n<h2>Ryzyko skutk\u00f3w ubocznych<\/h2>\n<p>Krem Flexihotin zosta\u0142 stworzony z my\u015bl\u0105 o minimalizacji ryzyka skutk\u00f3w ubocznych. Jego naturalny sk\u0142ad oparty na ro\u015blinnych ekstraktach sprawia, \u017ce jest on \u0142agodny dla sk\u00f3ry i ma nisk\u0105 szans\u0119 wywo\u0142ania dzia\u0142a\u0144 niepo\u017c\u0105danych. Jednak\u017ce, jak w przypadku ka\u017cdego produktu, istnieje mo\u017cliwo\u015b\u0107 wyst\u0105pienia alergii lub podra\u017cnienia sk\u00f3ry, dlatego zaleca si\u0119 przeprowadzenie testu na ma\u0142ej powierzchni sk\u00f3ry przed regularnym stosowaniem kremu Flexihotin.<\/p>\n<p><em>Flexihotin to naturalne i skuteczne rozwi\u0105zanie dla os\u00f3b borykaj\u0105cych si\u0119 z b\u00f3lami staw\u00f3w i tkanek mi\u0119kkich. Dzi\u0119ki unikalnemu po\u0142\u0105czeniu naturalnych sk\u0142adnik\u00f3w, zapewnia on szybk\u0105 ulg\u0119, redukcj\u0119 stan\u00f3w zapalnych oraz popraw\u0119 ruchomo\u015bci staw\u00f3w. Jego \u0142agodna formu\u0142a minimalizuje ryzyko skutk\u00f3w ubocznych, co sprawia, \u017ce jest to bezpieczny wyb\u00f3r dla ka\u017cdego, kto poszukuje skutecznego sposobu na popraw\u0119 jako\u015bci \u017cycia przy zachowaniu naturalno\u015bci i bezpiecze\u0144stwa.<\/em><\/p>\n<p style=\"text-align: center;\"><a href=\"https:\/\/price-low.eu\/a\/Q7mZsN22PFPvv6\"><button>www.flexihotin.pl<\/button><\/a><\/p>\n<\/div>\n<\/div>\n<\/div>\n<\/div>\n<\/div>\n<\/div>\n<\/div>\n<\/div>\n<div class=\"w-full text-token-text-primary\" data-testid=\"conversation-turn-5\">\n<div class=\"px-4 py-2 justify-center text-base md:gap-6 m-auto\">\n<div class=\"flex flex-1 text-base mx-auto gap-3 md:px-5 lg:px-1 xl:px-5 md:max-w-3xl lg:max-w-[40rem] xl:max-w-[48rem] group final-completion\">\n<div class=\"relative flex w-full flex-col lg:w-[calc(100%-115px)] agent-turn\">\n<div class=\"flex-col gap-1 md:gap-3\">\n<div class=\"flex flex-grow flex-col max-w-full\">\n<div class=\"min-h-[20px] text-message flex flex-col items-start gap-3 whitespace-pre-wrap break-words [.text-message+&amp;]:mt-5 overflow-x-auto\" data-message-author-role=\"assistant\" data-message-id=\"6eaaa93d-7c82-49c2-b856-5469827de3b4\">\n<div class=\"markdown prose w-full break-words dark:prose-invert light\">\n<h2>Opinie klient\u00f3w \u043e Flexihotin: fora po\u015bwi\u0119cone zdrowiu<\/h2>\n<p>W dzisiejszych czasach Internet sta\u0142 si\u0119 niezwykle wa\u017cnym \u017ar\u00f3d\u0142em informacji na temat zdrowia i sposob\u00f3w radzenia sobie z r\u00f3\u017cnymi dolegliwo\u015bciami. W Polsce, fora internetowe po\u015bwi\u0119cone zdrowiu ciesz\u0105 si\u0119 du\u017c\u0105 popularno\u015bci\u0105, poniewa\u017c pozwalaj\u0105 u\u017cytkownikom dzieli\u0107 si\u0119 swoimi do\u015bwiadczeniami oraz radzi\u0107 sobie z problemami zdrowotnymi. W ostatnim czasie mo\u017cna zauwa\u017cy\u0107 rosn\u0105ce zainteresowanie preparatem Flexihotin, kt\u00f3ry zdobywa coraz wi\u0119ksz\u0105 popularno\u015b\u0107 w\u015br\u00f3d konsument\u00f3w.<\/p>\n<p>Wi\u0119kszo\u015b\u0107 u\u017cytkownik\u00f3w, kt\u00f3rzy podzielili si\u0119 swoimi opiniami na temat Flexihotin, opisuje pozytywne efekty stosowania tego preparatu. W\u015br\u00f3d g\u0142\u00f3wnych zalet wymieniaj\u0105 szybk\u0105 ulg\u0119 w b\u00f3lach staw\u00f3w i mi\u0119\u015bni, popraw\u0119 ruchomo\u015bci oraz \u0142agodzenie stan\u00f3w zapalnych. Ponadto, wielu klient\u00f3w podkre\u015bla tak\u017ce \u0142atwo\u015b\u0107 dost\u0119pu do produktu oraz jego atrakcyjn\u0105 cen\u0119. Poni\u017cej przedstawiamy dwa opinie od u\u017cytkownik\u00f3w:<\/p>\n<ul>\n<li><strong>Anna<\/strong>: &#8222;Flexihotin to dla mnie prawdziwe odkrycie! Ju\u017c po kilku dniach stosowania poczu\u0142am ogromn\u0105 ulg\u0119 w b\u00f3lach staw\u00f3w, kt\u00f3re mnie od dawna dr\u0119czy\u0142y. Teraz mog\u0119 swobodnie porusza\u0107 si\u0119 i wr\u00f3ci\u0107 do aktywno\u015bci fizycznej, kt\u00f3ra sprawia mi wiele rado\u015bci. Polecam ka\u017cdemu, kto boryka si\u0119 z podobnymi problemami!&#8221;<\/li>\n<li><strong>Piotr<\/strong>: &#8222;Jestem bardzo zadowolony z efekt\u00f3w, jakie przynosi Flexihotin. Moje stawy by\u0142y bardzo sztywne i bolesne, ale regularne stosowanie tego kremu sprawi\u0142o, \u017ce teraz czuj\u0119 si\u0119 o wiele lepiej. Dodatkowo, ceni\u0119 sobie fakt, \u017ce preparat jest naturalny i bezpieczny dla mojego zdrowia.&#8221;<\/li>\n<\/ul>\n<h2>Spos\u00f3b podawania i dawkowanie<\/h2>\n<p>Flexihotin wyst\u0119puje w postaci kremu, kt\u00f3ry nale\u017cy stosowa\u0107 miejscowo na obszarach dotkni\u0119tych b\u00f3lem staw\u00f3w lub mi\u0119\u015bni. Spos\u00f3b podawania i dawkowanie s\u0105 bardzo proste i wygodne w u\u017cyciu. Wystarczy niewielka ilo\u015b\u0107 kremu, kt\u00f3r\u0105 nale\u017cy delikatnie wmasowa\u0107 w sk\u00f3r\u0119 a\u017c do ca\u0142kowitego wch\u0142oni\u0119cia. Preparat mo\u017cna stosowa\u0107 kilka razy dziennie, w zale\u017cno\u015bci od intensywno\u015bci dolegliwo\u015bci b\u00f3lowych oraz zalece\u0144 specjalisty.<\/p>\n<h2>Kup teraz Flexihotin z dostaw\u0105<\/h2>\n<p>Zam\u00f3wienie Flexihotin jest niezwykle \u0142atwe i wygodne. Produkt mo\u017cna naby\u0107 online, bez konieczno\u015bci wychodzenia z domu. Co wi\u0119cej, nie ma potrzeby p\u0142acenia za produkt z g\u00f3ry &#8211; p\u0142atno\u015b\u0107 odbywa si\u0119 dopiero przy odbiorze przesy\u0142ki, co zapewnia klientowi bezpiecze\u0144stwo transakcji i gwarantuje otrzymanie oryginalnego produktu. Dostawa Flexihotin trwa zazwyczaj 3-4 dni robocze i obejmuje ca\u0142\u0105 Polsk\u0119. Po z\u0142o\u017ceniu zam\u00f3wienia, klient otrzymuje r\u00f3wnie\u017c potwierdzenie telefoniczne od specjalisty, kt\u00f3ry s\u0142u\u017cy pomoc\u0105 i mo\u017ce udzieli\u0107 dodatkowych informacji na temat produktu.<\/p>\n<p style=\"text-align: center;\"><a href=\"https:\/\/price-low.eu\/a\/Q7mZsN22PFPvv6\"><button>Zakup na stronie producenta (-50%)<\/button><\/a><\/p>\n<h2>Por\u00f3wnanie ofert: ceny i dost\u0119pno\u015b\u0107 Flexihotin<\/h2>\n<p>Producent Flexihotin stawia na bezpo\u015bredni\u0105 dost\u0119pno\u015b\u0107 dla swoich klient\u00f3w, dlatego preparat mo\u017cna naby\u0107 wy\u0142\u0105cznie na oficjalnej stronie internetowej producenta. Brak po\u015brednik\u00f3w i dodatkowych mar\u017c sprawia, \u017ce cena produktu jest atrakcyjna i konkurencyjna. Dodatkowo, producent regularnie oferuje r\u00f3\u017cnego rodzaju promocje i rabaty, kt\u00f3rych aktualno\u015b\u0107 nale\u017cy sprawdza\u0107 na stronie internetowej. Dzi\u0119ki temu, klient ma pewno\u015b\u0107, \u017ce kupuje oryginalny produkt w najlepszej cenie, bez ryzyka podrobienia. Warto jednak pami\u0119ta\u0107, \u017ce Flexihotin nie jest dost\u0119pny w stacjonarnych aptekach, wi\u0119c najlepszym sposobem na jego nabycie jest zam\u00f3wienie przez internet.<\/p>\n<\/div>\n<\/div>\n<\/div>\n<\/div>\n<\/div>\n<\/div>\n<\/div>\n<\/div>\n","protected":false},"excerpt":{"rendered":"<p style=\"text-align: center;\"><a href=\"https:\/\/price-low.eu\/a\/Q7mZsN22PFPvv6\"><button>Kup teraz<\/button><\/a><\/p>\n<p>SKU:\u00a0<span class=\"sku\">789.878.044<\/span><\/p>\n<hr \/>\n<p><small>Produkt sprzedawany jest wy\u0142\u0105cznie za po\u015brednictwem oficjalnej strony producenta, id\u017a i kupuj bezpiecznie!<\/small><\/p>\n","protected":false},"featured_media":1193,"comment_status":"open","ping_status":"closed","template":"","meta":[],"product_brand":[],"product_cat":[15],"product_tag":[],"class_list":{"0":"post-430","1":"product","2":"type-product","3":"status-publish","4":"has-post-thumbnail","6":"product_cat-supl","7":"thunk-woo-product-list","8":"opn-qv-enable","9":"top-store-woo-hover-","10":"top-store-single-product-tab-horizontal","11":"top-store-shadow-","12":"top-store-shadow-hover-","14":"first","15":"instock","16":"sale","17":"shipping-taxable","18":"purchasable","19":"product-type-simple"},"yoast_head":"<!-- This site is optimized with the Yoast SEO plugin v27.4 - https:\/\/yoast.com\/product\/yoast-seo-wordpress\/ -->\n<title>Flexihotin - kup suplement, cena w aptece, sk\u0142ad, dzia\u0142anie<\/title>\n<meta name=\"robots\" content=\"index, follow, max-snippet:-1, max-image-preview:large, max-video-preview:-1\" \/>\n<link rel=\"canonical\" href=\"https:\/\/lekarzeopole.pl\/wordpress\/product\/flexihotin\/\" \/>\n<meta property=\"og:locale\" content=\"pl_PL\" \/>\n<meta property=\"og:type\" content=\"article\" \/>\n<meta property=\"og:title\" content=\"Flexihotin - kup suplement, cena w aptece, sk\u0142ad, dzia\u0142anie\" \/>\n<meta property=\"og:description\" content=\"Kup teraz SKU:\u00a0789.878.044    Produkt sprzedawany jest wy\u0142\u0105cznie za po\u015brednictwem oficjalnej strony producenta, id\u017a i kupuj bezpiecznie!\" \/>\n<meta property=\"og:url\" content=\"https:\/\/lekarzeopole.pl\/wordpress\/product\/flexihotin\/\" \/>\n<meta property=\"og:site_name\" content=\"Lekarze Opole\" \/>\n<meta property=\"article:modified_time\" content=\"2025-03-04T09:45:14+00:00\" \/>\n<meta property=\"og:image\" content=\"https:\/\/lekarzeopole.pl\/wordpress\/wp-content\/uploads\/2024\/02\/flexihotin-2.webp\" \/>\n\t<meta property=\"og:image:width\" content=\"544\" \/>\n\t<meta property=\"og:image:height\" content=\"544\" \/>\n\t<meta property=\"og:image:type\" content=\"image\/webp\" \/>\n<meta name=\"twitter:card\" content=\"summary_large_image\" \/>\n<meta name=\"twitter:label1\" content=\"Szacowany czas czytania\" \/>\n\t<meta name=\"twitter:data1\" content=\"6 minut\" \/>\n<script type=\"application\/ld+json\" class=\"yoast-schema-graph\">{\"@context\":\"https:\\\/\\\/schema.org\",\"@graph\":[{\"@type\":\"WebPage\",\"@id\":\"https:\\\/\\\/lekarzeopole.pl\\\/wordpress\\\/product\\\/flexihotin\\\/\",\"url\":\"https:\\\/\\\/lekarzeopole.pl\\\/wordpress\\\/product\\\/flexihotin\\\/\",\"name\":\"Flexihotin - kup suplement, cena w aptece, sk\u0142ad, dzia\u0142anie\",\"isPartOf\":{\"@id\":\"https:\\\/\\\/lekarzeopole.pl\\\/wordpress\\\/#website\"},\"primaryImageOfPage\":{\"@id\":\"https:\\\/\\\/lekarzeopole.pl\\\/wordpress\\\/product\\\/flexihotin\\\/#primaryimage\"},\"image\":{\"@id\":\"https:\\\/\\\/lekarzeopole.pl\\\/wordpress\\\/product\\\/flexihotin\\\/#primaryimage\"},\"thumbnailUrl\":\"https:\\\/\\\/lekarzeopole.pl\\\/wordpress\\\/wp-content\\\/uploads\\\/2024\\\/02\\\/flexihotin-2.webp\",\"datePublished\":\"2024-02-09T08:08:29+00:00\",\"dateModified\":\"2025-03-04T09:45:14+00:00\",\"breadcrumb\":{\"@id\":\"https:\\\/\\\/lekarzeopole.pl\\\/wordpress\\\/product\\\/flexihotin\\\/#breadcrumb\"},\"inLanguage\":\"pl-PL\",\"potentialAction\":[{\"@type\":\"ReadAction\",\"target\":[\"https:\\\/\\\/lekarzeopole.pl\\\/wordpress\\\/product\\\/flexihotin\\\/\"]}]},{\"@type\":\"ImageObject\",\"inLanguage\":\"pl-PL\",\"@id\":\"https:\\\/\\\/lekarzeopole.pl\\\/wordpress\\\/product\\\/flexihotin\\\/#primaryimage\",\"url\":\"https:\\\/\\\/lekarzeopole.pl\\\/wordpress\\\/wp-content\\\/uploads\\\/2024\\\/02\\\/flexihotin-2.webp\",\"contentUrl\":\"https:\\\/\\\/lekarzeopole.pl\\\/wordpress\\\/wp-content\\\/uploads\\\/2024\\\/02\\\/flexihotin-2.webp\",\"width\":544,\"height\":544,\"caption\":\"Flexihotin\"},{\"@type\":\"BreadcrumbList\",\"@id\":\"https:\\\/\\\/lekarzeopole.pl\\\/wordpress\\\/product\\\/flexihotin\\\/#breadcrumb\",\"itemListElement\":[{\"@type\":\"ListItem\",\"position\":1,\"name\":\"\u0413\u043b\u0430\u0432\u043d\u0430\u044f \u0441\u0442\u0440\u0430\u043d\u0438\u0446\u0430\",\"item\":\"https:\\\/\\\/lekarzeopole.pl\\\/wordpress\\\/\"},{\"@type\":\"ListItem\",\"position\":2,\"name\":\"Zakup\",\"item\":\"https:\\\/\\\/lekarzeopole.pl\\\/wordpress\\\/\"},{\"@type\":\"ListItem\",\"position\":3,\"name\":\"Flexihotin\"}]},{\"@type\":\"WebSite\",\"@id\":\"https:\\\/\\\/lekarzeopole.pl\\\/wordpress\\\/#website\",\"url\":\"https:\\\/\\\/lekarzeopole.pl\\\/wordpress\\\/\",\"name\":\"Lekarze Opole\",\"description\":\"\",\"potentialAction\":[{\"@type\":\"SearchAction\",\"target\":{\"@type\":\"EntryPoint\",\"urlTemplate\":\"https:\\\/\\\/lekarzeopole.pl\\\/wordpress\\\/?s={search_term_string}\"},\"query-input\":{\"@type\":\"PropertyValueSpecification\",\"valueRequired\":true,\"valueName\":\"search_term_string\"}}],\"inLanguage\":\"pl-PL\"}]}<\/script>\n<!-- \/ Yoast SEO plugin. -->","yoast_head_json":{"title":"Flexihotin - kup suplement, cena w aptece, sk\u0142ad, dzia\u0142anie","robots":{"index":"index","follow":"follow","max-snippet":"max-snippet:-1","max-image-preview":"max-image-preview:large","max-video-preview":"max-video-preview:-1"},"canonical":"https:\/\/lekarzeopole.pl\/wordpress\/product\/flexihotin\/","og_locale":"pl_PL","og_type":"article","og_title":"Flexihotin - kup suplement, cena w aptece, sk\u0142ad, dzia\u0142anie","og_description":"Kup teraz SKU:\u00a0789.878.044    Produkt sprzedawany jest wy\u0142\u0105cznie za po\u015brednictwem oficjalnej strony producenta, id\u017a i kupuj bezpiecznie!","og_url":"https:\/\/lekarzeopole.pl\/wordpress\/product\/flexihotin\/","og_site_name":"Lekarze Opole","article_modified_time":"2025-03-04T09:45:14+00:00","og_image":[{"width":544,"height":544,"url":"https:\/\/lekarzeopole.pl\/wordpress\/wp-content\/uploads\/2024\/02\/flexihotin-2.webp","type":"image\/webp"}],"twitter_card":"summary_large_image","twitter_misc":{"Szacowany czas czytania":"6 minut"},"schema":{"@context":"https:\/\/schema.org","@graph":[{"@type":"WebPage","@id":"https:\/\/lekarzeopole.pl\/wordpress\/product\/flexihotin\/","url":"https:\/\/lekarzeopole.pl\/wordpress\/product\/flexihotin\/","name":"Flexihotin - kup suplement, cena w aptece, sk\u0142ad, dzia\u0142anie","isPartOf":{"@id":"https:\/\/lekarzeopole.pl\/wordpress\/#website"},"primaryImageOfPage":{"@id":"https:\/\/lekarzeopole.pl\/wordpress\/product\/flexihotin\/#primaryimage"},"image":{"@id":"https:\/\/lekarzeopole.pl\/wordpress\/product\/flexihotin\/#primaryimage"},"thumbnailUrl":"https:\/\/lekarzeopole.pl\/wordpress\/wp-content\/uploads\/2024\/02\/flexihotin-2.webp","datePublished":"2024-02-09T08:08:29+00:00","dateModified":"2025-03-04T09:45:14+00:00","breadcrumb":{"@id":"https:\/\/lekarzeopole.pl\/wordpress\/product\/flexihotin\/#breadcrumb"},"inLanguage":"pl-PL","potentialAction":[{"@type":"ReadAction","target":["https:\/\/lekarzeopole.pl\/wordpress\/product\/flexihotin\/"]}]},{"@type":"ImageObject","inLanguage":"pl-PL","@id":"https:\/\/lekarzeopole.pl\/wordpress\/product\/flexihotin\/#primaryimage","url":"https:\/\/lekarzeopole.pl\/wordpress\/wp-content\/uploads\/2024\/02\/flexihotin-2.webp","contentUrl":"https:\/\/lekarzeopole.pl\/wordpress\/wp-content\/uploads\/2024\/02\/flexihotin-2.webp","width":544,"height":544,"caption":"Flexihotin"},{"@type":"BreadcrumbList","@id":"https:\/\/lekarzeopole.pl\/wordpress\/product\/flexihotin\/#breadcrumb","itemListElement":[{"@type":"ListItem","position":1,"name":"\u0413\u043b\u0430\u0432\u043d\u0430\u044f \u0441\u0442\u0440\u0430\u043d\u0438\u0446\u0430","item":"https:\/\/lekarzeopole.pl\/wordpress\/"},{"@type":"ListItem","position":2,"name":"Zakup","item":"https:\/\/lekarzeopole.pl\/wordpress\/"},{"@type":"ListItem","position":3,"name":"Flexihotin"}]},{"@type":"WebSite","@id":"https:\/\/lekarzeopole.pl\/wordpress\/#website","url":"https:\/\/lekarzeopole.pl\/wordpress\/","name":"Lekarze Opole","description":"","potentialAction":[{"@type":"SearchAction","target":{"@type":"EntryPoint","urlTemplate":"https:\/\/lekarzeopole.pl\/wordpress\/?s={search_term_string}"},"query-input":{"@type":"PropertyValueSpecification","valueRequired":true,"valueName":"search_term_string"}}],"inLanguage":"pl-PL"}]}},"_links":{"self":[{"href":"https:\/\/lekarzeopole.pl\/wordpress\/wp-json\/wp\/v2\/product\/430","targetHints":{"allow":["GET"]}}],"collection":[{"href":"https:\/\/lekarzeopole.pl\/wordpress\/wp-json\/wp\/v2\/product"}],"about":[{"href":"https:\/\/lekarzeopole.pl\/wordpress\/wp-json\/wp\/v2\/types\/product"}],"replies":[{"embeddable":true,"href":"https:\/\/lekarzeopole.pl\/wordpress\/wp-json\/wp\/v2\/comments?post=430"}],"wp:featuredmedia":[{"embeddable":true,"href":"https:\/\/lekarzeopole.pl\/wordpress\/wp-json\/wp\/v2\/media\/1193"}],"wp:attachment":[{"href":"https:\/\/lekarzeopole.pl\/wordpress\/wp-json\/wp\/v2\/media?parent=430"}],"wp:term":[{"taxonomy":"product_brand","embeddable":true,"href":"https:\/\/lekarzeopole.pl\/wordpress\/wp-json\/wp\/v2\/product_brand?post=430"},{"taxonomy":"product_cat","embeddable":true,"href":"https:\/\/lekarzeopole.pl\/wordpress\/wp-json\/wp\/v2\/product_cat?post=430"},{"taxonomy":"product_tag","embeddable":true,"href":"https:\/\/lekarzeopole.pl\/wordpress\/wp-json\/wp\/v2\/product_tag?post=430"}],"curies":[{"name":"wp","href":"https:\/\/api.w.org\/{rel}","templated":true}]}}