{"id":320,"date":"2024-02-07T09:54:12","date_gmt":"2024-02-07T09:54:12","guid":{"rendered":"https:\/\/lekarzeopole.pl\/wordpress\/?post_type=product&#038;p=320"},"modified":"2024-06-07T14:29:38","modified_gmt":"2024-06-07T14:29:38","slug":"prostovit","status":"publish","type":"product","link":"https:\/\/lekarzeopole.pl\/wordpress\/product\/prostovit\/","title":{"rendered":"Prostovit"},"content":{"rendered":"<div class=\"w-full text-token-text-primary\" data-testid=\"conversation-turn-3\">\n<div class=\"px-4 py-2 justify-center text-base md:gap-6 m-auto\">\n<div class=\"flex flex-1 text-base mx-auto gap-3 md:px-5 lg:px-1 xl:px-5 md:max-w-3xl lg:max-w-[40rem] xl:max-w-[48rem] group\">\n<div class=\"relative flex w-full flex-col lg:w-[calc(100%-115px)] agent-turn\">\n<div class=\"flex-col gap-1 md:gap-3\">\n<div class=\"flex flex-grow flex-col max-w-full\">\n<div class=\"min-h-[20px] text-message flex flex-col items-start gap-3 whitespace-pre-wrap break-words [.text-message+&amp;]:mt-5 overflow-x-auto\" data-message-author-role=\"assistant\" data-message-id=\"247f2ac1-9c66-4ac9-86f4-97d5c0383c61\">\n<div class=\"markdown prose w-full break-words dark:prose-invert light\">\n<p>W dzisiejszych czasach wiele os\u00f3b, zw\u0142aszcza m\u0119\u017cczyzn w wieku 40+, boryka si\u0119 z problemami zdrowotnymi zwi\u0105zanymi z uk\u0142adem moczowo-p\u0142ciowym. Jednym z najcz\u0119stszych schorze\u0144, kt\u00f3re dotyka wielu pan\u00f3w, jest zapalenie gruczo\u0142u krokowego, czyli prostaty. W odpowiedzi na t\u0119 potrzeb\u0119 rynkow\u0105, pojawi\u0142 si\u0119 preparat, kt\u00f3ry zyska\u0142 uznanie kliniczne i poparcie Europejskiego Stowarzyszenia Lekarzy &#8211; Prostovit. W artykule tym przyjrzymy si\u0119 bli\u017cej temu produktowi, zrozumiej\u0105c jego skuteczno\u015b\u0107, sk\u0142ad oraz potencjalne efekty i ryzyko uboczne.<\/p>\n<h2>Wskazania do stosowania Prostovit<\/h2>\n<p>Prostovit to innowacyjny preparat, kt\u00f3ry zosta\u0142 opracowany z my\u015bl\u0105 o m\u0119\u017cczyznach zmagaj\u0105cych si\u0119 z r\u00f3\u017cnymi objawami zapalenia gruczo\u0142u krokowego. Poni\u017cej znajduj\u0105 si\u0119 g\u0142\u00f3wne wskazania do stosowania Prostovit:<\/p>\n<ol>\n<li><strong>Zapalenie gruczo\u0142u krokowego<\/strong>: Produktywna formu\u0142a Prostovit jest skuteczna w \u0142agodzeniu objaw\u00f3w zapalenia gruczo\u0142u krokowego, takich jak b\u00f3l i dyskomfort podczas oddawania moczu, cz\u0119ste potrzeby oddawania moczu oraz problemy z erekcj\u0105.<\/li>\n<li><strong>Zaburzenia funkcji seksualnych<\/strong>: Sk\u0142adniki zawarte w Prostovit mog\u0105 przyczyni\u0107 si\u0119 do poprawy funkcji seksualnych, takich jak libido i erekcja, kt\u00f3re mog\u0105 by\u0107 os\u0142abione w przypadku zapalenia gruczo\u0142u krokowego.<\/li>\n<li><strong>Profilaktyka zdrowia prostaty<\/strong>: Regularne stosowanie Prostovit mo\u017ce pom\u00f3c w utrzymaniu zdrowia prostaty i zapobieganiu przysz\u0142ym problemom zwi\u0105zanym z jej stanem.<\/li>\n<\/ol>\n<h2>Sk\u0142ad i dzia\u0142anie sk\u0142adnik\u00f3w Prostovit<\/h2>\n<p>Prostovit to unikalna mieszanka naturalnych sk\u0142adnik\u00f3w, kt\u00f3re zosta\u0142y starannie wyselekcjonowane ze wzgl\u0119du na swoje w\u0142a\u015bciwo\u015bci prozdrowotne. Oto g\u0142\u00f3wne sk\u0142adniki i ich dzia\u0142anie:<\/p>\n<ol>\n<li><strong>Wyci\u0105g z palmy saba\u0142owej<\/strong>: Palma saba\u0142owa jest znana ze swoich w\u0142a\u015bciwo\u015bci \u0142agodz\u0105cych objawy zapalenia gruczo\u0142u krokowego poprzez regulacj\u0119 poziomu dihydrotestosteronu (DHT) oraz popraw\u0119 przep\u0142ywu moczu.<\/li>\n<li><strong>Ekstrakt z pokrzywy<\/strong>: Pokrzywa jest bogatym \u017ar\u00f3d\u0142em fitosteroli, kt\u00f3re mog\u0105 wspomaga\u0107 zdrowie prostaty poprzez zmniejszenie stanu zapalnego i \u0142agodzenie objaw\u00f3w zwi\u0105zanych z zapaleniem gruczo\u0142u krokowego.<\/li>\n<li><strong>Witaminy i minera\u0142y<\/strong>: Prostovit zawiera r\u00f3wnie\u017c odpowiednie dawki witamin i minera\u0142\u00f3w, takich jak witamina E, cynk i selen, kt\u00f3re s\u0105 istotne dla zdrowia prostaty i og\u00f3lnego dobrego samopoczucia.<\/li>\n<\/ol>\n<p style=\"text-align: center;\"><a href=\"https:\/\/mandarv.com\/LtiS?sub1=sub1&amp;sub2=sub2&amp;sub3=sub3&amp;sub4=sub4&amp;sub5=sub5\"><button>www.prostovit.pl<\/button><\/a><\/p>\n<h2>Efekty Prostovit i ich charakterystyka<\/h2>\n<p>Klinicznie potwierdzona skuteczno\u015b\u0107 Prostovit jest wynikiem starannego doboru sk\u0142adnik\u00f3w o udokumentowanych w\u0142a\u015bciwo\u015bciach prozdrowotnych. Po regularnym stosowaniu preparatu, pacjenci mog\u0105 odczu\u0107 nast\u0119puj\u0105ce korzy\u015bci:<\/p>\n<ol>\n<li><strong>\u0141agodzenie objaw\u00f3w zapalenia gruczo\u0142u krokowego<\/strong>: Prostovit mo\u017ce pom\u00f3c w redukcji b\u00f3lu, dyskomfortu oraz cz\u0119stych potrzeb oddawania moczu, co przyczynia si\u0119 do poprawy komfortu \u017cycia codziennego.<\/li>\n<li><strong>Poprawa funkcji seksualnych<\/strong>: Dzi\u0119ki swoim sk\u0142adnikom, Prostovit mo\u017ce wp\u0142yn\u0105\u0107 pozytywnie na libido oraz funkcj\u0119 erekcyjn\u0105, przywracaj\u0105c pewno\u015b\u0107 siebie i satysfakcj\u0119 seksualn\u0105.<\/li>\n<li><strong>Wzmacnianie zdrowia prostaty<\/strong>: Regularne stosowanie Prostovit mo\u017ce przyczyni\u0107 si\u0119 do utrzymania zdrowia prostaty oraz zapobieganiu przysz\u0142ym schorzeniom tego narz\u0105du.<\/li>\n<\/ol>\n<h2>Ryzyko skutk\u00f3w ubocznych<\/h2>\n<p>Prostovit to preparat oparty wy\u0142\u0105cznie na naturalnych sk\u0142adnikach, co minimalizuje ryzyko wyst\u0105pienia skutk\u00f3w ubocznych. Dzi\u0119ki starannemu doborowi sk\u0142adnik\u00f3w oraz wysokim standardom produkcyjnym, Prostovit jest bezpieczny w stosowaniu i dobrze tolerowany przez wi\u0119kszo\u015b\u0107 pacjent\u00f3w. Niemniej jednak, przed rozpocz\u0119ciem stosowania Prostovit zawsze zaleca si\u0119 skonsultowanie si\u0119 z lekarzem, zw\u0142aszcza w przypadku os\u00f3b z chorobami przewlek\u0142ymi lub przyjmuj\u0105cych inne leki.<\/p>\n<p><em>Prostovit jest skutecznym i bezpiecznym preparatem przeznaczonym dla m\u0119\u017cczyzn w wieku 40+ cierpi\u0105cych na problemy zwi\u0105zane z zapaleniem gruczo\u0142u krokowego. Dzi\u0119ki swoim naturalnym sk\u0142adnikom i klinicznie potwierdzonej skuteczno\u015bci, Prostovit zyska\u0142 uznanie ekspert\u00f3w oraz zaufanie pacjent\u00f3w, staj\u0105c si\u0119 jednym z wiod\u0105cych produkt\u00f3w w leczeniu tego schorzenia.<\/em><\/p>\n<\/div>\n<\/div>\n<\/div>\n<\/div>\n<\/div>\n<\/div>\n<\/div>\n<\/div>\n<div class=\"w-full text-token-text-primary\" data-testid=\"conversation-turn-5\">\n<div class=\"px-4 py-2 justify-center text-base md:gap-6 m-auto\">\n<div class=\"flex flex-1 text-base mx-auto gap-3 md:px-5 lg:px-1 xl:px-5 md:max-w-3xl lg:max-w-[40rem] xl:max-w-[48rem] group final-completion\">\n<div class=\"relative flex w-full flex-col lg:w-[calc(100%-115px)] agent-turn\">\n<div class=\"flex-col gap-1 md:gap-3\">\n<div class=\"flex flex-grow flex-col max-w-full\">\n<div class=\"min-h-[20px] text-message flex flex-col items-start gap-3 whitespace-pre-wrap break-words [.text-message+&amp;]:mt-5 overflow-x-auto\" data-message-author-role=\"assistant\" data-message-id=\"48a949f9-c180-4fab-9af8-b8a08b5f8f39\">\n<div class=\"markdown prose w-full break-words dark:prose-invert light\">\n<h2>Opinie klient\u00f3w o Prostovit: fora po\u015bwi\u0119cone zdrowiu<\/h2>\n<p>W Polsce fora internetowe po\u015bwi\u0119cone zdrowiu ciesz\u0105 si\u0119 ogromn\u0105 popularno\u015bci\u0105. Wielu u\u017cytkownik\u00f3w dzieli si\u0119 tam swoimi do\u015bwiadczeniami z r\u00f3\u017cnymi suplementami oraz preparatami leczniczymi, w tym r\u00f3wnie\u017c Prostovit. Ze wzgl\u0119du na rosn\u0105c\u0105 popularno\u015b\u0107 tego produktu, w sieci mo\u017cna znale\u017a\u0107 wiele pozytywnych opinii na jego temat. Wi\u0119kszo\u015b\u0107 u\u017cytkownik\u00f3w opisuje pozytywne efekty stosowania Prostovit oraz jego dost\u0119pno\u015b\u0107.<\/p>\n<p><strong>Opinie u\u017cytkownik\u00f3w:<\/strong><\/p>\n<p><strong>Jon:<\/strong><\/p>\n<blockquote><p>&#8222;Starczy\u0142 jeden flakon Prostovit, aby zauwa\u017cy\u0107 ogromn\u0105 popraw\u0119 w moim samopoczuciu. Ju\u017c po kilku tygodniach od rozpocz\u0119cia kuracji b\u00f3l si\u0119 zmniejszy\u0142, a problemy z oddawaniem moczu znikn\u0119\u0142y. Polecam wszystkim m\u0119\u017cczyznom z podobnymi problemami!&#8221;<\/p><\/blockquote>\n<p><strong>Piotr:<\/strong><\/p>\n<blockquote><p>&#8222;Dla mnie Prostovit to prawdziwy prze\u0142om. Mia\u0142em w\u0105tpliwo\u015bci co do skuteczno\u015bci suplement\u00f3w, ale po przeczytaniu pozytywnych opinii na forach postanowi\u0142em spr\u00f3bowa\u0107. Nie \u017ca\u0142uj\u0119 &#8211; teraz mog\u0119 cieszy\u0107 si\u0119 pe\u0142nym komfortem \u017cycia codziennego bez dyskomfortu zwi\u0105zanego z zapaleniem gruczo\u0142u krokowego.&#8221;<\/p><\/blockquote>\n<h2>Spos\u00f3b podawania i dawkowanie<\/h2>\n<p>Prostovit wyst\u0119puje w formie kropli, co u\u0142atwia ich stosowanie i dostosowanie dawki do indywidualnych potrzeb. Zalecane jest przyjmowanie 20 kropli preparatu dwa razy dziennie, najlepiej podczas posi\u0142k\u00f3w. Przed u\u017cyciem zaleca si\u0119 wstrz\u0105\u015bni\u0119cie butelki, aby r\u00f3wnomiernie rozprowadzi\u0107 zawarte sk\u0142adniki.<\/p>\n<h2>Kup teraz Prostovit z dostaw\u0105<\/h2>\n<p>Zam\u00f3wienie Prostovit jest niezwykle \u0142atwe i wygodne. Produkt mo\u017cna naby\u0107 online, bez konieczno\u015bci wcze\u015bniejszej p\u0142atno\u015bci. P\u0142atno\u015b\u0107 dokonuje si\u0119 dopiero przy odbiorze przesy\u0142ki, co zapewnia klientom pewno\u015b\u0107, \u017ce otrzymuj\u0105 oryginalny produkt bez ryzyka oszustwa. Dostawa realizowana jest w ci\u0105gu 3-4 dni roboczych na terenie Polski. Po z\u0142o\u017ceniu zam\u00f3wienia, klient otrzymuje r\u00f3wnie\u017c potwierdzenie telefoniczne od specjalisty, kt\u00f3ry s\u0142u\u017cy pomoc\u0105 i mo\u017ce udzieli\u0107 dodatkowych informacji na temat produktu oraz aktualnych promocji.<\/p>\n<p style=\"text-align: center;\"><a href=\"https:\/\/mandarv.com\/LtiS?sub1=sub1&amp;sub2=sub2&amp;sub3=sub3&amp;sub4=sub4&amp;sub5=sub5\"><button>Kup teraz<\/button><\/a><\/p>\n<h2>Por\u00f3wnanie ofert: ceny i dost\u0119pno\u015b\u0107 Prostovit<\/h2>\n<p>Producenci Prostovit zawsze stawiaj\u0105 na dost\u0119pno\u015b\u0107 i bezpiecze\u0144stwo dla klient\u00f3w. Dlatego te\u017c produkt dost\u0119pny jest wy\u0142\u0105cznie na oficjalnej stronie internetowej producenta, eliminuj\u0105c tym samym po\u015brednik\u00f3w i dodatkowe mar\u017ce. Dodatkowo, na stronie producenta regularnie pojawiaj\u0105 si\u0119 promocje i zni\u017cki, kt\u00f3re warto \u015bledzi\u0107. Dzi\u0119ki temu klient mo\u017ce by\u0107 pewny, \u017ce otrzymuje autentyczny produkt w konkurencyjnej cenie, a nie podr\u00f3bk\u0119, jak to cz\u0119sto bywa w przypadku zakup\u00f3w w stacjonarnych aptekach.<\/p>\n<\/div>\n<\/div>\n<\/div>\n<\/div>\n<\/div>\n<\/div>\n<\/div>\n<\/div>\n","protected":false},"excerpt":{"rendered":"<p style=\"text-align: center;\"><a href=\"https:\/\/mandarv.com\/LtiS?sub1=sub1&amp;sub2=sub2&amp;sub3=sub3&amp;sub4=sub4&amp;sub5=sub5\"><button>Kup teraz<\/button><\/a><\/p>\n<p>SKU:\u00a0<span class=\"sku\">789.878.759<\/span><\/p>\n<hr \/>\n<p><small>Produkt sprzedawany jest wy\u0142\u0105cznie za po\u015brednictwem oficjalnej strony producenta, id\u017a i kupuj bezpiecznie!<\/small><\/p>\n","protected":false},"featured_media":321,"comment_status":"open","ping_status":"closed","template":"","meta":[],"product_brand":[],"product_cat":[15],"product_tag":[],"class_list":{"0":"post-320","1":"product","2":"type-product","3":"status-publish","4":"has-post-thumbnail","6":"product_cat-supl","7":"thunk-woo-product-list","8":"opn-qv-enable","9":"top-store-woo-hover-","10":"top-store-single-product-tab-horizontal","11":"top-store-shadow-","12":"top-store-shadow-hover-","14":"first","15":"instock","16":"sale","17":"shipping-taxable","18":"purchasable","19":"product-type-simple"},"yoast_head":"<!-- This site is optimized with the Yoast SEO plugin v27.4 - https:\/\/yoast.com\/product\/yoast-seo-wordpress\/ -->\n<title>Prostovit - kup suplement, cena w aptece, sk\u0142ad, dzia\u0142anie<\/title>\n<meta name=\"robots\" content=\"index, follow, max-snippet:-1, max-image-preview:large, max-video-preview:-1\" \/>\n<link rel=\"canonical\" href=\"https:\/\/lekarzeopole.pl\/wordpress\/product\/prostovit\/\" \/>\n<meta property=\"og:locale\" content=\"pl_PL\" \/>\n<meta property=\"og:type\" content=\"article\" \/>\n<meta property=\"og:title\" content=\"Prostovit - kup suplement, cena w aptece, sk\u0142ad, dzia\u0142anie\" \/>\n<meta property=\"og:description\" content=\"Kup teraz SKU:\u00a0789.878.759    Produkt sprzedawany jest wy\u0142\u0105cznie za po\u015brednictwem oficjalnej strony producenta, id\u017a i kupuj bezpiecznie!\" \/>\n<meta property=\"og:url\" content=\"https:\/\/lekarzeopole.pl\/wordpress\/product\/prostovit\/\" \/>\n<meta property=\"og:site_name\" content=\"Lekarze Opole\" \/>\n<meta property=\"article:modified_time\" content=\"2024-06-07T14:29:38+00:00\" \/>\n<meta property=\"og:image\" content=\"https:\/\/lekarzeopole.pl\/wordpress\/wp-content\/uploads\/2024\/02\/prostovit.png\" \/>\n\t<meta property=\"og:image:width\" content=\"267\" \/>\n\t<meta property=\"og:image:height\" content=\"356\" \/>\n\t<meta property=\"og:image:type\" content=\"image\/png\" \/>\n<meta name=\"twitter:card\" content=\"summary_large_image\" \/>\n<meta name=\"twitter:label1\" content=\"Szacowany czas czytania\" \/>\n\t<meta name=\"twitter:data1\" content=\"5 minut\" \/>\n<script type=\"application\/ld+json\" class=\"yoast-schema-graph\">{\"@context\":\"https:\\\/\\\/schema.org\",\"@graph\":[{\"@type\":\"WebPage\",\"@id\":\"https:\\\/\\\/lekarzeopole.pl\\\/wordpress\\\/product\\\/prostovit\\\/\",\"url\":\"https:\\\/\\\/lekarzeopole.pl\\\/wordpress\\\/product\\\/prostovit\\\/\",\"name\":\"Prostovit - kup suplement, cena w aptece, sk\u0142ad, dzia\u0142anie\",\"isPartOf\":{\"@id\":\"https:\\\/\\\/lekarzeopole.pl\\\/wordpress\\\/#website\"},\"primaryImageOfPage\":{\"@id\":\"https:\\\/\\\/lekarzeopole.pl\\\/wordpress\\\/product\\\/prostovit\\\/#primaryimage\"},\"image\":{\"@id\":\"https:\\\/\\\/lekarzeopole.pl\\\/wordpress\\\/product\\\/prostovit\\\/#primaryimage\"},\"thumbnailUrl\":\"https:\\\/\\\/lekarzeopole.pl\\\/wordpress\\\/wp-content\\\/uploads\\\/2024\\\/02\\\/prostovit.png\",\"datePublished\":\"2024-02-07T09:54:12+00:00\",\"dateModified\":\"2024-06-07T14:29:38+00:00\",\"breadcrumb\":{\"@id\":\"https:\\\/\\\/lekarzeopole.pl\\\/wordpress\\\/product\\\/prostovit\\\/#breadcrumb\"},\"inLanguage\":\"pl-PL\",\"potentialAction\":[{\"@type\":\"ReadAction\",\"target\":[\"https:\\\/\\\/lekarzeopole.pl\\\/wordpress\\\/product\\\/prostovit\\\/\"]}]},{\"@type\":\"ImageObject\",\"inLanguage\":\"pl-PL\",\"@id\":\"https:\\\/\\\/lekarzeopole.pl\\\/wordpress\\\/product\\\/prostovit\\\/#primaryimage\",\"url\":\"https:\\\/\\\/lekarzeopole.pl\\\/wordpress\\\/wp-content\\\/uploads\\\/2024\\\/02\\\/prostovit.png\",\"contentUrl\":\"https:\\\/\\\/lekarzeopole.pl\\\/wordpress\\\/wp-content\\\/uploads\\\/2024\\\/02\\\/prostovit.png\",\"width\":267,\"height\":356,\"caption\":\"Prostovit\"},{\"@type\":\"BreadcrumbList\",\"@id\":\"https:\\\/\\\/lekarzeopole.pl\\\/wordpress\\\/product\\\/prostovit\\\/#breadcrumb\",\"itemListElement\":[{\"@type\":\"ListItem\",\"position\":1,\"name\":\"\u0413\u043b\u0430\u0432\u043d\u0430\u044f \u0441\u0442\u0440\u0430\u043d\u0438\u0446\u0430\",\"item\":\"https:\\\/\\\/lekarzeopole.pl\\\/wordpress\\\/\"},{\"@type\":\"ListItem\",\"position\":2,\"name\":\"Zakup\",\"item\":\"https:\\\/\\\/lekarzeopole.pl\\\/wordpress\\\/\"},{\"@type\":\"ListItem\",\"position\":3,\"name\":\"Prostovit\"}]},{\"@type\":\"WebSite\",\"@id\":\"https:\\\/\\\/lekarzeopole.pl\\\/wordpress\\\/#website\",\"url\":\"https:\\\/\\\/lekarzeopole.pl\\\/wordpress\\\/\",\"name\":\"Lekarze Opole\",\"description\":\"\",\"potentialAction\":[{\"@type\":\"SearchAction\",\"target\":{\"@type\":\"EntryPoint\",\"urlTemplate\":\"https:\\\/\\\/lekarzeopole.pl\\\/wordpress\\\/?s={search_term_string}\"},\"query-input\":{\"@type\":\"PropertyValueSpecification\",\"valueRequired\":true,\"valueName\":\"search_term_string\"}}],\"inLanguage\":\"pl-PL\"}]}<\/script>\n<!-- \/ Yoast SEO plugin. -->","yoast_head_json":{"title":"Prostovit - kup suplement, cena w aptece, sk\u0142ad, dzia\u0142anie","robots":{"index":"index","follow":"follow","max-snippet":"max-snippet:-1","max-image-preview":"max-image-preview:large","max-video-preview":"max-video-preview:-1"},"canonical":"https:\/\/lekarzeopole.pl\/wordpress\/product\/prostovit\/","og_locale":"pl_PL","og_type":"article","og_title":"Prostovit - kup suplement, cena w aptece, sk\u0142ad, dzia\u0142anie","og_description":"Kup teraz SKU:\u00a0789.878.759    Produkt sprzedawany jest wy\u0142\u0105cznie za po\u015brednictwem oficjalnej strony producenta, id\u017a i kupuj bezpiecznie!","og_url":"https:\/\/lekarzeopole.pl\/wordpress\/product\/prostovit\/","og_site_name":"Lekarze Opole","article_modified_time":"2024-06-07T14:29:38+00:00","og_image":[{"width":267,"height":356,"url":"https:\/\/lekarzeopole.pl\/wordpress\/wp-content\/uploads\/2024\/02\/prostovit.png","type":"image\/png"}],"twitter_card":"summary_large_image","twitter_misc":{"Szacowany czas czytania":"5 minut"},"schema":{"@context":"https:\/\/schema.org","@graph":[{"@type":"WebPage","@id":"https:\/\/lekarzeopole.pl\/wordpress\/product\/prostovit\/","url":"https:\/\/lekarzeopole.pl\/wordpress\/product\/prostovit\/","name":"Prostovit - kup suplement, cena w aptece, sk\u0142ad, dzia\u0142anie","isPartOf":{"@id":"https:\/\/lekarzeopole.pl\/wordpress\/#website"},"primaryImageOfPage":{"@id":"https:\/\/lekarzeopole.pl\/wordpress\/product\/prostovit\/#primaryimage"},"image":{"@id":"https:\/\/lekarzeopole.pl\/wordpress\/product\/prostovit\/#primaryimage"},"thumbnailUrl":"https:\/\/lekarzeopole.pl\/wordpress\/wp-content\/uploads\/2024\/02\/prostovit.png","datePublished":"2024-02-07T09:54:12+00:00","dateModified":"2024-06-07T14:29:38+00:00","breadcrumb":{"@id":"https:\/\/lekarzeopole.pl\/wordpress\/product\/prostovit\/#breadcrumb"},"inLanguage":"pl-PL","potentialAction":[{"@type":"ReadAction","target":["https:\/\/lekarzeopole.pl\/wordpress\/product\/prostovit\/"]}]},{"@type":"ImageObject","inLanguage":"pl-PL","@id":"https:\/\/lekarzeopole.pl\/wordpress\/product\/prostovit\/#primaryimage","url":"https:\/\/lekarzeopole.pl\/wordpress\/wp-content\/uploads\/2024\/02\/prostovit.png","contentUrl":"https:\/\/lekarzeopole.pl\/wordpress\/wp-content\/uploads\/2024\/02\/prostovit.png","width":267,"height":356,"caption":"Prostovit"},{"@type":"BreadcrumbList","@id":"https:\/\/lekarzeopole.pl\/wordpress\/product\/prostovit\/#breadcrumb","itemListElement":[{"@type":"ListItem","position":1,"name":"\u0413\u043b\u0430\u0432\u043d\u0430\u044f \u0441\u0442\u0440\u0430\u043d\u0438\u0446\u0430","item":"https:\/\/lekarzeopole.pl\/wordpress\/"},{"@type":"ListItem","position":2,"name":"Zakup","item":"https:\/\/lekarzeopole.pl\/wordpress\/"},{"@type":"ListItem","position":3,"name":"Prostovit"}]},{"@type":"WebSite","@id":"https:\/\/lekarzeopole.pl\/wordpress\/#website","url":"https:\/\/lekarzeopole.pl\/wordpress\/","name":"Lekarze Opole","description":"","potentialAction":[{"@type":"SearchAction","target":{"@type":"EntryPoint","urlTemplate":"https:\/\/lekarzeopole.pl\/wordpress\/?s={search_term_string}"},"query-input":{"@type":"PropertyValueSpecification","valueRequired":true,"valueName":"search_term_string"}}],"inLanguage":"pl-PL"}]}},"_links":{"self":[{"href":"https:\/\/lekarzeopole.pl\/wordpress\/wp-json\/wp\/v2\/product\/320","targetHints":{"allow":["GET"]}}],"collection":[{"href":"https:\/\/lekarzeopole.pl\/wordpress\/wp-json\/wp\/v2\/product"}],"about":[{"href":"https:\/\/lekarzeopole.pl\/wordpress\/wp-json\/wp\/v2\/types\/product"}],"replies":[{"embeddable":true,"href":"https:\/\/lekarzeopole.pl\/wordpress\/wp-json\/wp\/v2\/comments?post=320"}],"wp:featuredmedia":[{"embeddable":true,"href":"https:\/\/lekarzeopole.pl\/wordpress\/wp-json\/wp\/v2\/media\/321"}],"wp:attachment":[{"href":"https:\/\/lekarzeopole.pl\/wordpress\/wp-json\/wp\/v2\/media?parent=320"}],"wp:term":[{"taxonomy":"product_brand","embeddable":true,"href":"https:\/\/lekarzeopole.pl\/wordpress\/wp-json\/wp\/v2\/product_brand?post=320"},{"taxonomy":"product_cat","embeddable":true,"href":"https:\/\/lekarzeopole.pl\/wordpress\/wp-json\/wp\/v2\/product_cat?post=320"},{"taxonomy":"product_tag","embeddable":true,"href":"https:\/\/lekarzeopole.pl\/wordpress\/wp-json\/wp\/v2\/product_tag?post=320"}],"curies":[{"name":"wp","href":"https:\/\/api.w.org\/{rel}","templated":true}]}}