{"id":316,"date":"2024-02-07T09:41:19","date_gmt":"2024-02-07T09:41:19","guid":{"rendered":"https:\/\/lekarzeopole.pl\/wordpress\/?post_type=product&#038;p=316"},"modified":"2025-06-13T12:52:30","modified_gmt":"2025-06-13T12:52:30","slug":"cystonette","status":"publish","type":"product","link":"https:\/\/lekarzeopole.pl\/wordpress\/product\/cystonette\/","title":{"rendered":"Cystonette"},"content":{"rendered":"<div class=\"w-full text-token-text-primary\" data-testid=\"conversation-turn-3\">\n<div class=\"px-4 py-2 justify-center text-base md:gap-6 m-auto\">\n<div class=\"flex flex-1 text-base mx-auto gap-3 md:px-5 lg:px-1 xl:px-5 md:max-w-3xl lg:max-w-[40rem] xl:max-w-[48rem] group\">\n<div class=\"relative flex w-full flex-col lg:w-[calc(100%-115px)] agent-turn\">\n<div class=\"flex-col gap-1 md:gap-3\">\n<div class=\"flex flex-grow flex-col max-w-full\">\n<div class=\"min-h-[20px] text-message flex flex-col items-start gap-3 whitespace-pre-wrap break-words [.text-message+&amp;]:mt-5 overflow-x-auto\" data-message-author-role=\"assistant\" data-message-id=\"47b05364-acf5-4b3e-973c-99271948d465\">\n<div class=\"markdown prose w-full break-words dark:prose-invert light\">\n<p>Zapalenie p\u0119cherza, znane r\u00f3wnie\u017c jako cystitis, to powszechny problem, kt\u00f3ry mo\u017ce dotkn\u0105\u0107 ka\u017cdego w r\u00f3\u017cnym wieku. Objawia si\u0119 b\u00f3lem i pieczeniem podczas oddawania moczu, cz\u0119stymi wizytami w toalecie oraz og\u00f3lnym dyskomfortem. W takich przypadkach Cystonette mo\u017ce by\u0107 skutecznym wsparciem, dzi\u0119ki swoim naturalnym sk\u0142adnikom.<\/p>\n<h2>Sk\u0142ad i dzia\u0142anie sk\u0142adnik\u00f3w Cystonette<\/h2>\n<p>G\u0142\u00f3wnym sk\u0142adnikiem Cystonette jest D-mannoza &#8211; zwi\u0105zek wyst\u0119puj\u0105cy naturalnie w organizmie cz\u0142owieka. Dzia\u0142a ona poprzez wi\u0105zanie si\u0119 z bakteriami Escherichia coli, g\u0142\u00f3wnym sprawc\u0105 zapalenia p\u0119cherza. D-mannoza pokrywa kom\u00f3rki bakteryjne, uniemo\u017cliwiaj\u0105c im przyleganie do \u015bcian p\u0119cherza i dr\u00f3g moczowych, co u\u0142atwia ich usuwanie z organizmu podczas oddawania moczu.<\/p>\n<p>Dzi\u0119ki du\u017cej dawce D-mannozy lek Cystonette zwalcza bakterie wed\u0142ug w\u0142asnych zasad, nie zabijaj\u0105c dobrych bakterii i nie uszkadzaj\u0105c naszego organizmu, w przeciwie\u0144stwie do antybiotyk\u00f3w! D-mannoza wchodzi bezpo\u015brednio do krwioobiegu, jest przetwarzana przez nerki, a znaczna cz\u0119\u015b\u0107 D-mannozy dostaje si\u0119 do moczu. Mocz zawieraj\u0105cy D-mannoz\u0119 przechodzi z nerek przez moczowody do p\u0119cherza, sk\u0105d jest odprowadzany przez cewk\u0119 moczow\u0105, faktycznie pokrywaj\u0105c tkanki cukrem i swobodnie myj\u0105c bakterie E. coli, kt\u00f3re nie mog\u0105 ju\u017c przylega\u0107 do kom\u00f3rek. Ona r\u00f3wnie\u017c \u201eusuwa\u201d wi\u0119kszo\u015b\u0107 bakterii E. coli, kt\u00f3rym uda\u0142o si\u0119 przylgn\u0105\u0107 do wewn\u0119trznej powierzchni p\u0119cherza i dr\u00f3g moczowych, sp\u0142ukuj\u0105c je.<\/p>\n<p style=\"text-align: center;\"><a href=\"https:\/\/mandarv.com\/lBFS?sub1=sub1&amp;sub2=sub2&amp;sub3=sub3&amp;sub4=sub4&amp;sub5=sub5\"><button>www.cystonette.pl<\/button><\/a><\/p>\n<h2>Efekty Cystonette i ich charakterystyka<\/h2>\n<p>Cystonette charakteryzuje si\u0119 szybkim dzia\u0142aniem i skuteczno\u015bci\u0105 w \u0142agodzeniu objaw\u00f3w zapalenia p\u0119cherza. Ju\u017c po kr\u00f3tkim czasie stosowania mo\u017cna zauwa\u017cy\u0107 zmniejszenie b\u00f3lu i pieczenia podczas oddawania moczu, a tak\u017ce zmniejszenie cz\u0119stotliwo\u015bci wizyt w toalecie. Regularne stosowanie Cystonette mo\u017ce r\u00f3wnie\u017c przyczyni\u0107 si\u0119 do zmniejszenia ryzyka nawrot\u00f3w infekcji p\u0119cherza.<\/p>\n<h2>Ryzyko skutk\u00f3w ubocznych<\/h2>\n<p>Ze wzgl\u0119du na swoje naturalne sk\u0142adniki, Cystonette ma minimalne ryzyko skutk\u00f3w ubocznych. Nie zawiera sztucznych substancji chemicznych ani antybiotyk\u00f3w, kt\u00f3re mog\u0142yby prowadzi\u0107 do dzia\u0142a\u0144 niepo\u017c\u0105danych. Dzi\u0119ki temu preparat jest dobrze tolerowany przez wi\u0119kszo\u015b\u0107 pacjent\u00f3w, nawet przez osoby z wra\u017cliwym uk\u0142adem pokarmowym czy alergiami.<\/p>\n<p><em>Cystonette to innowacyjny preparat, kt\u00f3ry wykorzystuje moc natury do zwalczania zapalenia p\u0119cherza. Dzi\u0119ki D-mannozy i innym naturalnym sk\u0142adnikom mo\u017ce skutecznie \u0142agodzi\u0107 objawy tej dolegliwo\u015bci, minimalizuj\u0105c jednocze\u015bnie ryzyko skutk\u00f3w ubocznych. Dla os\u00f3b poszukuj\u0105cych naturalnych metod leczenia zapalenia p\u0119cherza, Cystonette mo\u017ce by\u0107 doskona\u0142ym wyborem.<\/em><\/p>\n<\/div>\n<\/div>\n<\/div>\n<\/div>\n<\/div>\n<\/div>\n<\/div>\n<\/div>\n<div class=\"w-full text-token-text-primary\" data-testid=\"conversation-turn-5\">\n<div class=\"px-4 py-2 justify-center text-base md:gap-6 m-auto\">\n<div class=\"flex flex-1 text-base mx-auto gap-3 md:px-5 lg:px-1 xl:px-5 md:max-w-3xl lg:max-w-[40rem] xl:max-w-[48rem] group final-completion\">\n<div class=\"relative flex w-full flex-col lg:w-[calc(100%-115px)] agent-turn\">\n<div class=\"flex-col gap-1 md:gap-3\">\n<div class=\"flex flex-grow flex-col max-w-full\">\n<div class=\"min-h-[20px] text-message flex flex-col items-start gap-3 whitespace-pre-wrap break-words [.text-message+&amp;]:mt-5 overflow-x-auto\" data-message-author-role=\"assistant\" data-message-id=\"76540f78-fde1-4633-997b-9353ea31b5bc\">\n<div class=\"markdown prose w-full break-words dark:prose-invert light\">\n<h2>Opinie klient\u00f3w o Cystonette: fora po\u015bwi\u0119cone zdrowiu<\/h2>\n<p>W Polsce fora internetowe po\u015bwi\u0119cone zdrowiu i suplementom diety staj\u0105 si\u0119 coraz bardziej popularne. Wielu u\u017cytkownik\u00f3w dzieli si\u0119 tam swoimi do\u015bwiadczeniami z r\u00f3\u017cnymi produktami, w tym tak\u017ce z Cystonette. Preparat ten zdobywa coraz wi\u0119ksz\u0105 popularno\u015b\u0107 w\u015br\u00f3d kupuj\u0105cych, dlatego nie brakuje opinii na jego temat. Wi\u0119kszo\u015b\u0107 u\u017cytkownik\u00f3w opisuje pozytywne dzia\u0142anie preparatu oraz jego dost\u0119pno\u015b\u0107 bez konieczno\u015bci recepty. Oto dwa przyk\u0142adowe opinie od u\u017cytkownik\u00f3w:<\/p>\n<ul>\n<li><strong>Anna:<\/strong> &#8222;Cystonette okaza\u0142 si\u0119 dla mnie prawdziwym odkryciem! Po wielu pr\u00f3bach z innymi lekami na zapalenie p\u0119cherza, wreszcie znalaz\u0142am co\u015b, co dzia\u0142a szybko i skutecznie. Teraz mam go zawsze pod r\u0119k\u0105, gdy tylko czuj\u0119 pierwsze objawy infekcji.&#8221;<\/li>\n<li><strong>Piotr:<\/strong> &#8222;Nie lubi\u0119 stosowa\u0107 antybiotyk\u00f3w, wi\u0119c gdy dowiedzia\u0142em si\u0119 o Cystonette, postanowi\u0142em go wypr\u00f3bowa\u0107. Nie \u017ca\u0142uj\u0119! Preparat jest \u0142atwy w u\u017cyciu, a co najwa\u017cniejsze, skuteczny. Polecam ka\u017cdemu, kto boryka si\u0119 z cz\u0119stymi infekcjami p\u0119cherza.&#8221;<\/li>\n<\/ul>\n<h2>Spos\u00f3b podawania i dawkowanie<\/h2>\n<p>Cystonette wyst\u0119puje w postaci kapsu\u0142ek, co sprawia, \u017ce jest \u0142atwy w stosowaniu. Zalecane jest przyjmowanie jednej kapsu\u0142ki raz dziennie, preferowana jest godzina wieczorna. Kapsu\u0142ki nale\u017cy popi\u0107 wystarczaj\u0105c\u0105 ilo\u015bci\u0105 wody. Regularne stosowanie preparatu mo\u017ce przyczyni\u0107 si\u0119 do utrzymania zdrowej r\u00f3wnowagi w obr\u0119bie uk\u0142adu moczowego.<\/p>\n<p style=\"text-align: center;\"><a href=\"https:\/\/mandarv.com\/lBFS?sub1=sub1&amp;sub2=sub2&amp;sub3=sub3&amp;sub4=sub4&amp;sub5=sub5\"><button>Kup teraz<\/button><\/a><\/p>\n<h2>Kup teraz Cystonette z dostaw\u0105<\/h2>\n<p>Zakup Cystonette jest \u0142atwy i wygodny. Produkt mo\u017cna naby\u0107 online, bez konieczno\u015bci wychodzenia z domu. Co wa\u017cne, op\u0142at\u0119 za produkt mo\u017cna dokona\u0107 dopiero przy odbiorze, co daje gwarancj\u0119 otrzymania oryginalnego produktu bez ryzyka oszustwa. Dostawa realizowana jest w ci\u0105gu 3-4 dni roboczych na terenie Polski. Dodatkowo, ka\u017cdy zam\u00f3wienie jest potwierdzane telefonicznie przez specjalist\u0119, kt\u00f3ry s\u0142u\u017cy pomoc\u0105 i mo\u017ce udzieli\u0107 porady odno\u015bnie ilo\u015bci i dost\u0119pno\u015bci promocji.<\/p>\n<h2>Por\u00f3wnanie ofert: ceny i dost\u0119pno\u015b\u0107 Cystonette<\/h2>\n<p>Producent Cystonette stawia na dost\u0119pno\u015b\u0107 i bezpiecze\u0144stwo zakupu dla swoich klient\u00f3w. Dlatego preparat mo\u017cna naby\u0107 wy\u0142\u0105cznie na oficjalnej stronie internetowej producenta, eliminuj\u0105c po\u015brednik\u00f3w i ewentualne dodatkowe koszty. Regularnie s\u0105 dost\u0119pne promocje i rabaty, kt\u00f3re warto \u015bledzi\u0107. Warto zaznaczy\u0107, \u017ce Cystonette nie jest dost\u0119pny w stacjonarnych aptekach, co gwarantuje, \u017ce klient otrzymuje produkt bezpo\u015brednio od producenta, zachowuj\u0105c pe\u0142n\u0105 kontrol\u0119 nad jako\u015bci\u0105 i oryginalno\u015bci\u0105.<\/p>\n<\/div>\n<\/div>\n<\/div>\n<\/div>\n<\/div>\n<\/div>\n<\/div>\n<\/div>\n","protected":false},"excerpt":{"rendered":"<p style=\"text-align: center;\"><a href=\"https:\/\/mandarv.com\/lBFS?sub1=sub1&amp;sub2=sub2&amp;sub3=sub3&amp;sub4=sub4&amp;sub5=sub5\"><button>Kup teraz<\/button><\/a><\/p>\n<p>SKU:\u00a0<span class=\"sku\">789.878.739<\/span><\/p>\n<hr \/>\n<p><small>Produkt sprzedawany jest wy\u0142\u0105cznie za po\u015brednictwem oficjalnej strony producenta, id\u017a i kupuj bezpiecznie!<\/small><\/p>\n","protected":false},"featured_media":317,"comment_status":"open","ping_status":"closed","template":"","meta":[],"product_brand":[],"product_cat":[15],"product_tag":[],"class_list":{"0":"post-316","1":"product","2":"type-product","3":"status-publish","4":"has-post-thumbnail","6":"product_cat-supl","7":"thunk-woo-product-list","8":"opn-qv-enable","9":"top-store-woo-hover-","10":"top-store-single-product-tab-horizontal","11":"top-store-shadow-","12":"top-store-shadow-hover-","14":"first","15":"instock","16":"sale","17":"shipping-taxable","18":"purchasable","19":"product-type-simple"},"yoast_head":"<!-- This site is optimized with the Yoast SEO plugin v27.4 - https:\/\/yoast.com\/product\/yoast-seo-wordpress\/ -->\n<title>Cystonette - kup suplement, cena w aptece, sk\u0142ad, dzia\u0142anie<\/title>\n<meta name=\"robots\" content=\"index, follow, max-snippet:-1, max-image-preview:large, max-video-preview:-1\" \/>\n<link rel=\"canonical\" href=\"https:\/\/lekarzeopole.pl\/wordpress\/product\/cystonette\/\" \/>\n<meta property=\"og:locale\" content=\"pl_PL\" \/>\n<meta property=\"og:type\" content=\"article\" \/>\n<meta property=\"og:title\" content=\"Cystonette - kup suplement, cena w aptece, sk\u0142ad, dzia\u0142anie\" \/>\n<meta property=\"og:description\" content=\"Kup teraz SKU:\u00a0789.878.739    Produkt sprzedawany jest wy\u0142\u0105cznie za po\u015brednictwem oficjalnej strony producenta, id\u017a i kupuj bezpiecznie!\" \/>\n<meta property=\"og:url\" content=\"https:\/\/lekarzeopole.pl\/wordpress\/product\/cystonette\/\" \/>\n<meta property=\"og:site_name\" content=\"Lekarze Opole\" \/>\n<meta property=\"article:modified_time\" content=\"2025-06-13T12:52:30+00:00\" \/>\n<meta property=\"og:image\" content=\"https:\/\/lekarzeopole.pl\/wordpress\/wp-content\/uploads\/2024\/02\/cystonette.png\" \/>\n\t<meta property=\"og:image:width\" content=\"650\" \/>\n\t<meta property=\"og:image:height\" content=\"604\" \/>\n\t<meta property=\"og:image:type\" content=\"image\/png\" \/>\n<meta name=\"twitter:card\" content=\"summary_large_image\" \/>\n<meta name=\"twitter:label1\" content=\"Szacowany czas czytania\" \/>\n\t<meta name=\"twitter:data1\" content=\"5 minut\" \/>\n<script type=\"application\/ld+json\" class=\"yoast-schema-graph\">{\"@context\":\"https:\\\/\\\/schema.org\",\"@graph\":[{\"@type\":\"WebPage\",\"@id\":\"https:\\\/\\\/lekarzeopole.pl\\\/wordpress\\\/product\\\/cystonette\\\/\",\"url\":\"https:\\\/\\\/lekarzeopole.pl\\\/wordpress\\\/product\\\/cystonette\\\/\",\"name\":\"Cystonette - kup suplement, cena w aptece, sk\u0142ad, dzia\u0142anie\",\"isPartOf\":{\"@id\":\"https:\\\/\\\/lekarzeopole.pl\\\/wordpress\\\/#website\"},\"primaryImageOfPage\":{\"@id\":\"https:\\\/\\\/lekarzeopole.pl\\\/wordpress\\\/product\\\/cystonette\\\/#primaryimage\"},\"image\":{\"@id\":\"https:\\\/\\\/lekarzeopole.pl\\\/wordpress\\\/product\\\/cystonette\\\/#primaryimage\"},\"thumbnailUrl\":\"https:\\\/\\\/lekarzeopole.pl\\\/wordpress\\\/wp-content\\\/uploads\\\/2024\\\/02\\\/cystonette.png\",\"datePublished\":\"2024-02-07T09:41:19+00:00\",\"dateModified\":\"2025-06-13T12:52:30+00:00\",\"breadcrumb\":{\"@id\":\"https:\\\/\\\/lekarzeopole.pl\\\/wordpress\\\/product\\\/cystonette\\\/#breadcrumb\"},\"inLanguage\":\"pl-PL\",\"potentialAction\":[{\"@type\":\"ReadAction\",\"target\":[\"https:\\\/\\\/lekarzeopole.pl\\\/wordpress\\\/product\\\/cystonette\\\/\"]}]},{\"@type\":\"ImageObject\",\"inLanguage\":\"pl-PL\",\"@id\":\"https:\\\/\\\/lekarzeopole.pl\\\/wordpress\\\/product\\\/cystonette\\\/#primaryimage\",\"url\":\"https:\\\/\\\/lekarzeopole.pl\\\/wordpress\\\/wp-content\\\/uploads\\\/2024\\\/02\\\/cystonette.png\",\"contentUrl\":\"https:\\\/\\\/lekarzeopole.pl\\\/wordpress\\\/wp-content\\\/uploads\\\/2024\\\/02\\\/cystonette.png\",\"width\":650,\"height\":604,\"caption\":\"Cystonette\"},{\"@type\":\"BreadcrumbList\",\"@id\":\"https:\\\/\\\/lekarzeopole.pl\\\/wordpress\\\/product\\\/cystonette\\\/#breadcrumb\",\"itemListElement\":[{\"@type\":\"ListItem\",\"position\":1,\"name\":\"\u0413\u043b\u0430\u0432\u043d\u0430\u044f \u0441\u0442\u0440\u0430\u043d\u0438\u0446\u0430\",\"item\":\"https:\\\/\\\/lekarzeopole.pl\\\/wordpress\\\/\"},{\"@type\":\"ListItem\",\"position\":2,\"name\":\"Zakup\",\"item\":\"https:\\\/\\\/lekarzeopole.pl\\\/wordpress\\\/\"},{\"@type\":\"ListItem\",\"position\":3,\"name\":\"Cystonette\"}]},{\"@type\":\"WebSite\",\"@id\":\"https:\\\/\\\/lekarzeopole.pl\\\/wordpress\\\/#website\",\"url\":\"https:\\\/\\\/lekarzeopole.pl\\\/wordpress\\\/\",\"name\":\"Lekarze Opole\",\"description\":\"\",\"potentialAction\":[{\"@type\":\"SearchAction\",\"target\":{\"@type\":\"EntryPoint\",\"urlTemplate\":\"https:\\\/\\\/lekarzeopole.pl\\\/wordpress\\\/?s={search_term_string}\"},\"query-input\":{\"@type\":\"PropertyValueSpecification\",\"valueRequired\":true,\"valueName\":\"search_term_string\"}}],\"inLanguage\":\"pl-PL\"}]}<\/script>\n<!-- \/ Yoast SEO plugin. -->","yoast_head_json":{"title":"Cystonette - kup suplement, cena w aptece, sk\u0142ad, dzia\u0142anie","robots":{"index":"index","follow":"follow","max-snippet":"max-snippet:-1","max-image-preview":"max-image-preview:large","max-video-preview":"max-video-preview:-1"},"canonical":"https:\/\/lekarzeopole.pl\/wordpress\/product\/cystonette\/","og_locale":"pl_PL","og_type":"article","og_title":"Cystonette - kup suplement, cena w aptece, sk\u0142ad, dzia\u0142anie","og_description":"Kup teraz SKU:\u00a0789.878.739    Produkt sprzedawany jest wy\u0142\u0105cznie za po\u015brednictwem oficjalnej strony producenta, id\u017a i kupuj bezpiecznie!","og_url":"https:\/\/lekarzeopole.pl\/wordpress\/product\/cystonette\/","og_site_name":"Lekarze Opole","article_modified_time":"2025-06-13T12:52:30+00:00","og_image":[{"width":650,"height":604,"url":"https:\/\/lekarzeopole.pl\/wordpress\/wp-content\/uploads\/2024\/02\/cystonette.png","type":"image\/png"}],"twitter_card":"summary_large_image","twitter_misc":{"Szacowany czas czytania":"5 minut"},"schema":{"@context":"https:\/\/schema.org","@graph":[{"@type":"WebPage","@id":"https:\/\/lekarzeopole.pl\/wordpress\/product\/cystonette\/","url":"https:\/\/lekarzeopole.pl\/wordpress\/product\/cystonette\/","name":"Cystonette - kup suplement, cena w aptece, sk\u0142ad, dzia\u0142anie","isPartOf":{"@id":"https:\/\/lekarzeopole.pl\/wordpress\/#website"},"primaryImageOfPage":{"@id":"https:\/\/lekarzeopole.pl\/wordpress\/product\/cystonette\/#primaryimage"},"image":{"@id":"https:\/\/lekarzeopole.pl\/wordpress\/product\/cystonette\/#primaryimage"},"thumbnailUrl":"https:\/\/lekarzeopole.pl\/wordpress\/wp-content\/uploads\/2024\/02\/cystonette.png","datePublished":"2024-02-07T09:41:19+00:00","dateModified":"2025-06-13T12:52:30+00:00","breadcrumb":{"@id":"https:\/\/lekarzeopole.pl\/wordpress\/product\/cystonette\/#breadcrumb"},"inLanguage":"pl-PL","potentialAction":[{"@type":"ReadAction","target":["https:\/\/lekarzeopole.pl\/wordpress\/product\/cystonette\/"]}]},{"@type":"ImageObject","inLanguage":"pl-PL","@id":"https:\/\/lekarzeopole.pl\/wordpress\/product\/cystonette\/#primaryimage","url":"https:\/\/lekarzeopole.pl\/wordpress\/wp-content\/uploads\/2024\/02\/cystonette.png","contentUrl":"https:\/\/lekarzeopole.pl\/wordpress\/wp-content\/uploads\/2024\/02\/cystonette.png","width":650,"height":604,"caption":"Cystonette"},{"@type":"BreadcrumbList","@id":"https:\/\/lekarzeopole.pl\/wordpress\/product\/cystonette\/#breadcrumb","itemListElement":[{"@type":"ListItem","position":1,"name":"\u0413\u043b\u0430\u0432\u043d\u0430\u044f \u0441\u0442\u0440\u0430\u043d\u0438\u0446\u0430","item":"https:\/\/lekarzeopole.pl\/wordpress\/"},{"@type":"ListItem","position":2,"name":"Zakup","item":"https:\/\/lekarzeopole.pl\/wordpress\/"},{"@type":"ListItem","position":3,"name":"Cystonette"}]},{"@type":"WebSite","@id":"https:\/\/lekarzeopole.pl\/wordpress\/#website","url":"https:\/\/lekarzeopole.pl\/wordpress\/","name":"Lekarze Opole","description":"","potentialAction":[{"@type":"SearchAction","target":{"@type":"EntryPoint","urlTemplate":"https:\/\/lekarzeopole.pl\/wordpress\/?s={search_term_string}"},"query-input":{"@type":"PropertyValueSpecification","valueRequired":true,"valueName":"search_term_string"}}],"inLanguage":"pl-PL"}]}},"_links":{"self":[{"href":"https:\/\/lekarzeopole.pl\/wordpress\/wp-json\/wp\/v2\/product\/316","targetHints":{"allow":["GET"]}}],"collection":[{"href":"https:\/\/lekarzeopole.pl\/wordpress\/wp-json\/wp\/v2\/product"}],"about":[{"href":"https:\/\/lekarzeopole.pl\/wordpress\/wp-json\/wp\/v2\/types\/product"}],"replies":[{"embeddable":true,"href":"https:\/\/lekarzeopole.pl\/wordpress\/wp-json\/wp\/v2\/comments?post=316"}],"wp:featuredmedia":[{"embeddable":true,"href":"https:\/\/lekarzeopole.pl\/wordpress\/wp-json\/wp\/v2\/media\/317"}],"wp:attachment":[{"href":"https:\/\/lekarzeopole.pl\/wordpress\/wp-json\/wp\/v2\/media?parent=316"}],"wp:term":[{"taxonomy":"product_brand","embeddable":true,"href":"https:\/\/lekarzeopole.pl\/wordpress\/wp-json\/wp\/v2\/product_brand?post=316"},{"taxonomy":"product_cat","embeddable":true,"href":"https:\/\/lekarzeopole.pl\/wordpress\/wp-json\/wp\/v2\/product_cat?post=316"},{"taxonomy":"product_tag","embeddable":true,"href":"https:\/\/lekarzeopole.pl\/wordpress\/wp-json\/wp\/v2\/product_tag?post=316"}],"curies":[{"name":"wp","href":"https:\/\/api.w.org\/{rel}","templated":true}]}}