{"id":259,"date":"2024-02-06T10:27:53","date_gmt":"2024-02-06T10:27:53","guid":{"rendered":"https:\/\/lekarzeopole.pl\/wordpress\/?post_type=product&#038;p=259"},"modified":"2026-01-05T14:13:53","modified_gmt":"2026-01-05T14:13:53","slug":"relaton","status":"publish","type":"product","link":"https:\/\/lekarzeopole.pl\/wordpress\/product\/relaton\/","title":{"rendered":"RELATON"},"content":{"rendered":"<div class=\"flex-1 overflow-hidden\">\n<div class=\"react-scroll-to-bottom--css-mldfd-79elbk h-full\">\n<div class=\"react-scroll-to-bottom--css-mldfd-1n7m0yu\">\n<div class=\"flex flex-col pb-9 text-sm\">\n<div class=\"w-full text-token-text-primary\" data-testid=\"conversation-turn-3\">\n<div class=\"px-4 py-2 justify-center text-base md:gap-6 m-auto\">\n<div class=\"flex flex-1 text-base mx-auto gap-3 md:px-5 lg:px-1 xl:px-5 md:max-w-3xl lg:max-w-[40rem] xl:max-w-[48rem] group\">\n<div class=\"relative flex w-full flex-col lg:w-[calc(100%-115px)] agent-turn\">\n<div class=\"flex-col gap-1 md:gap-3\">\n<div class=\"flex flex-grow flex-col max-w-full\">\n<div class=\"text-message flex flex-col items-start gap-3 whitespace-pre-wrap break-words [.text-message+&amp;]:mt-5 overflow-x-auto\" data-message-author-role=\"assistant\" data-message-id=\"09034ebb-0c61-4145-9ec8-8c5483d2eaf2\">\n<div class=\"markdown prose w-full break-words dark:prose-invert light\">\n<p>RELATON to innowacyjny suplement diety, kt\u00f3ry zdobywa coraz wi\u0119ksz\u0105 popularno\u015b\u0107 w\u015br\u00f3d os\u00f3b zmagaj\u0105cych si\u0119 z problemami s\u0142uchowymi, b\u00f3lami, skurczami oraz infekcjami usznymi. Ten naturalny produkt oferuje szeroki zakres korzy\u015bci, a jego sk\u0142adniki dzia\u0142aj\u0105 synergicznie, by zapewni\u0107 ulg\u0119 i popraw\u0119 jako\u015bci \u017cycia. W tym artykule przedstawimy Ci RELATON, jego sk\u0142ad, korzy\u015bci oraz minimalne ryzyko skutk\u00f3w ubocznych, kt\u00f3re go towarzyszy.<\/p>\n<h2>Wskazania do stosowania RELATON<\/h2>\n<p>RELATON to suplement diety, kt\u00f3ry mo\u017ce by\u0107 korzystny dla os\u00f3b z r\u00f3\u017cnymi problemami zdrowotnymi. Oto niekt\u00f3re z g\u0142\u00f3wnych wskaza\u0144 do jego stosowania:<\/p>\n<ol>\n<li><strong>Poprawa S\u0142uchu<\/strong>: RELATON jest szczeg\u00f3lnie korzystny dla os\u00f3b, kt\u00f3re zauwa\u017caj\u0105 spadek zdolno\u015bci s\u0142uchu. Sk\u0142adniki aktywne w kapsu\u0142kach wspomagaj\u0105 odbi\u00f3r d\u017awi\u0119k\u00f3w i mog\u0105 pom\u00f3c w redukcji szum\u00f3w usznych.<\/li>\n<li><strong>Lekko\u015b\u0107 i Redukcja B\u00f3lu<\/strong>: Osoby cierpi\u0105ce na b\u00f3le mi\u0119\u015bniowe, stawowe lub skurcze mi\u0119\u015bni mog\u0105 odczu\u0107 ulg\u0119 po stosowaniu RELATON. Sk\u0142adniki te pomagaj\u0105 rozlu\u017ani\u0107 mi\u0119\u015bnie i zmniejszy\u0107 b\u00f3l.<\/li>\n<li><strong>Zapobieganie Infekcjom Usznym<\/strong>: RELATON mo\u017ce by\u0107 r\u00f3wnie\u017c stosowany profilaktycznie, aby zmniejszy\u0107 ryzyko wyst\u0105pienia infekcji usznych. Sk\u0142adniki maj\u0105 w\u0142a\u015bciwo\u015bci antybakteryjne i przeciwwirusowe.<\/li>\n<li><strong>Og\u00f3lna Poprawa Zdrowia<\/strong>: Ten suplement diety mo\u017ce tak\u017ce przyczyni\u0107 si\u0119 do og\u00f3lnego poprawienia zdrowia dzi\u0119ki swoim naturalnym sk\u0142adnikom, kt\u00f3re dzia\u0142aj\u0105 korzystnie na organizm.<\/li>\n<\/ol>\n<h2>Sk\u0142ad i dzia\u0142anie sk\u0142adnik\u00f3w RELATON<\/h2>\n<p>RELATON to produkt oparty na naturalnych sk\u0142adnikach, kt\u00f3re wsp\u00f3lnie dostarczaj\u0105 szeroki zakres korzy\u015bci zdrowotnych. Oto g\u0142\u00f3wne sk\u0142adniki i ich dzia\u0142anie:<\/p>\n<ol>\n<li><strong>Witamina C<\/strong>: Witamina C jest znana z dzia\u0142ania przeciwutleniaj\u0105cego, co oznacza, \u017ce pomaga zwalcza\u0107 wolne rodniki i chroni kom\u00f3rki przed uszkodzeniem. W przypadku s\u0142uchu mo\u017ce poprawi\u0107 kr\u0105\u017cenie krwi w uchu wewn\u0119trznym, co z kolei wp\u0142ywa na zdolno\u015b\u0107 s\u0142uchu.<\/li>\n<li><strong>Magnez<\/strong>: Magnez jest niezb\u0119dny do prawid\u0142owego funkcjonowania mi\u0119\u015bni i nerw\u00f3w. Pomaga w rozlu\u017anianiu mi\u0119\u015bni, co mo\u017ce przynie\u015b\u0107 ulg\u0119 osobom z b\u00f3lami mi\u0119\u015bniowymi i skurczami.<\/li>\n<li><strong>Ekstrakt z mi\u0142orz\u0119bu japo\u0144skiego<\/strong>: Mi\u0142orz\u0105b japo\u0144ski ma w\u0142a\u015bciwo\u015bci przeciwbakteryjne i przeciwwirusowe, co mo\u017ce pom\u00f3c w zapobieganiu infekcjom usznym oraz wzmocni\u0107 uk\u0142ad odporno\u015bciowy.<\/li>\n<li><strong>Ekstrakt z czosnku<\/strong>: Czosnek jest znany ze swoich w\u0142a\u015bciwo\u015bci antybakteryjnych i przeciwwirusowych. Pomaga w zwalczaniu infekcji oraz wspiera zdrowie og\u00f3lnie.<\/li>\n<\/ol>\n<h2>Efekty RELATON i ich charakterystyka<\/h2>\n<p>Stosowanie RELATON mo\u017ce przynie\u015b\u0107 wiele korzy\u015bci zdrowotnych. Oto niekt\u00f3re z efekt\u00f3w, kt\u00f3re mo\u017cna do\u015bwiadczy\u0107 po regularnym stosowaniu:<\/p>\n<ol>\n<li><strong>Poprawa S\u0142uchu<\/strong>: Jednym z g\u0142\u00f3wnych efekt\u00f3w RELATON jest poprawa zdolno\u015bci s\u0142uchu. Osoby z problemami ze s\u0142uchem mog\u0105 do\u015bwiadczy\u0107 wi\u0119kszej wyra\u017ano\u015bci i ostro\u015bci d\u017awi\u0119k\u00f3w.<\/li>\n<li><strong>Lekko\u015b\u0107 i Redukcja B\u00f3lu<\/strong>: Dzi\u0119ki dzia\u0142aniu rozlu\u017aniaj\u0105cemu mi\u0119\u015bnie, RELATON mo\u017ce pom\u00f3c w zmniejszeniu b\u00f3lu mi\u0119\u015bniowego, stawowego oraz skurcz\u00f3w mi\u0119\u015bni.<\/li>\n<li><strong>Zapobieganie Infekcjom Usznym<\/strong>: Regularne stosowanie RELATON mo\u017ce pom\u00f3c w zapobieganiu infekcjom usznym dzi\u0119ki w\u0142a\u015bciwo\u015bciom przeciwbakteryjnym i przeciwwirusowym sk\u0142adnik\u00f3w.<\/li>\n<li><strong>Og\u00f3lna Poprawa Zdrowia<\/strong>: RELATON nie tylko dzia\u0142a na konkretne problemy, ale tak\u017ce mo\u017ce wp\u0142yn\u0105\u0107 na og\u00f3ln\u0105 popraw\u0119 zdrowia, dzi\u0119ki czemu osoba czuje si\u0119 lepiej i bardziej witalnie.<\/li>\n<\/ol>\n<p style=\"text-align: center;\"><a href=\"https:\/\/tl-track.com\/tracker\/ujut\"><button>www.relaton.pl<\/button><\/a><\/p>\n<h2>Ryzyko skutk\u00f3w ubocznych<\/h2>\n<p>Jednym z najwi\u0119kszych atut\u00f3w RELATON jest jego naturalny sk\u0142ad, kt\u00f3ry minimalizuje ryzyko wyst\u0105pienia skutk\u00f3w ubocznych. Poniewa\u017c produkt opiera si\u0119 na naturalnych sk\u0142adnikach, jest mniej prawdopodobne, \u017ce wywo\u0142a jakiekolwiek niepo\u017c\u0105dane reakcje. Jednak ka\u017cdy organizm jest inny, dlatego zawsze warto skonsultowa\u0107 si\u0119 z lekarzem przed rozpocz\u0119ciem stosowania nowego suplementu diety.<\/p>\n<p><em>RELATON to innowacyjny produkt, kt\u00f3ry mo\u017ce pom\u00f3c w poprawie s\u0142uchu, redukcji b\u00f3lu, zwalczaniu skurcz\u00f3w mi\u0119\u015bni i zapobieganiu infekcjom usznym. Jego naturalne sk\u0142adniki minimalizuj\u0105 ryzyko skutk\u00f3w ubocznych, co czyni go atrakcyjnym wyborem dla os\u00f3b poszukuj\u0105cych naturalnych rozwi\u0105za\u0144 dla swoich problem\u00f3w zdrowotnych. Pami\u0119taj jednak, \u017ce przed rozpocz\u0119ciem stosowania RELATON zawsze warto skonsultowa\u0107 si\u0119 z lekarzem, aby upewni\u0107 si\u0119, \u017ce jest on odpowiedni dla Twoich potrzeb i stanu zdrowia.<\/em><\/p>\n<\/div>\n<\/div>\n<\/div>\n<\/div>\n<\/div>\n<\/div>\n<\/div>\n<\/div>\n<div class=\"w-full text-token-text-primary\" data-testid=\"conversation-turn-5\">\n<div class=\"px-4 py-2 justify-center text-base md:gap-6 m-auto\">\n<div class=\"flex flex-1 text-base mx-auto gap-3 md:px-5 lg:px-1 xl:px-5 md:max-w-3xl lg:max-w-[40rem] xl:max-w-[48rem] group final-completion\">\n<div class=\"relative flex w-full flex-col lg:w-[calc(100%-115px)] agent-turn\">\n<div class=\"flex-col gap-1 md:gap-3\">\n<div class=\"flex flex-grow flex-col max-w-full\">\n<div class=\"min-h-[20px] text-message flex flex-col items-start gap-3 whitespace-pre-wrap break-words [.text-message+&amp;]:mt-5 overflow-x-auto\" data-message-author-role=\"assistant\" data-message-id=\"c3fbb26b-2794-4d1c-8924-54c549d74578\">\n<div class=\"markdown prose w-full break-words dark:prose-invert light\">\n<h2>Opinie klient\u00f3w o RELATON: fora po\u015bwi\u0119cone zdrowiu<\/h2>\n<p>W Polsce RELATON sta\u0142 si\u0119 tematem gor\u0105cych dyskusji na licznych forach internetowych po\u015bwi\u0119conych zdrowiu. Zyskuje on coraz wi\u0119ksz\u0105 popularno\u015b\u0107 w\u015br\u00f3d klient\u00f3w, co skutkuje mn\u00f3stwem pozytywnych opinii na jego temat. Wi\u0119kszo\u015b\u0107 u\u017cytkownik\u00f3w opisuje pozytywne dzia\u0142anie produktu, jego dost\u0119pno\u015b\u0107 oraz korzystny wp\u0142yw na zdrowie. Oto dwa przyk\u0142adowe opinie od u\u017cytkownik\u00f3w:<\/p>\n<ol>\n<li><strong>Anna<\/strong>: &#8222;RELATON to prawdziwe odkrycie dla mnie. Zauwa\u017cy\u0142am popraw\u0119 w swoim s\u0142uchu ju\u017c po kilku tygodniach stosowania. Ciesz\u0119 si\u0119, \u017ce mog\u0119 cieszy\u0107 si\u0119 d\u017awi\u0119kami \u017cycia zn\u00f3w!&#8221;<\/li>\n<li><strong>Piotr<\/strong>: &#8222;Jestem pod wra\u017ceniem, jak skuteczny jest RELATON w \u0142agodzeniu moich b\u00f3l\u00f3w mi\u0119\u015bniowych. Teraz mog\u0119 cieszy\u0107 si\u0119 aktywno\u015bci\u0105 fizyczn\u0105 bez dyskomfortu.&#8221;<\/li>\n<\/ol>\n<h2>Spos\u00f3b podawania i dawkowanie<\/h2>\n<p>Stosowanie RELATON jest proste i wygodne. Zalecane dawkowanie to 1 kapsu\u0142ka dziennie, najlepiej rano przed posi\u0142kiem. Kapsu\u0142ki nale\u017cy popi\u0107 du\u017c\u0105 ilo\u015bci\u0105 wody, aby u\u0142atwi\u0107 ich przyswajanie. Wa\u017cne jest, aby przestrzega\u0107 zalecanych dawek i nie przekracza\u0107 ich, aby unikn\u0105\u0107 ewentualnych skutk\u00f3w ubocznych.<\/p>\n<h2>Kup teraz RELATON z dostaw\u0105<\/h2>\n<p>Je\u015bli jeste\u015b zainteresowany zakupem RELATON, mo\u017cesz to zrobi\u0107 bez trudu online. Zakup jest niezwykle prosty i wygodny, a przy tym ca\u0142kowicie bezpieczny. Nie ma konieczno\u015bci dokonywania p\u0142atno\u015bci z g\u00f3ry, co oznacza, \u017ce zap\u0142acisz dopiero w momencie dostawy produktu. To gwarantuje, \u017ce otrzymasz oryginalny produkt bez ryzyka oszustwa.<\/p>\n<p>Dostawa RELATON zajmuje zazwyczaj od 3 do 4 dni roboczych w Polsce. Po z\u0142o\u017ceniu zam\u00f3wienia, specjalista skontaktuje si\u0119 z Tob\u0105 telefonicznie, aby potwierdzi\u0107 zam\u00f3wienie i udzieli\u0107 Ci wszelkich niezb\u0119dnych informacji. Mo\u017cesz tak\u017ce skonsultowa\u0107 si\u0119 z nimi w przypadku pyta\u0144 dotycz\u0105cych dost\u0119pno\u015bci produktu lub aktualnych promocji.<\/p>\n<p style=\"text-align: center;\"><a href=\"https:\/\/tl-track.com\/tracker\/ujut\"><button>Zakup na stronie producenta (-50%)<\/button><\/a><\/p>\n<h2>Por\u00f3wnanie ofert: ceny i dost\u0119pno\u015b\u0107 RELATON<\/h2>\n<p>Producent RELATON zawsze stawia na dost\u0119pno\u015b\u0107 dla swoich klient\u00f3w. Mo\u017cesz zakupi\u0107 ten suplement diety bezpo\u015brednio na oficjalnej stronie producenta, eliminuj\u0105c tym samym po\u015brednik\u00f3w i nadmierne mar\u017ce. To oznacza, \u017ce masz pewno\u015b\u0107, \u017ce otrzymasz oryginalny produkt w najlepszej cenie.<\/p>\n<p>Dodatkowo, producent regularnie oferuje promocje i zni\u017cki na RELATON. Warto regularnie odwiedza\u0107 oficjaln\u0105 stron\u0119, aby by\u0107 na bie\u017c\u0105co z aktualnymi ofertami. Warto r\u00f3wnie\u017c zaznaczy\u0107, \u017ce RELATON nie jest dost\u0119pny w stacjonarnych aptekach, dlatego zakup online to najlepsza opcja dla tych, kt\u00f3rzy szukaj\u0105 skutecznego rozwi\u0105zania dla swoich problem\u00f3w zdrowotnych.<\/p>\n<p><em>RELATON to naturalny suplement diety, kt\u00f3ry zdobywa uznanie w\u015br\u00f3d klient\u00f3w w Polsce. Pozytywne opinie na temat jego dzia\u0142ania, prosty spos\u00f3b podawania i dostaw\u0119, a tak\u017ce korzystne warunki zakupu czyni\u0105 go atrakcyjnym wyborem dla os\u00f3b poszukuj\u0105cych skutecznych i bezpiecznych rozwi\u0105za\u0144 dla swojego zdrowia. Dost\u0119pno\u015b\u0107 na oficjalnej stronie producenta gwarantuje, \u017ce otrzymasz oryginalny produkt w najlepszej cenie.<\/em><\/p>\n<\/div>\n<\/div>\n<\/div>\n<\/div>\n<\/div>\n<\/div>\n<\/div>\n<\/div>\n<\/div>\n<\/div>\n<\/div>\n<\/div>\n","protected":false},"excerpt":{"rendered":"<p style=\"text-align: center;\"><a href=\"https:\/\/tl-track.com\/tracker\/ujut\"><button>Kup teraz<\/button><\/a><\/p>\n<p>SKU:\u00a0<span class=\"sku\">789.878.429<\/span><\/p>\n<hr \/>\n<p><small>Produkt sprzedawany jest wy\u0142\u0105cznie za po\u015brednictwem oficjalnej strony producenta, id\u017a i kupuj bezpiecznie!<\/small><\/p>\n","protected":false},"featured_media":260,"comment_status":"open","ping_status":"closed","template":"","meta":[],"product_brand":[],"product_cat":[15],"product_tag":[],"class_list":{"0":"post-259","1":"product","2":"type-product","3":"status-publish","4":"has-post-thumbnail","6":"product_cat-supl","7":"thunk-woo-product-list","8":"opn-qv-enable","9":"top-store-woo-hover-","10":"top-store-single-product-tab-horizontal","11":"top-store-shadow-","12":"top-store-shadow-hover-","14":"first","15":"instock","16":"sale","17":"shipping-taxable","18":"purchasable","19":"product-type-simple"},"yoast_head":"<!-- This site is optimized with the Yoast SEO plugin v27.4 - https:\/\/yoast.com\/product\/yoast-seo-wordpress\/ -->\n<title>RELATON - kup suplement, cena w aptece, sk\u0142ad, dzia\u0142anie<\/title>\n<meta name=\"robots\" content=\"index, follow, max-snippet:-1, max-image-preview:large, max-video-preview:-1\" \/>\n<link rel=\"canonical\" href=\"https:\/\/lekarzeopole.pl\/wordpress\/product\/relaton\/\" \/>\n<meta property=\"og:locale\" content=\"pl_PL\" \/>\n<meta property=\"og:type\" content=\"article\" \/>\n<meta property=\"og:title\" content=\"RELATON - kup suplement, cena w aptece, sk\u0142ad, dzia\u0142anie\" \/>\n<meta property=\"og:description\" content=\"Kup teraz SKU:\u00a0789.878.429    Produkt sprzedawany jest wy\u0142\u0105cznie za po\u015brednictwem oficjalnej strony producenta, id\u017a i kupuj bezpiecznie!\" \/>\n<meta property=\"og:url\" content=\"https:\/\/lekarzeopole.pl\/wordpress\/product\/relaton\/\" \/>\n<meta property=\"og:site_name\" content=\"Lekarze Opole\" \/>\n<meta property=\"article:modified_time\" content=\"2026-01-05T14:13:53+00:00\" \/>\n<meta property=\"og:image\" content=\"https:\/\/lekarzeopole.pl\/wordpress\/wp-content\/uploads\/2024\/02\/relaton.webp\" \/>\n\t<meta property=\"og:image:width\" content=\"362\" \/>\n\t<meta property=\"og:image:height\" content=\"309\" \/>\n\t<meta property=\"og:image:type\" content=\"image\/webp\" \/>\n<meta name=\"twitter:card\" content=\"summary_large_image\" \/>\n<meta name=\"twitter:label1\" content=\"Szacowany czas czytania\" \/>\n\t<meta name=\"twitter:data1\" content=\"6 minut\" \/>\n<script type=\"application\/ld+json\" class=\"yoast-schema-graph\">{\"@context\":\"https:\\\/\\\/schema.org\",\"@graph\":[{\"@type\":\"WebPage\",\"@id\":\"https:\\\/\\\/lekarzeopole.pl\\\/wordpress\\\/product\\\/relaton\\\/\",\"url\":\"https:\\\/\\\/lekarzeopole.pl\\\/wordpress\\\/product\\\/relaton\\\/\",\"name\":\"RELATON - kup suplement, cena w aptece, sk\u0142ad, dzia\u0142anie\",\"isPartOf\":{\"@id\":\"https:\\\/\\\/lekarzeopole.pl\\\/wordpress\\\/#website\"},\"primaryImageOfPage\":{\"@id\":\"https:\\\/\\\/lekarzeopole.pl\\\/wordpress\\\/product\\\/relaton\\\/#primaryimage\"},\"image\":{\"@id\":\"https:\\\/\\\/lekarzeopole.pl\\\/wordpress\\\/product\\\/relaton\\\/#primaryimage\"},\"thumbnailUrl\":\"https:\\\/\\\/lekarzeopole.pl\\\/wordpress\\\/wp-content\\\/uploads\\\/2024\\\/02\\\/relaton.webp\",\"datePublished\":\"2024-02-06T10:27:53+00:00\",\"dateModified\":\"2026-01-05T14:13:53+00:00\",\"breadcrumb\":{\"@id\":\"https:\\\/\\\/lekarzeopole.pl\\\/wordpress\\\/product\\\/relaton\\\/#breadcrumb\"},\"inLanguage\":\"pl-PL\",\"potentialAction\":[{\"@type\":\"ReadAction\",\"target\":[\"https:\\\/\\\/lekarzeopole.pl\\\/wordpress\\\/product\\\/relaton\\\/\"]}]},{\"@type\":\"ImageObject\",\"inLanguage\":\"pl-PL\",\"@id\":\"https:\\\/\\\/lekarzeopole.pl\\\/wordpress\\\/product\\\/relaton\\\/#primaryimage\",\"url\":\"https:\\\/\\\/lekarzeopole.pl\\\/wordpress\\\/wp-content\\\/uploads\\\/2024\\\/02\\\/relaton.webp\",\"contentUrl\":\"https:\\\/\\\/lekarzeopole.pl\\\/wordpress\\\/wp-content\\\/uploads\\\/2024\\\/02\\\/relaton.webp\",\"width\":362,\"height\":309,\"caption\":\"RELATON\"},{\"@type\":\"BreadcrumbList\",\"@id\":\"https:\\\/\\\/lekarzeopole.pl\\\/wordpress\\\/product\\\/relaton\\\/#breadcrumb\",\"itemListElement\":[{\"@type\":\"ListItem\",\"position\":1,\"name\":\"\u0413\u043b\u0430\u0432\u043d\u0430\u044f \u0441\u0442\u0440\u0430\u043d\u0438\u0446\u0430\",\"item\":\"https:\\\/\\\/lekarzeopole.pl\\\/wordpress\\\/\"},{\"@type\":\"ListItem\",\"position\":2,\"name\":\"Zakup\",\"item\":\"https:\\\/\\\/lekarzeopole.pl\\\/wordpress\\\/\"},{\"@type\":\"ListItem\",\"position\":3,\"name\":\"RELATON\"}]},{\"@type\":\"WebSite\",\"@id\":\"https:\\\/\\\/lekarzeopole.pl\\\/wordpress\\\/#website\",\"url\":\"https:\\\/\\\/lekarzeopole.pl\\\/wordpress\\\/\",\"name\":\"Lekarze Opole\",\"description\":\"\",\"potentialAction\":[{\"@type\":\"SearchAction\",\"target\":{\"@type\":\"EntryPoint\",\"urlTemplate\":\"https:\\\/\\\/lekarzeopole.pl\\\/wordpress\\\/?s={search_term_string}\"},\"query-input\":{\"@type\":\"PropertyValueSpecification\",\"valueRequired\":true,\"valueName\":\"search_term_string\"}}],\"inLanguage\":\"pl-PL\"}]}<\/script>\n<!-- \/ Yoast SEO plugin. -->","yoast_head_json":{"title":"RELATON - kup suplement, cena w aptece, sk\u0142ad, dzia\u0142anie","robots":{"index":"index","follow":"follow","max-snippet":"max-snippet:-1","max-image-preview":"max-image-preview:large","max-video-preview":"max-video-preview:-1"},"canonical":"https:\/\/lekarzeopole.pl\/wordpress\/product\/relaton\/","og_locale":"pl_PL","og_type":"article","og_title":"RELATON - kup suplement, cena w aptece, sk\u0142ad, dzia\u0142anie","og_description":"Kup teraz SKU:\u00a0789.878.429    Produkt sprzedawany jest wy\u0142\u0105cznie za po\u015brednictwem oficjalnej strony producenta, id\u017a i kupuj bezpiecznie!","og_url":"https:\/\/lekarzeopole.pl\/wordpress\/product\/relaton\/","og_site_name":"Lekarze Opole","article_modified_time":"2026-01-05T14:13:53+00:00","og_image":[{"width":362,"height":309,"url":"https:\/\/lekarzeopole.pl\/wordpress\/wp-content\/uploads\/2024\/02\/relaton.webp","type":"image\/webp"}],"twitter_card":"summary_large_image","twitter_misc":{"Szacowany czas czytania":"6 minut"},"schema":{"@context":"https:\/\/schema.org","@graph":[{"@type":"WebPage","@id":"https:\/\/lekarzeopole.pl\/wordpress\/product\/relaton\/","url":"https:\/\/lekarzeopole.pl\/wordpress\/product\/relaton\/","name":"RELATON - kup suplement, cena w aptece, sk\u0142ad, dzia\u0142anie","isPartOf":{"@id":"https:\/\/lekarzeopole.pl\/wordpress\/#website"},"primaryImageOfPage":{"@id":"https:\/\/lekarzeopole.pl\/wordpress\/product\/relaton\/#primaryimage"},"image":{"@id":"https:\/\/lekarzeopole.pl\/wordpress\/product\/relaton\/#primaryimage"},"thumbnailUrl":"https:\/\/lekarzeopole.pl\/wordpress\/wp-content\/uploads\/2024\/02\/relaton.webp","datePublished":"2024-02-06T10:27:53+00:00","dateModified":"2026-01-05T14:13:53+00:00","breadcrumb":{"@id":"https:\/\/lekarzeopole.pl\/wordpress\/product\/relaton\/#breadcrumb"},"inLanguage":"pl-PL","potentialAction":[{"@type":"ReadAction","target":["https:\/\/lekarzeopole.pl\/wordpress\/product\/relaton\/"]}]},{"@type":"ImageObject","inLanguage":"pl-PL","@id":"https:\/\/lekarzeopole.pl\/wordpress\/product\/relaton\/#primaryimage","url":"https:\/\/lekarzeopole.pl\/wordpress\/wp-content\/uploads\/2024\/02\/relaton.webp","contentUrl":"https:\/\/lekarzeopole.pl\/wordpress\/wp-content\/uploads\/2024\/02\/relaton.webp","width":362,"height":309,"caption":"RELATON"},{"@type":"BreadcrumbList","@id":"https:\/\/lekarzeopole.pl\/wordpress\/product\/relaton\/#breadcrumb","itemListElement":[{"@type":"ListItem","position":1,"name":"\u0413\u043b\u0430\u0432\u043d\u0430\u044f \u0441\u0442\u0440\u0430\u043d\u0438\u0446\u0430","item":"https:\/\/lekarzeopole.pl\/wordpress\/"},{"@type":"ListItem","position":2,"name":"Zakup","item":"https:\/\/lekarzeopole.pl\/wordpress\/"},{"@type":"ListItem","position":3,"name":"RELATON"}]},{"@type":"WebSite","@id":"https:\/\/lekarzeopole.pl\/wordpress\/#website","url":"https:\/\/lekarzeopole.pl\/wordpress\/","name":"Lekarze Opole","description":"","potentialAction":[{"@type":"SearchAction","target":{"@type":"EntryPoint","urlTemplate":"https:\/\/lekarzeopole.pl\/wordpress\/?s={search_term_string}"},"query-input":{"@type":"PropertyValueSpecification","valueRequired":true,"valueName":"search_term_string"}}],"inLanguage":"pl-PL"}]}},"_links":{"self":[{"href":"https:\/\/lekarzeopole.pl\/wordpress\/wp-json\/wp\/v2\/product\/259","targetHints":{"allow":["GET"]}}],"collection":[{"href":"https:\/\/lekarzeopole.pl\/wordpress\/wp-json\/wp\/v2\/product"}],"about":[{"href":"https:\/\/lekarzeopole.pl\/wordpress\/wp-json\/wp\/v2\/types\/product"}],"replies":[{"embeddable":true,"href":"https:\/\/lekarzeopole.pl\/wordpress\/wp-json\/wp\/v2\/comments?post=259"}],"wp:featuredmedia":[{"embeddable":true,"href":"https:\/\/lekarzeopole.pl\/wordpress\/wp-json\/wp\/v2\/media\/260"}],"wp:attachment":[{"href":"https:\/\/lekarzeopole.pl\/wordpress\/wp-json\/wp\/v2\/media?parent=259"}],"wp:term":[{"taxonomy":"product_brand","embeddable":true,"href":"https:\/\/lekarzeopole.pl\/wordpress\/wp-json\/wp\/v2\/product_brand?post=259"},{"taxonomy":"product_cat","embeddable":true,"href":"https:\/\/lekarzeopole.pl\/wordpress\/wp-json\/wp\/v2\/product_cat?post=259"},{"taxonomy":"product_tag","embeddable":true,"href":"https:\/\/lekarzeopole.pl\/wordpress\/wp-json\/wp\/v2\/product_tag?post=259"}],"curies":[{"name":"wp","href":"https:\/\/api.w.org\/{rel}","templated":true}]}}