{"id":195,"date":"2024-02-05T12:48:12","date_gmt":"2024-02-05T12:48:12","guid":{"rendered":"https:\/\/lekarzeopole.pl\/wordpress\/?post_type=product&#038;p=195"},"modified":"2025-06-13T12:56:08","modified_gmt":"2025-06-13T12:56:08","slug":"yes-lashes","status":"publish","type":"product","link":"https:\/\/lekarzeopole.pl\/wordpress\/product\/yes-lashes\/","title":{"rendered":"YES lashes"},"content":{"rendered":"<div class=\"w-full text-token-text-primary\" data-testid=\"conversation-turn-3\">\n<div class=\"px-4 py-2 justify-center text-base md:gap-6 m-auto\">\n<div class=\"flex flex-1 text-base mx-auto gap-3 md:px-5 lg:px-1 xl:px-5 md:max-w-3xl lg:max-w-[40rem] xl:max-w-[48rem] group\">\n<div class=\"relative flex w-full flex-col lg:w-[calc(100%-115px)] agent-turn\">\n<div class=\"flex-col gap-1 md:gap-3\">\n<div class=\"flex flex-grow flex-col max-w-full\">\n<div class=\"min-h-[20px] text-message flex flex-col items-start gap-3 whitespace-pre-wrap break-words [.text-message+&amp;]:mt-5 overflow-x-auto\" data-message-author-role=\"assistant\" data-message-id=\"29504cd8-0257-4af9-8f60-1fd83ab8cad1\">\n<div class=\"markdown prose w-full break-words dark:prose-invert light\">\n<p>Rz\u0119sy stanowi\u0105 wa\u017cny element naszej urody i podkre\u015blaj\u0105 nasze oczy. Dlatego tak wiele os\u00f3b marzy o d\u0142ugich, g\u0119stych i pi\u0119knych rz\u0119sach. Jednak nie ka\u017cdy jest obdarzony takimi rz\u0119sami od natury. Dla tych, kt\u00f3rzy pragn\u0105 poprawi\u0107 kondycj\u0119 swoich rz\u0119s i osi\u0105gn\u0105\u0107 efekt pi\u0119knych i zdrowych w\u0142osk\u00f3w, istnieje wiele r\u00f3\u017cnych produkt\u00f3w do piel\u0119gnacji rz\u0119s. Jednym z nich jest Tusz do rz\u0119s YES Lashes, kt\u00f3ry obiecuje nie tylko pi\u0119kniejsze rz\u0119sy, ale tak\u017ce ich wzmocnienie i zdrowie. W tej artykule przyjrzymy si\u0119 bli\u017cej Tuszowi YES Lashes i dowiemy si\u0119, dlaczego jest to produkt godny uwagi.<\/p>\n<h2>Wskazania do stosowania YES Lashes<\/h2>\n<p>Tusz do rz\u0119s YES Lashes jest przeznaczony dla os\u00f3b, kt\u00f3re marz\u0105 o d\u0142ugich, g\u0119stych i zdrowych rz\u0119sach. Jest to idealny produkt dla tych, kt\u00f3rzy borykaj\u0105 si\u0119 z problemami takimi jak rzadkie rz\u0119sy, \u0142amliwe w\u0142oski, czy utrata rz\u0119s. YES Lashes mo\u017ce by\u0107 r\u00f3wnie\u017c stosowany przez osoby, kt\u00f3re chc\u0105 wzmocni\u0107 swoje naturalne rz\u0119sy i zapobiec ich os\u0142abieniu.<\/p>\n<h2>Sk\u0142ad i dzia\u0142anie sk\u0142adnik\u00f3w YES Lashes<\/h2>\n<p>Sekret skuteczno\u015bci Tuszu do rz\u0119s YES Lashes tkwi w jego naturalnym sk\u0142adzie. G\u0142\u00f3wne sk\u0142adniki tego produktu to:<\/p>\n<ol>\n<li><strong>Olej rycynowy<\/strong> &#8211; Olej rycynowy jest znany ze swoich w\u0142a\u015bciwo\u015bci wzmacniaj\u0105cych w\u0142osy. Zawiera wiele cennych sk\u0142adnik\u00f3w od\u017cywczych, takich jak witamina E i kwas oleinowy, kt\u00f3re pomagaj\u0105 wzmocni\u0107 rz\u0119sy i zapobiec ich wypadaniu. Olej rycynowy r\u00f3wnie\u017c nawil\u017ca i piel\u0119gnuje rz\u0119sy, nadaj\u0105c im zdrowy wygl\u0105d.<\/li>\n<li><strong>Ekstrakt z aloesu<\/strong> &#8211; Aloes to ro\u015blina, kt\u00f3ra jest bogata w witaminy, minera\u0142y i aminokwasy. Ekstrakt z aloesu pomaga w regeneracji rz\u0119s, przyspiesza ich wzrost i chroni przed uszkodzeniami.<\/li>\n<li><strong>Ekstrakt z mi\u0142orz\u0119bu japo\u0144skiego<\/strong> &#8211; Mi\u0142orz\u0105b japo\u0144ski jest \u017ar\u00f3d\u0142em flawonoid\u00f3w, kt\u00f3re wspomagaj\u0105 kr\u0105\u017cenie krwi w okolicach rz\u0119s, co mo\u017ce przyspieszy\u0107 ich wzrost.<\/li>\n<li><strong>Witaminy i minera\u0142y<\/strong> &#8211; Tusz YES Lashes zawiera tak\u017ce witaminy i minera\u0142y, kt\u00f3re od\u017cywiaj\u0105 i wzmacniaj\u0105 rz\u0119sy od wewn\u0105trz.<\/li>\n<\/ol>\n<p>Dzia\u0142anie wszystkich tych sk\u0142adnik\u00f3w skupia si\u0119 na wzmocnieniu, regeneracji i przyspieszeniu wzrostu rz\u0119s, co sprawia, \u017ce staj\u0105 si\u0119 one d\u0142u\u017csze, g\u0119stsze i zdrowsze.<\/p>\n<p style=\"text-align: center;\"><a href=\"https:\/\/kshop5.com\/vTnEw9\/\"><button>www.yes-lashes.pl<\/button><\/a><\/p>\n<h2>Efekty YES Lashes i ich charakterystyka<\/h2>\n<p>Korzystanie z Tuszu do rz\u0119s YES Lashes przynosi wiele korzy\u015bci. Po regularnym stosowaniu mo\u017cna spodziewa\u0107 si\u0119 nast\u0119puj\u0105cych efekt\u00f3w:<\/p>\n<ol>\n<li><strong>D\u0142u\u017csze rz\u0119sy<\/strong> &#8211; Tusz YES Lashes przyspiesza wzrost rz\u0119s, co sprawia, \u017ce staj\u0105 si\u0119 one znacznie d\u0142u\u017csze.<\/li>\n<li><strong>G\u0119stsze rz\u0119sy<\/strong> &#8211; Sk\u0142adniki aktywne tego produktu pomagaj\u0105 wzmocni\u0107 i zag\u0119\u015bci\u0107 rz\u0119sy, co nadaje im pe\u0142niejszy wygl\u0105d.<\/li>\n<li><strong>Zdrowsze rz\u0119sy<\/strong> &#8211; Dzi\u0119ki zawarto\u015bci naturalnych sk\u0142adnik\u00f3w, Tusz YES Lashes od\u017cywia rz\u0119sy od wewn\u0105trz, sprawiaj\u0105c, \u017ce staj\u0105 si\u0119 one zdrowsze i bardziej odporne na uszkodzenia.<\/li>\n<li><strong>Mniej wypadaj\u0105cych rz\u0119s<\/strong> &#8211; Dzia\u0142anie wzmacniaj\u0105ce Tuszu YES Lashes pomaga zmniejszy\u0107 ilo\u015b\u0107 wypadaj\u0105cych rz\u0119s, co jest szczeg\u00f3lnie wa\u017cne dla os\u00f3b, kt\u00f3re borykaj\u0105 si\u0119 z tym problemem.<\/li>\n<li><strong>Zwi\u0119kszona elastyczno\u015b\u0107<\/strong> &#8211; Rz\u0119sy staj\u0105 si\u0119 bardziej elastyczne i mniej podatne na \u0142amliwo\u015b\u0107.<\/li>\n<li><strong>Naturalny wygl\u0105d<\/strong> &#8211; Tusz YES Lashes nie tylko poprawia kondycj\u0119 rz\u0119s, ale tak\u017ce nadaje im naturalny wygl\u0105d, bez efektu sztuczno\u015bci.<\/li>\n<\/ol>\n<h2>Ryzyko skutk\u00f3w ubocznych<\/h2>\n<p>Tusz do rz\u0119s YES Lashes jest produktem stworzonym z my\u015bl\u0105 o bezpiecze\u0144stwie u\u017cytkownik\u00f3w. Jego naturalny sk\u0142ad minimalizuje ryzyko wyst\u0105pienia skutk\u00f3w ubocznych. Jednak jak w przypadku ka\u017cdego kosmetyku, mo\u017cliwe s\u0105 reakcje alergiczne u niekt\u00f3rych os\u00f3b. Dlatego zawsze warto przeprowadzi\u0107 test alergiczny przed pierwszym u\u017cyciem, nak\u0142adaj\u0105c niewielk\u0105 ilo\u015b\u0107 produktu na sk\u00f3r\u0119 za uchem i obserwuj\u0105c reakcj\u0119 przez 24 godziny. Je\u015bli nie pojawi\u0105 si\u0119 \u017cadne niepo\u017c\u0105dane efekty, mo\u017cna \u015bmia\u0142o u\u017cywa\u0107 Tuszu YES Lashes.<\/p>\n<p><em>Tusz do rz\u0119s YES Lashes to produkt, kt\u00f3ry mo\u017ce pom\u00f3c w osi\u0105gni\u0119ciu pi\u0119knych i zdrowych rz\u0119s. Jego naturalny sk\u0142ad, skuteczno\u015b\u0107 i minimalne ryzyko skutk\u00f3w ubocznych sprawiaj\u0105, \u017ce jest to godny uwagi produkt dla ka\u017cdego, kto marzy o pi\u0119knych i d\u0142ugich rz\u0119sach. Niech YES Lashes stanie si\u0119 Twoim sprzymierze\u0144cem w piel\u0119gnacji rz\u0119s i osi\u0105gni\u0119ciu efektu, o jakim zawsze marzy\u0142e\u015b.<\/em><\/p>\n<\/div>\n<\/div>\n<\/div>\n<\/div>\n<\/div>\n<\/div>\n<\/div>\n<\/div>\n<div class=\"w-full text-token-text-primary\" data-testid=\"conversation-turn-5\">\n<div class=\"px-4 py-2 justify-center text-base md:gap-6 m-auto\">\n<div class=\"flex flex-1 text-base mx-auto gap-3 md:px-5 lg:px-1 xl:px-5 md:max-w-3xl lg:max-w-[40rem] xl:max-w-[48rem] group final-completion\">\n<div class=\"relative flex w-full flex-col lg:w-[calc(100%-115px)] agent-turn\">\n<div class=\"flex-col gap-1 md:gap-3\">\n<div class=\"flex flex-grow flex-col max-w-full\">\n<div class=\"text-message flex flex-col items-start gap-3 whitespace-pre-wrap break-words [.text-message+&amp;]:mt-5 overflow-x-auto\" data-message-author-role=\"assistant\" data-message-id=\"1eba7c2c-8a25-4ea5-97ce-4998389f92e2\">\n<div class=\"markdown prose w-full break-words dark:prose-invert light\">\n<h2>Opinie klient\u00f3w o YES lashes: fora po\u015bwi\u0119cone zdrowiu<\/h2>\n<p>Produkt YES lashes zdobywa coraz wi\u0119ksz\u0105 popularno\u015b\u0107 w Polsce, co skutkuje licznymi opiniami i recenzjami na forach po\u015bwi\u0119conych zdrowiu i urodzie. Wi\u0119kszo\u015b\u0107 u\u017cytkownik\u00f3w opisuje pozytywne efekty stosowania tuszu do rz\u0119s. Oto dwa przyk\u0142adowe komentarze od klient\u00f3w:<\/p>\n<ol>\n<li><strong>Kasia123:<\/strong> &#8222;Jestem zachwycona efektami YES lashes! Moje rz\u0119sy sta\u0142y si\u0119 znacznie d\u0142u\u017csze i g\u0119stsze po zaledwie kilku tygodniach stosowania. To naprawd\u0119 dzia\u0142a, a do tego nie mam \u017cadnych skutk\u00f3w ubocznych.&#8221;<\/li>\n<li><strong>MartaN:<\/strong> &#8222;YES lashes to m\u00f3j ulubiony produkt do piel\u0119gnacji rz\u0119s. Ju\u017c nie musz\u0119 nosi\u0107 sztucznych rz\u0119s, poniewa\u017c moje naturalne rz\u0119sy wygl\u0105daj\u0105 teraz fantastycznie. Polecam wszystkim!&#8221;<\/li>\n<\/ol>\n<h2>Spos\u00f3b podawania i dawkowanie<\/h2>\n<p>Aby osi\u0105gn\u0105\u0107 najlepsze efekty, tusz YES lashes nale\u017cy stosowa\u0107 regularnie. Zazwyczaj zaleca si\u0119 nak\u0142adanie go wieczorem, na oczyszczone rz\u0119sy, unikaj\u0105c kontaktu z oczami. Po na\u0142o\u017ceniu tuszu, pozostawia si\u0119 go na noc. Dawkowanie i cz\u0119stotliwo\u015b\u0107 stosowania zale\u017c\u0105 od produktu, dlatego warto sprawdzi\u0107 informacje na opakowaniu lub konsultowa\u0107 si\u0119 z dermatologiem.<\/p>\n<p style=\"text-align: center;\"><a href=\"https:\/\/kshop5.com\/vTnEw9\/\"><button>Zakup na stronie producenta (-50%)<\/button><\/a><\/p>\n<h2>Kup teraz YES lashes z dostaw\u0105<\/h2>\n<p>Kupowanie YES lashes jest wyj\u0105tkowo \u0142atwe i bezpieczne. Produkt jest dost\u0119pny do zakupu online na oficjalnej stronie producenta. Nie ma konieczno\u015bci p\u0142acenia z g\u00f3ry &#8211; p\u0142atno\u015b\u0107 odbywa si\u0119 po dostawie, co oznacza, \u017ce otrzymujesz oryginalny produkt bez ryzyka. Dostawa trwa zazwyczaj 3-4 dni w Polsce. Po z\u0142o\u017ceniu zam\u00f3wienia, specjalista skontaktuje si\u0119 telefonicznie, aby potwierdzi\u0107 zam\u00f3wienie i pom\u00f3c w wyborze odpowiedniej ilo\u015bci produktu.<\/p>\n<h2>Por\u00f3wnanie ofert: ceny i dost\u0119pno\u015b\u0107 YES lashes<\/h2>\n<p>Producent YES lashes zawsze stawia na dost\u0119pno\u015b\u0107 dla swoich klient\u00f3w, dlatego produkt mo\u017cna naby\u0107 bezpo\u015brednio na oficjalnej stronie internetowej. Dzi\u0119ki temu unikasz po\u015brednik\u00f3w i dodatkowych koszt\u00f3w. Regularnie obowi\u0105zuj\u0105 atrakcyjne promocje, kt\u00f3re pozwalaj\u0105 zaoszcz\u0119dzi\u0107 na zakupach. Warto \u015bledzi\u0107 stron\u0119 producenta, aby by\u0107 na bie\u017c\u0105co z aktualnymi ofertami.<\/p>\n<\/div>\n<\/div>\n<\/div>\n<\/div>\n<\/div>\n<\/div>\n<\/div>\n<\/div>\n","protected":false},"excerpt":{"rendered":"<p style=\"text-align: center;\"><a href=\"https:\/\/kshop5.com\/vTnEw9\/\"><button>Kup teraz<\/button><\/a><\/p>\n<p>SKU:\u00a0<span class=\"sku\">789.876.019<\/span><\/p>\n<hr \/>\n<p><small>Produkt sprzedawany jest wy\u0142\u0105cznie za po\u015brednictwem oficjalnej strony producenta, id\u017a i kupuj bezpiecznie!<\/small><\/p>\n","protected":false},"featured_media":1310,"comment_status":"open","ping_status":"closed","template":"","meta":[],"product_brand":[],"product_cat":[15],"product_tag":[],"class_list":{"0":"post-195","1":"product","2":"type-product","3":"status-publish","4":"has-post-thumbnail","6":"product_cat-supl","7":"thunk-woo-product-list","8":"opn-qv-enable","9":"top-store-woo-hover-","10":"top-store-single-product-tab-horizontal","11":"top-store-shadow-","12":"top-store-shadow-hover-","14":"first","15":"instock","16":"sale","17":"shipping-taxable","18":"purchasable","19":"product-type-simple"},"yoast_head":"<!-- This site is optimized with the Yoast SEO plugin v27.4 - https:\/\/yoast.com\/product\/yoast-seo-wordpress\/ -->\n<title>YES lashes - kup suplement, cena w aptece, sk\u0142ad, dzia\u0142anie<\/title>\n<meta name=\"robots\" content=\"index, follow, max-snippet:-1, max-image-preview:large, max-video-preview:-1\" \/>\n<link rel=\"canonical\" href=\"https:\/\/lekarzeopole.pl\/wordpress\/product\/yes-lashes\/\" \/>\n<meta property=\"og:locale\" content=\"pl_PL\" \/>\n<meta property=\"og:type\" content=\"article\" \/>\n<meta property=\"og:title\" content=\"YES lashes - kup suplement, cena w aptece, sk\u0142ad, dzia\u0142anie\" \/>\n<meta property=\"og:description\" content=\"Kup teraz SKU:\u00a0789.876.019    Produkt sprzedawany jest wy\u0142\u0105cznie za po\u015brednictwem oficjalnej strony producenta, id\u017a i kupuj bezpiecznie!\" \/>\n<meta property=\"og:url\" content=\"https:\/\/lekarzeopole.pl\/wordpress\/product\/yes-lashes\/\" \/>\n<meta property=\"og:site_name\" content=\"Lekarze Opole\" \/>\n<meta property=\"article:modified_time\" content=\"2025-06-13T12:56:08+00:00\" \/>\n<meta property=\"og:image\" content=\"https:\/\/lekarzeopole.pl\/wordpress\/wp-content\/uploads\/2024\/02\/yes-lashes-5ml.jpg\" \/>\n\t<meta property=\"og:image:width\" content=\"768\" \/>\n\t<meta property=\"og:image:height\" content=\"768\" \/>\n\t<meta property=\"og:image:type\" content=\"image\/jpeg\" \/>\n<meta name=\"twitter:card\" content=\"summary_large_image\" \/>\n<meta name=\"twitter:label1\" content=\"Szacowany czas czytania\" \/>\n\t<meta name=\"twitter:data1\" content=\"6 minut\" \/>\n<script type=\"application\/ld+json\" class=\"yoast-schema-graph\">{\"@context\":\"https:\\\/\\\/schema.org\",\"@graph\":[{\"@type\":\"WebPage\",\"@id\":\"https:\\\/\\\/lekarzeopole.pl\\\/wordpress\\\/product\\\/yes-lashes\\\/\",\"url\":\"https:\\\/\\\/lekarzeopole.pl\\\/wordpress\\\/product\\\/yes-lashes\\\/\",\"name\":\"YES lashes - kup suplement, cena w aptece, sk\u0142ad, dzia\u0142anie\",\"isPartOf\":{\"@id\":\"https:\\\/\\\/lekarzeopole.pl\\\/wordpress\\\/#website\"},\"primaryImageOfPage\":{\"@id\":\"https:\\\/\\\/lekarzeopole.pl\\\/wordpress\\\/product\\\/yes-lashes\\\/#primaryimage\"},\"image\":{\"@id\":\"https:\\\/\\\/lekarzeopole.pl\\\/wordpress\\\/product\\\/yes-lashes\\\/#primaryimage\"},\"thumbnailUrl\":\"https:\\\/\\\/lekarzeopole.pl\\\/wordpress\\\/wp-content\\\/uploads\\\/2024\\\/02\\\/yes-lashes-5ml.jpg\",\"datePublished\":\"2024-02-05T12:48:12+00:00\",\"dateModified\":\"2025-06-13T12:56:08+00:00\",\"breadcrumb\":{\"@id\":\"https:\\\/\\\/lekarzeopole.pl\\\/wordpress\\\/product\\\/yes-lashes\\\/#breadcrumb\"},\"inLanguage\":\"pl-PL\",\"potentialAction\":[{\"@type\":\"ReadAction\",\"target\":[\"https:\\\/\\\/lekarzeopole.pl\\\/wordpress\\\/product\\\/yes-lashes\\\/\"]}]},{\"@type\":\"ImageObject\",\"inLanguage\":\"pl-PL\",\"@id\":\"https:\\\/\\\/lekarzeopole.pl\\\/wordpress\\\/product\\\/yes-lashes\\\/#primaryimage\",\"url\":\"https:\\\/\\\/lekarzeopole.pl\\\/wordpress\\\/wp-content\\\/uploads\\\/2024\\\/02\\\/yes-lashes-5ml.jpg\",\"contentUrl\":\"https:\\\/\\\/lekarzeopole.pl\\\/wordpress\\\/wp-content\\\/uploads\\\/2024\\\/02\\\/yes-lashes-5ml.jpg\",\"width\":768,\"height\":768,\"caption\":\"YES lashes\"},{\"@type\":\"BreadcrumbList\",\"@id\":\"https:\\\/\\\/lekarzeopole.pl\\\/wordpress\\\/product\\\/yes-lashes\\\/#breadcrumb\",\"itemListElement\":[{\"@type\":\"ListItem\",\"position\":1,\"name\":\"\u0413\u043b\u0430\u0432\u043d\u0430\u044f \u0441\u0442\u0440\u0430\u043d\u0438\u0446\u0430\",\"item\":\"https:\\\/\\\/lekarzeopole.pl\\\/wordpress\\\/\"},{\"@type\":\"ListItem\",\"position\":2,\"name\":\"Zakup\",\"item\":\"https:\\\/\\\/lekarzeopole.pl\\\/wordpress\\\/\"},{\"@type\":\"ListItem\",\"position\":3,\"name\":\"YES lashes\"}]},{\"@type\":\"WebSite\",\"@id\":\"https:\\\/\\\/lekarzeopole.pl\\\/wordpress\\\/#website\",\"url\":\"https:\\\/\\\/lekarzeopole.pl\\\/wordpress\\\/\",\"name\":\"Lekarze Opole\",\"description\":\"\",\"potentialAction\":[{\"@type\":\"SearchAction\",\"target\":{\"@type\":\"EntryPoint\",\"urlTemplate\":\"https:\\\/\\\/lekarzeopole.pl\\\/wordpress\\\/?s={search_term_string}\"},\"query-input\":{\"@type\":\"PropertyValueSpecification\",\"valueRequired\":true,\"valueName\":\"search_term_string\"}}],\"inLanguage\":\"pl-PL\"}]}<\/script>\n<!-- \/ Yoast SEO plugin. -->","yoast_head_json":{"title":"YES lashes - kup suplement, cena w aptece, sk\u0142ad, dzia\u0142anie","robots":{"index":"index","follow":"follow","max-snippet":"max-snippet:-1","max-image-preview":"max-image-preview:large","max-video-preview":"max-video-preview:-1"},"canonical":"https:\/\/lekarzeopole.pl\/wordpress\/product\/yes-lashes\/","og_locale":"pl_PL","og_type":"article","og_title":"YES lashes - kup suplement, cena w aptece, sk\u0142ad, dzia\u0142anie","og_description":"Kup teraz SKU:\u00a0789.876.019    Produkt sprzedawany jest wy\u0142\u0105cznie za po\u015brednictwem oficjalnej strony producenta, id\u017a i kupuj bezpiecznie!","og_url":"https:\/\/lekarzeopole.pl\/wordpress\/product\/yes-lashes\/","og_site_name":"Lekarze Opole","article_modified_time":"2025-06-13T12:56:08+00:00","og_image":[{"width":768,"height":768,"url":"https:\/\/lekarzeopole.pl\/wordpress\/wp-content\/uploads\/2024\/02\/yes-lashes-5ml.jpg","type":"image\/jpeg"}],"twitter_card":"summary_large_image","twitter_misc":{"Szacowany czas czytania":"6 minut"},"schema":{"@context":"https:\/\/schema.org","@graph":[{"@type":"WebPage","@id":"https:\/\/lekarzeopole.pl\/wordpress\/product\/yes-lashes\/","url":"https:\/\/lekarzeopole.pl\/wordpress\/product\/yes-lashes\/","name":"YES lashes - kup suplement, cena w aptece, sk\u0142ad, dzia\u0142anie","isPartOf":{"@id":"https:\/\/lekarzeopole.pl\/wordpress\/#website"},"primaryImageOfPage":{"@id":"https:\/\/lekarzeopole.pl\/wordpress\/product\/yes-lashes\/#primaryimage"},"image":{"@id":"https:\/\/lekarzeopole.pl\/wordpress\/product\/yes-lashes\/#primaryimage"},"thumbnailUrl":"https:\/\/lekarzeopole.pl\/wordpress\/wp-content\/uploads\/2024\/02\/yes-lashes-5ml.jpg","datePublished":"2024-02-05T12:48:12+00:00","dateModified":"2025-06-13T12:56:08+00:00","breadcrumb":{"@id":"https:\/\/lekarzeopole.pl\/wordpress\/product\/yes-lashes\/#breadcrumb"},"inLanguage":"pl-PL","potentialAction":[{"@type":"ReadAction","target":["https:\/\/lekarzeopole.pl\/wordpress\/product\/yes-lashes\/"]}]},{"@type":"ImageObject","inLanguage":"pl-PL","@id":"https:\/\/lekarzeopole.pl\/wordpress\/product\/yes-lashes\/#primaryimage","url":"https:\/\/lekarzeopole.pl\/wordpress\/wp-content\/uploads\/2024\/02\/yes-lashes-5ml.jpg","contentUrl":"https:\/\/lekarzeopole.pl\/wordpress\/wp-content\/uploads\/2024\/02\/yes-lashes-5ml.jpg","width":768,"height":768,"caption":"YES lashes"},{"@type":"BreadcrumbList","@id":"https:\/\/lekarzeopole.pl\/wordpress\/product\/yes-lashes\/#breadcrumb","itemListElement":[{"@type":"ListItem","position":1,"name":"\u0413\u043b\u0430\u0432\u043d\u0430\u044f \u0441\u0442\u0440\u0430\u043d\u0438\u0446\u0430","item":"https:\/\/lekarzeopole.pl\/wordpress\/"},{"@type":"ListItem","position":2,"name":"Zakup","item":"https:\/\/lekarzeopole.pl\/wordpress\/"},{"@type":"ListItem","position":3,"name":"YES lashes"}]},{"@type":"WebSite","@id":"https:\/\/lekarzeopole.pl\/wordpress\/#website","url":"https:\/\/lekarzeopole.pl\/wordpress\/","name":"Lekarze Opole","description":"","potentialAction":[{"@type":"SearchAction","target":{"@type":"EntryPoint","urlTemplate":"https:\/\/lekarzeopole.pl\/wordpress\/?s={search_term_string}"},"query-input":{"@type":"PropertyValueSpecification","valueRequired":true,"valueName":"search_term_string"}}],"inLanguage":"pl-PL"}]}},"_links":{"self":[{"href":"https:\/\/lekarzeopole.pl\/wordpress\/wp-json\/wp\/v2\/product\/195","targetHints":{"allow":["GET"]}}],"collection":[{"href":"https:\/\/lekarzeopole.pl\/wordpress\/wp-json\/wp\/v2\/product"}],"about":[{"href":"https:\/\/lekarzeopole.pl\/wordpress\/wp-json\/wp\/v2\/types\/product"}],"replies":[{"embeddable":true,"href":"https:\/\/lekarzeopole.pl\/wordpress\/wp-json\/wp\/v2\/comments?post=195"}],"wp:featuredmedia":[{"embeddable":true,"href":"https:\/\/lekarzeopole.pl\/wordpress\/wp-json\/wp\/v2\/media\/1310"}],"wp:attachment":[{"href":"https:\/\/lekarzeopole.pl\/wordpress\/wp-json\/wp\/v2\/media?parent=195"}],"wp:term":[{"taxonomy":"product_brand","embeddable":true,"href":"https:\/\/lekarzeopole.pl\/wordpress\/wp-json\/wp\/v2\/product_brand?post=195"},{"taxonomy":"product_cat","embeddable":true,"href":"https:\/\/lekarzeopole.pl\/wordpress\/wp-json\/wp\/v2\/product_cat?post=195"},{"taxonomy":"product_tag","embeddable":true,"href":"https:\/\/lekarzeopole.pl\/wordpress\/wp-json\/wp\/v2\/product_tag?post=195"}],"curies":[{"name":"wp","href":"https:\/\/api.w.org\/{rel}","templated":true}]}}