{"id":179,"date":"2024-02-05T11:26:38","date_gmt":"2024-02-05T11:26:38","guid":{"rendered":"https:\/\/lekarzeopole.pl\/wordpress\/?post_type=product&#038;p=179"},"modified":"2024-12-06T13:16:29","modified_gmt":"2024-12-06T13:16:29","slug":"trichomist-forte","status":"publish","type":"product","link":"https:\/\/lekarzeopole.pl\/wordpress\/product\/trichomist-forte\/","title":{"rendered":"Trichomist Forte"},"content":{"rendered":"<div class=\"w-full text-token-text-primary\" data-testid=\"conversation-turn-3\">\n<div class=\"px-4 py-2 justify-center text-base md:gap-6 m-auto\">\n<div class=\"flex flex-1 text-base mx-auto gap-3 md:px-5 lg:px-1 xl:px-5 md:max-w-3xl lg:max-w-[40rem] xl:max-w-[48rem] group\">\n<div class=\"relative flex w-full flex-col lg:w-[calc(100%-115px)] agent-turn\">\n<div class=\"flex-col gap-1 md:gap-3\">\n<div class=\"flex flex-grow flex-col max-w-full\">\n<div class=\"text-message flex flex-col items-start gap-3 whitespace-pre-wrap break-words [.text-message+&amp;]:mt-5 overflow-x-auto\" data-message-author-role=\"assistant\" data-message-id=\"441c127b-b566-42bb-9065-5e2e526721f1\">\n<div class=\"markdown prose w-full break-words dark:prose-invert light\">\n<p>Problemy z wypadaniem w\u0142os\u00f3w dotykaj\u0105 wielu os\u00f3b na ca\u0142ym \u015bwiecie. Jest to problem, kt\u00f3ry mo\u017ce wp\u0142yn\u0105\u0107 na nasz\u0105 pewno\u015b\u0107 siebie i samoocen\u0119. Dla wielu os\u00f3b, utrata w\u0142os\u00f3w jest \u017ar\u00f3d\u0142em frustracji i zmartwie\u0144. Na szcz\u0119\u015bcie istniej\u0105 r\u00f3\u017cne produkty i \u015brodki, kt\u00f3re mog\u0105 pom\u00f3c w walce z tym problemem. Jednym z takich produkt\u00f3w jest Trichomist Forte, innowacyjny spray, kt\u00f3ry opiera si\u0119 na naturalnych sk\u0142adnikach.<\/p>\n<p>Trichomist Forte jest przeznaczony dla os\u00f3b borykaj\u0105cych si\u0119 z problemem wypadaj\u0105cych w\u0142os\u00f3w. Jest to idealne rozwi\u0105zanie zar\u00f3wno dla m\u0119\u017cczyzn, jak i kobiet. To naturalny produkt, kt\u00f3ry mo\u017ce by\u0107 stosowany zar\u00f3wno profilaktycznie, jak i w przypadku ju\u017c wyst\u0119puj\u0105cego problemu z wypadaniem w\u0142os\u00f3w.<\/p>\n<h2>G\u0142\u00f3wne wskazania do stosowania<\/h2>\n<p>Trichomist Forte obejmuj\u0105:<\/p>\n<ol>\n<li><strong>Wypadanie w\u0142os\u00f3w:<\/strong> Je\u015bli zauwa\u017casz, \u017ce ilo\u015b\u0107 w\u0142os\u00f3w na szczotce do w\u0142os\u00f3w lub na poduszce zaczyna znacz\u0105co si\u0119 zwi\u0119ksza\u0107, mo\u017ce to by\u0107 pierwszym sygna\u0142em, \u017ce Twoje w\u0142osy wypadaj\u0105. Trichomist Forte mo\u017ce pom\u00f3c w zatrzymaniu tego procesu i pobudzeniu wzrostu nowych w\u0142os\u00f3w.<\/li>\n<li><strong>Rozdwajaj\u0105ce si\u0119 ko\u0144c\u00f3wki:<\/strong> Je\u015bli Twoje w\u0142osy staj\u0105 si\u0119 \u0142amliwe i rozdwajaj\u0105ce si\u0119, Trichomist Forte mo\u017ce pom\u00f3c w ich wzmocnieniu i odbudowaniu.<\/li>\n<li><strong>Os\u0142abione i cienkie w\u0142osy:<\/strong> Je\u015bli Twoje w\u0142osy staj\u0105 si\u0119 cienkie i os\u0142abione, Trichomist Forte mo\u017ce pom\u00f3c w poprawie ich struktury i obj\u0119to\u015bci.<\/li>\n<li><strong>Przerzedzenie w\u0142os\u00f3w:<\/strong> Je\u015bli zauwa\u017casz, \u017ce Twoje w\u0142osy staj\u0105 si\u0119 coraz bardziej przerzedzone, a Twoja fryzura traci g\u0119sto\u015b\u0107, Trichomist Forte mo\u017ce pom\u00f3c w przywr\u00f3ceniu pe\u0142ni fryzury.<\/li>\n<\/ol>\n<h2>Sk\u0142ad i dzia\u0142anie sk\u0142adnik\u00f3w Trichomist Forte<\/h2>\n<p>Trichomist Forte to produkt oparty na naturalnych sk\u0142adnikach, kt\u00f3re zosta\u0142y starannie wyselekcjonowane ze wzgl\u0119du na ich korzystne w\u0142a\u015bciwo\u015bci dla w\u0142os\u00f3w. Kluczowymi sk\u0142adnikami Trichomist Forte s\u0105:<\/p>\n<ol>\n<li><strong>Ekstrakt z pokrzywy:<\/strong> Pokrzywa jest znana ze swoich w\u0142a\u015bciwo\u015bci wzmacniaj\u0105cych w\u0142osy i pobudzaj\u0105cych ich wzrost. Ekstrakt z pokrzywy zawiera cenne sk\u0142adniki od\u017cywcze, kt\u00f3re wspieraj\u0105 zdrowy ow\u0142osienie.<\/li>\n<li><strong>Ekstrakt z korzenia \u0142opianu:<\/strong> Korze\u0144 \u0142opianu ma w\u0142a\u015bciwo\u015bci \u0142agodz\u0105ce i przeciwbakteryjne. Pomaga on w oczyszczaniu sk\u00f3ry g\u0142owy i zapobiega infekcjom, kt\u00f3re mog\u0105 wp\u0142yn\u0105\u0107 na kondycj\u0119 w\u0142os\u00f3w.<\/li>\n<li><strong>Ekstrakt z arniki g\u00f3rskiej:<\/strong> Arnika g\u00f3rska pomaga w poprawie kr\u0105\u017cenia krwi w sk\u00f3rze g\u0142owy, co mo\u017ce przyczyni\u0107 si\u0119 do lepszego dostarczania sk\u0142adnik\u00f3w od\u017cywczych do cebulek w\u0142os\u00f3w.<\/li>\n<li><strong>Olejek rycynowy:<\/strong> Olejek rycynowy jest znany z w\u0142a\u015bciwo\u015bci wzmacniaj\u0105cych w\u0142osy i przyspieszaj\u0105cych wzrost. Pomaga on tak\u017ce w nawil\u017ceniu w\u0142os\u00f3w i sk\u00f3ry g\u0142owy.<\/li>\n<li><strong>Witaminy i minera\u0142y:<\/strong> Trichomist Forte zawiera r\u00f3wnie\u017c witaminy i minera\u0142y, kt\u00f3re s\u0105 niezb\u0119dne dla zdrowych w\u0142os\u00f3w, takie jak biotyna, witamina E i pantenol.<\/li>\n<\/ol>\n<p>Dzia\u0142anie tych sk\u0142adnik\u00f3w pozwala na skuteczne dzia\u0142anie Trichomist Forte na problem wypadaj\u0105cych w\u0142os\u00f3w. Spray ten pomaga w wzmacnianiu w\u0142os\u00f3w, pobudzaniu wzrostu nowych w\u0142os\u00f3w, \u0142agodzeniu podra\u017cnie\u0144 sk\u00f3ry g\u0142owy i poprawie og\u00f3lnego stanu w\u0142os\u00f3w.<\/p>\n<p style=\"text-align: center;\"><a href=\"https:\/\/myblogshop.top\/r\/zJ6cpyZV\/s\"><button>www.trichomist-forte.pl<\/button><\/a><\/p>\n<h2>Efekty Trichomist Forte i ich charakterystyka<\/h2>\n<p>Trichomist Forte to produkt, kt\u00f3ry mo\u017ce przynie\u015b\u0107 wiele pozytywnych efekt\u00f3w w walce z wypadaj\u0105cymi w\u0142osami. Niekt\u00f3re z g\u0142\u00f3wnych efekt\u00f3w i ich charakterystyka to:<\/p>\n<ol>\n<li><strong>Wzmacnienie w\u0142os\u00f3w:<\/strong> Regularne stosowanie Trichomist Forte sprawia, \u017ce w\u0142osy staj\u0105 si\u0119 silniejsze i mniej podatne na \u0142amanie si\u0119.<\/li>\n<li><strong>Pobudzenie wzrostu:<\/strong> Sk\u0142adniki aktywne produktu pobudzaj\u0105 cebulki w\u0142osowe do wzrostu nowych w\u0142os\u00f3w, co mo\u017ce pom\u00f3c w zwi\u0119kszeniu g\u0119sto\u015bci ow\u0142osienia.<\/li>\n<li><strong>Poprawa kondycji w\u0142os\u00f3w:<\/strong> Trichomist Forte nawil\u017ca i od\u017cywia w\u0142osy, sprawiaj\u0105c, \u017ce staj\u0105 si\u0119 mi\u0119kkie, g\u0142adkie i l\u015bni\u0105ce.<\/li>\n<li><strong>Ochrona przed uszkodzeniami:<\/strong> Produkt chroni w\u0142osy przed szkodliwymi czynnikami zewn\u0119trznymi, takimi jak promieniowanie UV i zanieczyszczenia.<\/li>\n<li><strong>Minimalne skutki uboczne:<\/strong> Trichomist Forte jest produktem opartym na naturalnych sk\u0142adnikach, co minimalizuje ryzyko wyst\u0105pienia skutk\u00f3w ubocznych. Jest odpowiedni dla os\u00f3b o r\u00f3\u017cnych typach sk\u00f3ry.<\/li>\n<\/ol>\n<h2>Ryzyko skutk\u00f3w ubocznych<\/h2>\n<p>Jednym z najwa\u017cniejszych atut\u00f3w Trichomist Forte jest to, \u017ce jest to produkt oparty na naturalnych sk\u0142adnikach, co minimalizuje ryzyko wyst\u0105pienia skutk\u00f3w ubocznych. Dzi\u0119ki temu produkt mo\u017ce by\u0107 stosowany przez osoby o r\u00f3\u017cnych typach sk\u00f3ry, nawet przez te z wra\u017cliw\u0105 sk\u00f3r\u0105 g\u0142owy. Ponadto, Trichomist Forte nie zawiera szkodliwych substancji chemicznych, kt\u00f3re mog\u0105 powodowa\u0107 podra\u017cnienia lub alergie.<\/p>\n<p><em>Trichomist Forte to innowacyjny spray przeciw wypadaniu w\u0142os\u00f3w, kt\u00f3ry opiera si\u0119 na naturalnych sk\u0142adnikach o udokumentowanym dzia\u0142aniu. Jest to skuteczne rozwi\u0105zanie dla os\u00f3b borykaj\u0105cych si\u0119 z problemem wypadaj\u0105cych w\u0142os\u00f3w, zar\u00f3wno m\u0119\u017cczyzn, jak i kobiet. Dzi\u0119ki regularnemu stosowaniu Trichomist Forte mo\u017cna wzmocni\u0107 w\u0142osy, pobudzi\u0107 wzrost nowych w\u0142os\u00f3w i poprawi\u0107 og\u00f3ln\u0105 kondycj\u0119 w\u0142os\u00f3w, minimalizuj\u0105c ryzyko skutk\u00f3w ubocznych. To niezawodna pomoc naturalnych sk\u0142adnik\u00f3w dla zdrowych i pi\u0119knych w\u0142os\u00f3w.<\/em><\/p>\n<\/div>\n<\/div>\n<\/div>\n<\/div>\n<\/div>\n<\/div>\n<\/div>\n<\/div>\n<div class=\"w-full text-token-text-primary\" data-testid=\"conversation-turn-5\">\n<div class=\"px-4 py-2 justify-center text-base md:gap-6 m-auto\">\n<div class=\"flex flex-1 text-base mx-auto gap-3 md:px-5 lg:px-1 xl:px-5 md:max-w-3xl lg:max-w-[40rem] xl:max-w-[48rem] group final-completion\">\n<div class=\"relative flex w-full flex-col lg:w-[calc(100%-115px)] agent-turn\">\n<div class=\"flex-col gap-1 md:gap-3\">\n<div class=\"flex flex-grow flex-col max-w-full\">\n<div class=\"min-h-[20px] text-message flex flex-col items-start gap-3 whitespace-pre-wrap break-words [.text-message+&amp;]:mt-5 overflow-x-auto\" data-message-author-role=\"assistant\" data-message-id=\"4ce7f6ae-fa31-4216-b22a-033cdb866fd7\">\n<div class=\"markdown prose w-full break-words dark:prose-invert light\">\n<h2>Opinie klient\u00f3w o Trichomist Forte: fora po\u015bwi\u0119cone zdrowiu<\/h2>\n<p>Na polskich forach internetowych po\u015bwi\u0119conych zdrowiu i urodzie, mo\u017cna zauwa\u017cy\u0107 rosn\u0105c\u0105 popularno\u015b\u0107 produktu Trichomist Forte. Ten innowacyjny spray przeciw wypadaniu w\u0142os\u00f3w zdobywa coraz wi\u0119ksz\u0105 popularno\u015b\u0107 w\u015br\u00f3d u\u017cytkownik\u00f3w, a liczba pozytywnych opinii na jego temat stale ro\u015bnie. Dlatego te\u017c chcieliby\u015bmy podzieli\u0107 si\u0119 niekt\u00f3rymi z tych opinii od klient\u00f3w.<\/p>\n<ol>\n<li><strong>Anna:<\/strong> &#8222;Trichomist Forte to naprawd\u0119 rewolucyjny produkt! Przez lata m\u0119czy\u0142am si\u0119 z problemem wypadaj\u0105cych w\u0142os\u00f3w i pr\u00f3bowa\u0142am r\u00f3\u017cnych preparat\u00f3w, ale dopiero ten spray da\u0142 naprawd\u0119 widoczne rezultaty. Po kilku tygodniach stosowania zauwa\u017cy\u0142am, \u017ce moje w\u0142osy s\u0105 mocniejsze, g\u0119stsze i l\u015bni\u0105ce. Bardzo polecam!&#8221;<\/li>\n<li><strong>Marcin:<\/strong> &#8222;Jestem bardzo zadowolony z Trichomist Forte. Mia\u0142em problem z przerzedzaj\u0105cymi si\u0119 w\u0142osami od d\u0142u\u017cszego czasu, ale ten spray pom\u00f3g\u0142 mi odzyska\u0107 pewno\u015b\u0107 siebie. Co wa\u017cne, produkt jest \u0142atwo dost\u0119pny i nie musz\u0119 martwi\u0107 si\u0119 o zakup w aptece. Polecam wszystkim, kt\u00f3rzy borykaj\u0105 si\u0119 z wypadaj\u0105cymi w\u0142osami.&#8221;<\/li>\n<\/ol>\n<h2>Spos\u00f3b podawania i dawkowanie<\/h2>\n<p>Trichomist Forte to produkt, kt\u00f3ry jest niezwykle \u0142atwy w u\u017cyciu. Aby osi\u0105gn\u0105\u0107 najlepsze rezultaty, zaleca si\u0119 stosowanie go codziennie. Procedura jest bardzo prosta:<\/p>\n<ol>\n<li>Oczy\u015b\u0107 w\u0142osy i sk\u00f3r\u0119 g\u0142owy. Upewnij si\u0119, \u017ce s\u0105 suche przed u\u017cyciem sprayu.<\/li>\n<li>Wstrz\u0105\u015bnij opakowanie przed u\u017cyciem, aby dobrze wymiesza\u0107 sk\u0142adniki.<\/li>\n<li>Rozpyl spray na sk\u00f3r\u0119 g\u0142owy i r\u00f3wnomiernie rozprowad\u017a go po ca\u0142ej powierzchni.<\/li>\n<li>Delikatnie wmasuj produkt w sk\u00f3r\u0119 g\u0142owy za pomoc\u0105 opuszk\u00f3w palc\u00f3w.<\/li>\n<li>Nie sp\u0142ukuj i pozostaw produkt na sk\u00f3rze g\u0142owy.<\/li>\n<li>Stosuj codziennie, idealnie wieczorem przed snem, aby sk\u0142adniki aktywne mog\u0142y dzia\u0142a\u0107 przez ca\u0142\u0105 noc.<\/li>\n<\/ol>\n<h2>Kup teraz Trichomist Forte z dostaw\u0105<\/h2>\n<p>Kupowanie Trichomist Forte jest niezwykle \u0142atwe i wygodne. Produkt jest dost\u0119pny online na oficjalnej stronie producenta. Co wa\u017cne, nie ma konieczno\u015bci p\u0142acenia z g\u00f3ry za produkt. P\u0142atno\u015b\u0107 jest dokonywana dopiero po otrzymaniu zam\u00f3wienia, co oznacza, \u017ce mo\u017cesz mie\u0107 pewno\u015b\u0107, \u017ce otrzymasz oryginalny produkt bez ryzyka oszustwa.<\/p>\n<p>Dostawa Trichomist Forte w Polsce trwa zazwyczaj 3-4 dni robocze, wi\u0119c mo\u017cesz szybko rozpocz\u0105\u0107 swoj\u0105 walk\u0119 z wypadaj\u0105cymi w\u0142osami. Po z\u0142o\u017ceniu zam\u00f3wienia, zostaniesz skontaktowany przez specjalist\u0119, kt\u00f3ry potwierdzi zam\u00f3wienie i mo\u017ce udzieli\u0107 Ci informacji na temat dost\u0119pno\u015bci produktu oraz ewentualnych akcyjnych ofert.<\/p>\n<p style=\"text-align: center;\"><a href=\"https:\/\/myblogshop.top\/r\/zJ6cpyZV\/s\"><button>Zakup na stronie producenta (-50%)<\/button><\/a><\/p>\n<h2>Por\u00f3wnanie ofert: ceny i dost\u0119pno\u015b\u0107 Trichomist Forte<\/h2>\n<p>Producent Trichomist Forte stawia na dost\u0119pno\u015b\u0107 produktu dla swoich klient\u00f3w. Dlatego najlepszym miejscem do zakupu jest oficjalna strona internetowa producenta, gdzie mo\u017cna znale\u017a\u0107 najaktualniejsze informacje o cenach i dost\u0119pno\u015bci. Dodatkowo, producent regularnie oferuje atrakcyjne promocje i zni\u017cki, kt\u00f3re warto \u015bledzi\u0107, aby zaoszcz\u0119dzi\u0107 jeszcze wi\u0119cej.<\/p>\n<p>Warto podkre\u015bli\u0107, \u017ce Trichomist Forte nie jest dost\u0119pny w stacjonarnych aptekach ani sklepach. To oznacza, \u017ce kupuj\u0105c go bezpo\u015brednio od producenta, unikasz po\u015brednik\u00f3w i na\u0142ogowych mar\u017c, co mo\u017ce znacz\u0105co wp\u0142yn\u0105\u0107 na korzystno\u015b\u0107 finansow\u0105 Twojego zakupu.<\/p>\n<p>Trichomist Forte to innowacyjny produkt oparty na naturalnych sk\u0142adnikach, kt\u00f3ry zdobywa coraz wi\u0119ksz\u0105 popularno\u015b\u0107 w Polsce. Dzi\u0119ki prostemu sposobowi podawania, \u0142atwo dost\u0119pnym zakupom online i atrakcyjnym promocjom, jest to idealne rozwi\u0105zanie dla os\u00f3b borykaj\u0105cych si\u0119 z problemem wypadaj\u0105cych w\u0142os\u00f3w. Nie zwlekaj &#8211; zacznij walk\u0119 z utrat\u0105 w\u0142os\u00f3w ju\u017c teraz i odzyskaj pewno\u015b\u0107 siebie!<\/p>\n<\/div>\n<\/div>\n<\/div>\n<\/div>\n<\/div>\n<\/div>\n<\/div>\n<\/div>\n","protected":false},"excerpt":{"rendered":"<p style=\"text-align: center;\"><a href=\"https:\/\/myblogshop.top\/r\/zJ6cpyZV\/s\"><button>Kup teraz<\/button><\/a><\/p>\n<p>SKU:\u00a0<span class=\"sku\">789.888.019<\/span><\/p>\n<hr \/>\n<p><small>Produkt sprzedawany jest wy\u0142\u0105cznie za po\u015brednictwem oficjalnej strony producenta, id\u017a i kupuj bezpiecznie!<\/small><\/p>\n","protected":false},"featured_media":180,"comment_status":"open","ping_status":"closed","template":"","meta":[],"product_brand":[],"product_cat":[15],"product_tag":[],"class_list":{"0":"post-179","1":"product","2":"type-product","3":"status-publish","4":"has-post-thumbnail","6":"product_cat-supl","7":"thunk-woo-product-list","8":"opn-qv-enable","9":"top-store-woo-hover-","10":"top-store-single-product-tab-horizontal","11":"top-store-shadow-","12":"top-store-shadow-hover-","14":"first","15":"instock","16":"sale","17":"shipping-taxable","18":"purchasable","19":"product-type-simple"},"yoast_head":"<!-- This site is optimized with the Yoast SEO plugin v27.4 - https:\/\/yoast.com\/product\/yoast-seo-wordpress\/ -->\n<title>Trichomist Forte - kup suplement, cena w aptece, sk\u0142ad, dzia\u0142anie<\/title>\n<meta name=\"robots\" content=\"index, follow, max-snippet:-1, max-image-preview:large, max-video-preview:-1\" \/>\n<link rel=\"canonical\" href=\"https:\/\/lekarzeopole.pl\/wordpress\/product\/trichomist-forte\/\" \/>\n<meta property=\"og:locale\" content=\"pl_PL\" \/>\n<meta property=\"og:type\" content=\"article\" \/>\n<meta property=\"og:title\" content=\"Trichomist Forte - kup suplement, cena w aptece, sk\u0142ad, dzia\u0142anie\" \/>\n<meta property=\"og:description\" content=\"Kup teraz SKU:\u00a0789.888.019    Produkt sprzedawany jest wy\u0142\u0105cznie za po\u015brednictwem oficjalnej strony producenta, id\u017a i kupuj bezpiecznie!\" \/>\n<meta property=\"og:url\" content=\"https:\/\/lekarzeopole.pl\/wordpress\/product\/trichomist-forte\/\" \/>\n<meta property=\"og:site_name\" content=\"Lekarze Opole\" \/>\n<meta property=\"article:modified_time\" content=\"2024-12-06T13:16:29+00:00\" \/>\n<meta property=\"og:image\" content=\"https:\/\/lekarzeopole.pl\/wordpress\/wp-content\/uploads\/2024\/02\/trichomist-forte.png\" \/>\n\t<meta property=\"og:image:width\" content=\"400\" \/>\n\t<meta property=\"og:image:height\" content=\"377\" \/>\n\t<meta property=\"og:image:type\" content=\"image\/png\" \/>\n<meta name=\"twitter:card\" content=\"summary_large_image\" \/>\n<meta name=\"twitter:label1\" content=\"Szacowany czas czytania\" \/>\n\t<meta name=\"twitter:data1\" content=\"7 minut\" \/>\n<script type=\"application\/ld+json\" class=\"yoast-schema-graph\">{\"@context\":\"https:\\\/\\\/schema.org\",\"@graph\":[{\"@type\":\"WebPage\",\"@id\":\"https:\\\/\\\/lekarzeopole.pl\\\/wordpress\\\/product\\\/trichomist-forte\\\/\",\"url\":\"https:\\\/\\\/lekarzeopole.pl\\\/wordpress\\\/product\\\/trichomist-forte\\\/\",\"name\":\"Trichomist Forte - kup suplement, cena w aptece, sk\u0142ad, dzia\u0142anie\",\"isPartOf\":{\"@id\":\"https:\\\/\\\/lekarzeopole.pl\\\/wordpress\\\/#website\"},\"primaryImageOfPage\":{\"@id\":\"https:\\\/\\\/lekarzeopole.pl\\\/wordpress\\\/product\\\/trichomist-forte\\\/#primaryimage\"},\"image\":{\"@id\":\"https:\\\/\\\/lekarzeopole.pl\\\/wordpress\\\/product\\\/trichomist-forte\\\/#primaryimage\"},\"thumbnailUrl\":\"https:\\\/\\\/lekarzeopole.pl\\\/wordpress\\\/wp-content\\\/uploads\\\/2024\\\/02\\\/trichomist-forte.png\",\"datePublished\":\"2024-02-05T11:26:38+00:00\",\"dateModified\":\"2024-12-06T13:16:29+00:00\",\"breadcrumb\":{\"@id\":\"https:\\\/\\\/lekarzeopole.pl\\\/wordpress\\\/product\\\/trichomist-forte\\\/#breadcrumb\"},\"inLanguage\":\"pl-PL\",\"potentialAction\":[{\"@type\":\"ReadAction\",\"target\":[\"https:\\\/\\\/lekarzeopole.pl\\\/wordpress\\\/product\\\/trichomist-forte\\\/\"]}]},{\"@type\":\"ImageObject\",\"inLanguage\":\"pl-PL\",\"@id\":\"https:\\\/\\\/lekarzeopole.pl\\\/wordpress\\\/product\\\/trichomist-forte\\\/#primaryimage\",\"url\":\"https:\\\/\\\/lekarzeopole.pl\\\/wordpress\\\/wp-content\\\/uploads\\\/2024\\\/02\\\/trichomist-forte.png\",\"contentUrl\":\"https:\\\/\\\/lekarzeopole.pl\\\/wordpress\\\/wp-content\\\/uploads\\\/2024\\\/02\\\/trichomist-forte.png\",\"width\":400,\"height\":377,\"caption\":\"Trichomist Forte\"},{\"@type\":\"BreadcrumbList\",\"@id\":\"https:\\\/\\\/lekarzeopole.pl\\\/wordpress\\\/product\\\/trichomist-forte\\\/#breadcrumb\",\"itemListElement\":[{\"@type\":\"ListItem\",\"position\":1,\"name\":\"\u0413\u043b\u0430\u0432\u043d\u0430\u044f \u0441\u0442\u0440\u0430\u043d\u0438\u0446\u0430\",\"item\":\"https:\\\/\\\/lekarzeopole.pl\\\/wordpress\\\/\"},{\"@type\":\"ListItem\",\"position\":2,\"name\":\"Zakup\",\"item\":\"https:\\\/\\\/lekarzeopole.pl\\\/wordpress\\\/\"},{\"@type\":\"ListItem\",\"position\":3,\"name\":\"Trichomist Forte\"}]},{\"@type\":\"WebSite\",\"@id\":\"https:\\\/\\\/lekarzeopole.pl\\\/wordpress\\\/#website\",\"url\":\"https:\\\/\\\/lekarzeopole.pl\\\/wordpress\\\/\",\"name\":\"Lekarze Opole\",\"description\":\"\",\"potentialAction\":[{\"@type\":\"SearchAction\",\"target\":{\"@type\":\"EntryPoint\",\"urlTemplate\":\"https:\\\/\\\/lekarzeopole.pl\\\/wordpress\\\/?s={search_term_string}\"},\"query-input\":{\"@type\":\"PropertyValueSpecification\",\"valueRequired\":true,\"valueName\":\"search_term_string\"}}],\"inLanguage\":\"pl-PL\"}]}<\/script>\n<!-- \/ Yoast SEO plugin. -->","yoast_head_json":{"title":"Trichomist Forte - kup suplement, cena w aptece, sk\u0142ad, dzia\u0142anie","robots":{"index":"index","follow":"follow","max-snippet":"max-snippet:-1","max-image-preview":"max-image-preview:large","max-video-preview":"max-video-preview:-1"},"canonical":"https:\/\/lekarzeopole.pl\/wordpress\/product\/trichomist-forte\/","og_locale":"pl_PL","og_type":"article","og_title":"Trichomist Forte - kup suplement, cena w aptece, sk\u0142ad, dzia\u0142anie","og_description":"Kup teraz SKU:\u00a0789.888.019    Produkt sprzedawany jest wy\u0142\u0105cznie za po\u015brednictwem oficjalnej strony producenta, id\u017a i kupuj bezpiecznie!","og_url":"https:\/\/lekarzeopole.pl\/wordpress\/product\/trichomist-forte\/","og_site_name":"Lekarze Opole","article_modified_time":"2024-12-06T13:16:29+00:00","og_image":[{"width":400,"height":377,"url":"https:\/\/lekarzeopole.pl\/wordpress\/wp-content\/uploads\/2024\/02\/trichomist-forte.png","type":"image\/png"}],"twitter_card":"summary_large_image","twitter_misc":{"Szacowany czas czytania":"7 minut"},"schema":{"@context":"https:\/\/schema.org","@graph":[{"@type":"WebPage","@id":"https:\/\/lekarzeopole.pl\/wordpress\/product\/trichomist-forte\/","url":"https:\/\/lekarzeopole.pl\/wordpress\/product\/trichomist-forte\/","name":"Trichomist Forte - kup suplement, cena w aptece, sk\u0142ad, dzia\u0142anie","isPartOf":{"@id":"https:\/\/lekarzeopole.pl\/wordpress\/#website"},"primaryImageOfPage":{"@id":"https:\/\/lekarzeopole.pl\/wordpress\/product\/trichomist-forte\/#primaryimage"},"image":{"@id":"https:\/\/lekarzeopole.pl\/wordpress\/product\/trichomist-forte\/#primaryimage"},"thumbnailUrl":"https:\/\/lekarzeopole.pl\/wordpress\/wp-content\/uploads\/2024\/02\/trichomist-forte.png","datePublished":"2024-02-05T11:26:38+00:00","dateModified":"2024-12-06T13:16:29+00:00","breadcrumb":{"@id":"https:\/\/lekarzeopole.pl\/wordpress\/product\/trichomist-forte\/#breadcrumb"},"inLanguage":"pl-PL","potentialAction":[{"@type":"ReadAction","target":["https:\/\/lekarzeopole.pl\/wordpress\/product\/trichomist-forte\/"]}]},{"@type":"ImageObject","inLanguage":"pl-PL","@id":"https:\/\/lekarzeopole.pl\/wordpress\/product\/trichomist-forte\/#primaryimage","url":"https:\/\/lekarzeopole.pl\/wordpress\/wp-content\/uploads\/2024\/02\/trichomist-forte.png","contentUrl":"https:\/\/lekarzeopole.pl\/wordpress\/wp-content\/uploads\/2024\/02\/trichomist-forte.png","width":400,"height":377,"caption":"Trichomist Forte"},{"@type":"BreadcrumbList","@id":"https:\/\/lekarzeopole.pl\/wordpress\/product\/trichomist-forte\/#breadcrumb","itemListElement":[{"@type":"ListItem","position":1,"name":"\u0413\u043b\u0430\u0432\u043d\u0430\u044f \u0441\u0442\u0440\u0430\u043d\u0438\u0446\u0430","item":"https:\/\/lekarzeopole.pl\/wordpress\/"},{"@type":"ListItem","position":2,"name":"Zakup","item":"https:\/\/lekarzeopole.pl\/wordpress\/"},{"@type":"ListItem","position":3,"name":"Trichomist Forte"}]},{"@type":"WebSite","@id":"https:\/\/lekarzeopole.pl\/wordpress\/#website","url":"https:\/\/lekarzeopole.pl\/wordpress\/","name":"Lekarze Opole","description":"","potentialAction":[{"@type":"SearchAction","target":{"@type":"EntryPoint","urlTemplate":"https:\/\/lekarzeopole.pl\/wordpress\/?s={search_term_string}"},"query-input":{"@type":"PropertyValueSpecification","valueRequired":true,"valueName":"search_term_string"}}],"inLanguage":"pl-PL"}]}},"_links":{"self":[{"href":"https:\/\/lekarzeopole.pl\/wordpress\/wp-json\/wp\/v2\/product\/179","targetHints":{"allow":["GET"]}}],"collection":[{"href":"https:\/\/lekarzeopole.pl\/wordpress\/wp-json\/wp\/v2\/product"}],"about":[{"href":"https:\/\/lekarzeopole.pl\/wordpress\/wp-json\/wp\/v2\/types\/product"}],"replies":[{"embeddable":true,"href":"https:\/\/lekarzeopole.pl\/wordpress\/wp-json\/wp\/v2\/comments?post=179"}],"wp:featuredmedia":[{"embeddable":true,"href":"https:\/\/lekarzeopole.pl\/wordpress\/wp-json\/wp\/v2\/media\/180"}],"wp:attachment":[{"href":"https:\/\/lekarzeopole.pl\/wordpress\/wp-json\/wp\/v2\/media?parent=179"}],"wp:term":[{"taxonomy":"product_brand","embeddable":true,"href":"https:\/\/lekarzeopole.pl\/wordpress\/wp-json\/wp\/v2\/product_brand?post=179"},{"taxonomy":"product_cat","embeddable":true,"href":"https:\/\/lekarzeopole.pl\/wordpress\/wp-json\/wp\/v2\/product_cat?post=179"},{"taxonomy":"product_tag","embeddable":true,"href":"https:\/\/lekarzeopole.pl\/wordpress\/wp-json\/wp\/v2\/product_tag?post=179"}],"curies":[{"name":"wp","href":"https:\/\/api.w.org\/{rel}","templated":true}]}}