{"id":155,"date":"2024-02-05T08:12:14","date_gmt":"2024-02-05T08:12:14","guid":{"rendered":"https:\/\/lekarzeopole.pl\/wordpress\/?post_type=product&#038;p=155"},"modified":"2024-12-12T10:49:20","modified_gmt":"2024-12-12T10:49:20","slug":"ostyhealth","status":"publish","type":"product","link":"https:\/\/lekarzeopole.pl\/wordpress\/product\/ostyhealth\/","title":{"rendered":"OstyHealth"},"content":{"rendered":"<p>Stawy pe\u0142ni\u0105 kluczow\u0105 rol\u0119 w naszym codziennym \u017cyciu. To one umo\u017cliwiaj\u0105 nam swobodne poruszanie si\u0119 i wykonywanie wielu czynno\u015bci. Niestety, w miar\u0119 up\u0142ywu czasu i w wyniku r\u00f3\u017cnych czynnik\u00f3w, takich jak wiek, kontuzje czy obci\u0105\u017cenia, stawy mog\u0105 ulega\u0107 uszkodzeniom i bolesnym stanom zapalnym. W takich przypadkach warto si\u0119gn\u0105\u0107 po OstyHealth, innowacyjny krem do piel\u0119gnacji staw\u00f3w.<\/p>\n<h2>Krem OstyHealth<\/h2>\n<p>Polecany jest w przypadku:<\/p>\n<ol>\n<li><strong>B\u00f3lu staw\u00f3w i mi\u0119\u015bni:<\/strong> Je\u015bli odczuwasz b\u00f3l w stawach lub mi\u0119\u015bniach, OstyHealth mo\u017ce pom\u00f3c z\u0142agodzi\u0107 dolegliwo\u015bci i przywr\u00f3ci\u0107 komfort ruchu.<\/li>\n<li><strong>Stan\u00f3w zapalnych:<\/strong> Przewlek\u0142e stany zapalne staw\u00f3w mog\u0105 prowadzi\u0107 do znacznego dyskomfortu. OstyHealth mo\u017ce przyczyni\u0107 si\u0119 do zmniejszenia stan\u00f3w zapalnych i obrz\u0119k\u00f3w.<\/li>\n<li><strong>Profilaktyki staw\u00f3w:<\/strong> OstyHealth jest r\u00f3wnie\u017c idealny do stosowania profilaktycznego, aby zachowa\u0107 zdrowe stawy na d\u0142u\u017cszy czas.<\/li>\n<\/ol>\n<h2>Opis OstyHealth<\/h2>\n<p>OstyHealth to zaawansowany krem, kt\u00f3ry zosta\u0142 stworzony z my\u015bl\u0105 o osobach borykaj\u0105cych si\u0119 z problemami staw\u00f3w i mi\u0119\u015bni. Jego innowacyjna formu\u0142a zawiera wy\u0142\u0105cznie naturalne sk\u0142adniki, kt\u00f3re wspomagaj\u0105 regeneracj\u0119 i odbudow\u0119 tkanek stawowych.<\/p>\n<h2>Sk\u0142ad i dzia\u0142anie sk\u0142adnik\u00f3w OstyHealth<\/h2>\n<ul>\n<li><strong>Ekstrakt z arniki:<\/strong> Arnika jest znana ze swojego dzia\u0142ania przeciwzapalnego i przeciwb\u00f3lowego. Pomaga \u0142agodzi\u0107 b\u00f3l i stany zapalne w okolicach staw\u00f3w.<\/li>\n<li><strong>Olejek z oregano:<\/strong> Olejek ten ma w\u0142a\u015bciwo\u015bci antybakteryjne i przeciwzapalne, co sprzyja lepszemu funkcjonowaniu staw\u00f3w.<\/li>\n<li><strong>Ekstrakt z kasztanowca:<\/strong> Kasztanowiec pomaga wzmocni\u0107 naczynia krwiono\u015bne i poprawia kr\u0105\u017cenie krwi, co mo\u017ce pom\u00f3c w zmniejszeniu obrz\u0119k\u00f3w.<\/li>\n<li><strong>Wyci\u0105g z mi\u0142orz\u0119bu japo\u0144skiego:<\/strong> Ten sk\u0142adnik wspomaga regeneracj\u0119 tkanki chrz\u0119stnej, co jest istotne dla zdrowych staw\u00f3w.<\/li>\n<li><strong>Ekstrakt z korzenia \u017ce\u0144-szenia:<\/strong> \u017be\u0144-sze\u0144 dzia\u0142a tonizuj\u0105co i og\u00f3lnie wzmacnia organizm, co mo\u017ce poprawi\u0107 komfort ruchu.<\/li>\n<li><strong>Hialuronian sodu:<\/strong> Ten sk\u0142adnik nawil\u017ca stawy i chroni je przed zu\u017cyciem.<\/li>\n<\/ul>\n<p style=\"text-align: center;\"><a href=\"https:\/\/tl-track.com\/tracker\/uFTK\"><button>www.osty-health.pl<\/button><\/a><\/p>\n<h2>Efekty OstyHealth i ich charakterystyka<\/h2>\n<p>Po regularnym stosowaniu kremu OstyHealth mo\u017cna spodziewa\u0107 si\u0119 nast\u0119puj\u0105cych efekt\u00f3w:<\/p>\n<ul>\n<li><strong>Z\u0142agodzenie b\u00f3lu:<\/strong> Krem pomaga w szybkim \u0142agodzeniu b\u00f3lu staw\u00f3w i mi\u0119\u015bni.<\/li>\n<li><strong>Redukcja stan\u00f3w zapalnych:<\/strong> Sk\u0142adniki OstyHealth pomagaj\u0105 zmniejszy\u0107 obrz\u0119ki i stany zapalne wok\u00f3\u0142 staw\u00f3w.<\/li>\n<li><strong>Poprawa ruchomo\u015bci:<\/strong> Dzi\u0119ki regularnemu stosowaniu kremu, mo\u017cesz odzyska\u0107 swobod\u0119 ruchu i komfort w codziennych czynno\u015bciach.<\/li>\n<li><strong>D\u0142ugotrwa\u0142e efekty:<\/strong> OstyHealth dzia\u0142a nie tylko na objawy, ale tak\u017ce na przyczyny dolegliwo\u015bci stawowych, dzi\u0119ki czemu efekty jego stosowania s\u0105 trwa\u0142e.<\/li>\n<\/ul>\n<h2>Ryzyko skutk\u00f3w ubocznych<\/h2>\n<p>OstyHealth jest produktem, kt\u00f3ry opiera si\u0119 na naturalnych sk\u0142adnikach, co minimalizuje ryzyko wyst\u0105pienia skutk\u00f3w ubocznych. Dzi\u0119ki temu jest on bezpieczny do stosowania przez wi\u0119kszo\u015b\u0107 os\u00f3b. Niemniej jednak, zawsze warto sprawdzi\u0107 sk\u0142ad kremu, aby upewni\u0107 si\u0119, \u017ce nie ma si\u0119 uczulenia na \u017cadne z jego sk\u0142adnik\u00f3w.<\/p>\n<h2>Opinie klient\u00f3w o OstyHealth: fora po\u015bwi\u0119cone zdrowiu<\/h2>\n<p>Na forach internetowych po\u015bwi\u0119conych zdrowiu, OstyHealth zdobywa coraz wi\u0119ksz\u0105 popularno\u015b\u0107 w Polsce. U\u017cytkownicy dziel\u0105 si\u0119 swoimi pozytywnymi do\u015bwiadczeniami zwi\u0105zanych ze stosowaniem tego kremu. Wielu z nich podkre\u015bla jego skuteczno\u015b\u0107 i natychmiastowe z\u0142agodzenie b\u00f3lu.<\/p>\n<ol>\n<li><strong>Anna:<\/strong> &#8222;OstyHealth to m\u00f3j ulubiony krem na stawy. Dzia\u0142a szybko i skutecznie, a do tego ma naturalny sk\u0142ad, co dla mnie jest ogromnym plusem.&#8221;<\/li>\n<li><strong>Marek:<\/strong> &#8222;Przez lata m\u0119czy\u0142em si\u0119 z b\u00f3lem staw\u00f3w. OstyHealth odmieni\u0142 moje \u017cycie. Teraz mog\u0119 zn\u00f3w aktywnie sp\u0119dza\u0107 czas na \u015bwie\u017cym powietrzu.&#8221;<\/li>\n<\/ol>\n<p><em>OstyHealth to innowacyjny krem do piel\u0119gnacji staw\u00f3w, kt\u00f3ry zdobywa uznanie w Polsce. Jego naturalny sk\u0142ad minimalizuje ryzyko skutk\u00f3w ubocznych, a liczne pozytywne opinie klient\u00f3w \u015bwiadcz\u0105 o jego skuteczno\u015bci. Je\u015bli borykasz si\u0119 z b\u00f3lem staw\u00f3w lub stanami zapalnymi, warto wypr\u00f3bowa\u0107 OstyHealth i do\u0142\u0105czy\u0107 do grona zadowolonych u\u017cytkownik\u00f3w. Odbuduj zdrowie swoich staw\u00f3w ju\u017c dzi\u015b!<\/em><\/p>\n<h2>Ulotka do\u0142\u0105czona do OstyHealth<\/h2>\n<p>Do ka\u017cdego opakowania kremu OstyHealth do\u0142\u0105czona jest szczeg\u00f3\u0142owa ulotka, kt\u00f3ra zawiera informacje dotycz\u0105ce dawkowania, sposobu stosowania oraz pe\u0142ny sk\u0142ad produktu. Przed rozpocz\u0119ciem u\u017cywania kremu warto dok\u0142adnie przeczyta\u0107 ulotk\u0119, aby upewni\u0107 si\u0119, \u017ce stosujesz produkt zgodnie z zaleceniami producenta.<\/p>\n<h2>Spos\u00f3b podawania i dawkowanie<\/h2>\n<p>Spos\u00f3b podawania kremu OstyHealth jest bardzo prosty. Nale\u017cy nanie\u015b\u0107 niewielk\u0105 ilo\u015b\u0107 kremu na obszar dotkni\u0119ty b\u00f3lem staw\u00f3w i delikatnie wmasowa\u0107 go w sk\u00f3r\u0119. Zaleca si\u0119 stosowanie kremu 2-3 razy dziennie, w zale\u017cno\u015bci od intensywno\u015bci objaw\u00f3w.<\/p>\n<h2>Porady od lekarzy<\/h2>\n<p>Warto pami\u0119ta\u0107, \u017ce krem OstyHealth mo\u017ce by\u0107 stosowany jako uzupe\u0142nienie terapii, ale nie zast\u0119puje on konsultacji lekarskiej. Je\u015bli masz powa\u017cne problemy ze stawami, skonsultuj si\u0119 z lekarzem, kt\u00f3ry dobierze odpowiednie leczenie i doradzi, jak najlepiej wykorzysta\u0107 krem OstyHealth.<\/p>\n<h2>Kup teraz OstyHealth z dostaw\u0105<\/h2>\n<p>Kupienie OstyHealth jest niezwykle proste i wygodne. Produkt dost\u0119pny jest online, na oficjalnej stronie producenta, co pozwala unikn\u0105\u0107 po\u015brednik\u00f3w i na\u0142o\u017conych na nich mar\u017c. Wa\u017cne jest r\u00f3wnie\u017c to, \u017ce p\u0142atno\u015b\u0107 za produkt nie jest wymagana z g\u00f3ry. Mo\u017cesz op\u0142aci\u0107 zam\u00f3wienie dopiero po jego otrzymaniu, co daje pewno\u015b\u0107, \u017ce otrzymasz oryginalny produkt bez ryzyka. Dostawa OstyHealth zazwyczaj zajmuje od 3 do 4 dni roboczych w ca\u0142ej Polsce. Dodatkowo, ka\u017cde zam\u00f3wienie zostaje potwierdzone przez specjalist\u0119, kt\u00f3ry mo\u017ce udzieli\u0107 informacji na temat dost\u0119pno\u015bci i ewentualnych promocji.<\/p>\n<p style=\"text-align: center;\"><a href=\"https:\/\/tl-track.com\/tracker\/uFTK\"><button>Zakup na stronie producenta (-50%)<\/button><\/a><\/p>\n<h2>Por\u00f3wnanie ofert: ceny i dost\u0119pno\u015b\u0107 OstyHealth<\/h2>\n<p>Producent OstyHealth stawia na dost\u0119pno\u015b\u0107 i wygod\u0119 dla swoich klient\u00f3w. Produkt mo\u017cna zakupi\u0107 bezpo\u015brednio na oficjalnej stronie internetowej, co eliminuje ryzyko zakupu podr\u00f3bek. Dodatkowo, na stronie producenta regularnie pojawiaj\u0105 si\u0119 promocje i rabaty, kt\u00f3re pozwalaj\u0105 zaoszcz\u0119dzi\u0107 na zakupie. Warto wi\u0119c regularnie odwiedza\u0107 oficjaln\u0105 stron\u0119, aby by\u0107 na bie\u017c\u0105co z najlepszymi ofertami.<\/p>\n<p>OstyHealth to innowacyjny krem, kt\u00f3ry mo\u017ce pom\u00f3c w przywr\u00f3ceniu zdrowia staw\u00f3w. Dzia\u0142anie oparte na naturalnych sk\u0142adnikach minimalizuje ryzyko skutk\u00f3w ubocznych, a pozytywne opinie u\u017cytkownik\u00f3w potwierdzaj\u0105 jego skuteczno\u015b\u0107. Dost\u0119pno\u015b\u0107 produktu online i korzystne warunki zakupu sprawiaj\u0105, \u017ce warto si\u0119gn\u0105\u0107 po OstyHealth, aby cieszy\u0107 si\u0119 pe\u0142n\u0105 ruchliwo\u015bci\u0105 i komfortem \u017cycia. Nie zapominaj jednak, \u017ce w przypadku powa\u017cnych problem\u00f3w ze stawami zawsze warto skonsultowa\u0107 si\u0119 z lekarzem.<\/p>\n","protected":false},"excerpt":{"rendered":"<p style=\"text-align: center;\"><a href=\"https:\/\/tl-track.com\/tracker\/uFTK\"><button>Kup teraz<\/button><\/a><\/p>\n<p>SKU:\u00a0<span class=\"sku\">789.678.019<\/span><\/p>\n<hr \/>\n<p><small>Produkt sprzedawany jest wy\u0142\u0105cznie za po\u015brednictwem oficjalnej strony producenta, id\u017a i kupuj bezpiecznie!<\/small><\/p>\n","protected":false},"featured_media":1131,"comment_status":"open","ping_status":"closed","template":"","meta":[],"product_brand":[],"product_cat":[15],"product_tag":[],"class_list":{"0":"post-155","1":"product","2":"type-product","3":"status-publish","4":"has-post-thumbnail","6":"product_cat-supl","7":"thunk-woo-product-list","8":"opn-qv-enable","9":"top-store-woo-hover-","10":"top-store-single-product-tab-horizontal","11":"top-store-shadow-","12":"top-store-shadow-hover-","14":"first","15":"instock","16":"sale","17":"shipping-taxable","18":"purchasable","19":"product-type-simple"},"yoast_head":"<!-- This site is optimized with the Yoast SEO plugin v27.4 - https:\/\/yoast.com\/product\/yoast-seo-wordpress\/ -->\n<title>OstyHealth - kup suplement, cena w aptece, sk\u0142ad, dzia\u0142anie<\/title>\n<meta name=\"robots\" content=\"index, follow, max-snippet:-1, max-image-preview:large, max-video-preview:-1\" \/>\n<link rel=\"canonical\" href=\"https:\/\/lekarzeopole.pl\/wordpress\/product\/ostyhealth\/\" \/>\n<meta property=\"og:locale\" content=\"pl_PL\" \/>\n<meta property=\"og:type\" content=\"article\" \/>\n<meta property=\"og:title\" content=\"OstyHealth - kup suplement, cena w aptece, sk\u0142ad, dzia\u0142anie\" \/>\n<meta property=\"og:description\" content=\"Kup teraz SKU:\u00a0789.678.019    Produkt sprzedawany jest wy\u0142\u0105cznie za po\u015brednictwem oficjalnej strony producenta, id\u017a i kupuj bezpiecznie!\" \/>\n<meta property=\"og:url\" content=\"https:\/\/lekarzeopole.pl\/wordpress\/product\/ostyhealth\/\" \/>\n<meta property=\"og:site_name\" content=\"Lekarze Opole\" \/>\n<meta property=\"article:modified_time\" content=\"2024-12-12T10:49:20+00:00\" \/>\n<meta property=\"og:image\" content=\"https:\/\/lekarzeopole.pl\/wordpress\/wp-content\/uploads\/2024\/02\/ostyhealth-1.png\" \/>\n\t<meta property=\"og:image:width\" content=\"400\" \/>\n\t<meta property=\"og:image:height\" content=\"400\" \/>\n\t<meta property=\"og:image:type\" content=\"image\/png\" \/>\n<meta name=\"twitter:card\" content=\"summary_large_image\" \/>\n<meta name=\"twitter:label1\" content=\"Szacowany czas czytania\" \/>\n\t<meta name=\"twitter:data1\" content=\"6 minut\" \/>\n<script type=\"application\/ld+json\" class=\"yoast-schema-graph\">{\"@context\":\"https:\\\/\\\/schema.org\",\"@graph\":[{\"@type\":\"WebPage\",\"@id\":\"https:\\\/\\\/lekarzeopole.pl\\\/wordpress\\\/product\\\/ostyhealth\\\/\",\"url\":\"https:\\\/\\\/lekarzeopole.pl\\\/wordpress\\\/product\\\/ostyhealth\\\/\",\"name\":\"OstyHealth - kup suplement, cena w aptece, sk\u0142ad, dzia\u0142anie\",\"isPartOf\":{\"@id\":\"https:\\\/\\\/lekarzeopole.pl\\\/wordpress\\\/#website\"},\"primaryImageOfPage\":{\"@id\":\"https:\\\/\\\/lekarzeopole.pl\\\/wordpress\\\/product\\\/ostyhealth\\\/#primaryimage\"},\"image\":{\"@id\":\"https:\\\/\\\/lekarzeopole.pl\\\/wordpress\\\/product\\\/ostyhealth\\\/#primaryimage\"},\"thumbnailUrl\":\"https:\\\/\\\/lekarzeopole.pl\\\/wordpress\\\/wp-content\\\/uploads\\\/2024\\\/02\\\/ostyhealth-1.png\",\"datePublished\":\"2024-02-05T08:12:14+00:00\",\"dateModified\":\"2024-12-12T10:49:20+00:00\",\"breadcrumb\":{\"@id\":\"https:\\\/\\\/lekarzeopole.pl\\\/wordpress\\\/product\\\/ostyhealth\\\/#breadcrumb\"},\"inLanguage\":\"pl-PL\",\"potentialAction\":[{\"@type\":\"ReadAction\",\"target\":[\"https:\\\/\\\/lekarzeopole.pl\\\/wordpress\\\/product\\\/ostyhealth\\\/\"]}]},{\"@type\":\"ImageObject\",\"inLanguage\":\"pl-PL\",\"@id\":\"https:\\\/\\\/lekarzeopole.pl\\\/wordpress\\\/product\\\/ostyhealth\\\/#primaryimage\",\"url\":\"https:\\\/\\\/lekarzeopole.pl\\\/wordpress\\\/wp-content\\\/uploads\\\/2024\\\/02\\\/ostyhealth-1.png\",\"contentUrl\":\"https:\\\/\\\/lekarzeopole.pl\\\/wordpress\\\/wp-content\\\/uploads\\\/2024\\\/02\\\/ostyhealth-1.png\",\"width\":400,\"height\":400,\"caption\":\"OstyHealth\"},{\"@type\":\"BreadcrumbList\",\"@id\":\"https:\\\/\\\/lekarzeopole.pl\\\/wordpress\\\/product\\\/ostyhealth\\\/#breadcrumb\",\"itemListElement\":[{\"@type\":\"ListItem\",\"position\":1,\"name\":\"\u0413\u043b\u0430\u0432\u043d\u0430\u044f \u0441\u0442\u0440\u0430\u043d\u0438\u0446\u0430\",\"item\":\"https:\\\/\\\/lekarzeopole.pl\\\/wordpress\\\/\"},{\"@type\":\"ListItem\",\"position\":2,\"name\":\"Zakup\",\"item\":\"https:\\\/\\\/lekarzeopole.pl\\\/wordpress\\\/\"},{\"@type\":\"ListItem\",\"position\":3,\"name\":\"OstyHealth\"}]},{\"@type\":\"WebSite\",\"@id\":\"https:\\\/\\\/lekarzeopole.pl\\\/wordpress\\\/#website\",\"url\":\"https:\\\/\\\/lekarzeopole.pl\\\/wordpress\\\/\",\"name\":\"Lekarze Opole\",\"description\":\"\",\"potentialAction\":[{\"@type\":\"SearchAction\",\"target\":{\"@type\":\"EntryPoint\",\"urlTemplate\":\"https:\\\/\\\/lekarzeopole.pl\\\/wordpress\\\/?s={search_term_string}\"},\"query-input\":{\"@type\":\"PropertyValueSpecification\",\"valueRequired\":true,\"valueName\":\"search_term_string\"}}],\"inLanguage\":\"pl-PL\"}]}<\/script>\n<!-- \/ Yoast SEO plugin. -->","yoast_head_json":{"title":"OstyHealth - kup suplement, cena w aptece, sk\u0142ad, dzia\u0142anie","robots":{"index":"index","follow":"follow","max-snippet":"max-snippet:-1","max-image-preview":"max-image-preview:large","max-video-preview":"max-video-preview:-1"},"canonical":"https:\/\/lekarzeopole.pl\/wordpress\/product\/ostyhealth\/","og_locale":"pl_PL","og_type":"article","og_title":"OstyHealth - kup suplement, cena w aptece, sk\u0142ad, dzia\u0142anie","og_description":"Kup teraz SKU:\u00a0789.678.019    Produkt sprzedawany jest wy\u0142\u0105cznie za po\u015brednictwem oficjalnej strony producenta, id\u017a i kupuj bezpiecznie!","og_url":"https:\/\/lekarzeopole.pl\/wordpress\/product\/ostyhealth\/","og_site_name":"Lekarze Opole","article_modified_time":"2024-12-12T10:49:20+00:00","og_image":[{"width":400,"height":400,"url":"https:\/\/lekarzeopole.pl\/wordpress\/wp-content\/uploads\/2024\/02\/ostyhealth-1.png","type":"image\/png"}],"twitter_card":"summary_large_image","twitter_misc":{"Szacowany czas czytania":"6 minut"},"schema":{"@context":"https:\/\/schema.org","@graph":[{"@type":"WebPage","@id":"https:\/\/lekarzeopole.pl\/wordpress\/product\/ostyhealth\/","url":"https:\/\/lekarzeopole.pl\/wordpress\/product\/ostyhealth\/","name":"OstyHealth - kup suplement, cena w aptece, sk\u0142ad, dzia\u0142anie","isPartOf":{"@id":"https:\/\/lekarzeopole.pl\/wordpress\/#website"},"primaryImageOfPage":{"@id":"https:\/\/lekarzeopole.pl\/wordpress\/product\/ostyhealth\/#primaryimage"},"image":{"@id":"https:\/\/lekarzeopole.pl\/wordpress\/product\/ostyhealth\/#primaryimage"},"thumbnailUrl":"https:\/\/lekarzeopole.pl\/wordpress\/wp-content\/uploads\/2024\/02\/ostyhealth-1.png","datePublished":"2024-02-05T08:12:14+00:00","dateModified":"2024-12-12T10:49:20+00:00","breadcrumb":{"@id":"https:\/\/lekarzeopole.pl\/wordpress\/product\/ostyhealth\/#breadcrumb"},"inLanguage":"pl-PL","potentialAction":[{"@type":"ReadAction","target":["https:\/\/lekarzeopole.pl\/wordpress\/product\/ostyhealth\/"]}]},{"@type":"ImageObject","inLanguage":"pl-PL","@id":"https:\/\/lekarzeopole.pl\/wordpress\/product\/ostyhealth\/#primaryimage","url":"https:\/\/lekarzeopole.pl\/wordpress\/wp-content\/uploads\/2024\/02\/ostyhealth-1.png","contentUrl":"https:\/\/lekarzeopole.pl\/wordpress\/wp-content\/uploads\/2024\/02\/ostyhealth-1.png","width":400,"height":400,"caption":"OstyHealth"},{"@type":"BreadcrumbList","@id":"https:\/\/lekarzeopole.pl\/wordpress\/product\/ostyhealth\/#breadcrumb","itemListElement":[{"@type":"ListItem","position":1,"name":"\u0413\u043b\u0430\u0432\u043d\u0430\u044f \u0441\u0442\u0440\u0430\u043d\u0438\u0446\u0430","item":"https:\/\/lekarzeopole.pl\/wordpress\/"},{"@type":"ListItem","position":2,"name":"Zakup","item":"https:\/\/lekarzeopole.pl\/wordpress\/"},{"@type":"ListItem","position":3,"name":"OstyHealth"}]},{"@type":"WebSite","@id":"https:\/\/lekarzeopole.pl\/wordpress\/#website","url":"https:\/\/lekarzeopole.pl\/wordpress\/","name":"Lekarze Opole","description":"","potentialAction":[{"@type":"SearchAction","target":{"@type":"EntryPoint","urlTemplate":"https:\/\/lekarzeopole.pl\/wordpress\/?s={search_term_string}"},"query-input":{"@type":"PropertyValueSpecification","valueRequired":true,"valueName":"search_term_string"}}],"inLanguage":"pl-PL"}]}},"_links":{"self":[{"href":"https:\/\/lekarzeopole.pl\/wordpress\/wp-json\/wp\/v2\/product\/155","targetHints":{"allow":["GET"]}}],"collection":[{"href":"https:\/\/lekarzeopole.pl\/wordpress\/wp-json\/wp\/v2\/product"}],"about":[{"href":"https:\/\/lekarzeopole.pl\/wordpress\/wp-json\/wp\/v2\/types\/product"}],"replies":[{"embeddable":true,"href":"https:\/\/lekarzeopole.pl\/wordpress\/wp-json\/wp\/v2\/comments?post=155"}],"wp:featuredmedia":[{"embeddable":true,"href":"https:\/\/lekarzeopole.pl\/wordpress\/wp-json\/wp\/v2\/media\/1131"}],"wp:attachment":[{"href":"https:\/\/lekarzeopole.pl\/wordpress\/wp-json\/wp\/v2\/media?parent=155"}],"wp:term":[{"taxonomy":"product_brand","embeddable":true,"href":"https:\/\/lekarzeopole.pl\/wordpress\/wp-json\/wp\/v2\/product_brand?post=155"},{"taxonomy":"product_cat","embeddable":true,"href":"https:\/\/lekarzeopole.pl\/wordpress\/wp-json\/wp\/v2\/product_cat?post=155"},{"taxonomy":"product_tag","embeddable":true,"href":"https:\/\/lekarzeopole.pl\/wordpress\/wp-json\/wp\/v2\/product_tag?post=155"}],"curies":[{"name":"wp","href":"https:\/\/api.w.org\/{rel}","templated":true}]}}