{"id":1353,"date":"2025-09-24T10:12:31","date_gmt":"2025-09-24T10:12:31","guid":{"rendered":"https:\/\/lekarzeopole.pl\/wordpress\/?post_type=product&#038;p=1353"},"modified":"2025-09-24T10:12:32","modified_gmt":"2025-09-24T10:12:32","slug":"vasos-duo","status":"publish","type":"product","link":"https:\/\/lekarzeopole.pl\/wordpress\/product\/vasos-duo\/","title":{"rendered":"Vasos Duo"},"content":{"rendered":"<p data-start=\"194\" data-end=\"701\">Problemy zwi\u0105zane z hemoroidami nale\u017c\u0105 do dolegliwo\u015bci, o kt\u00f3rych pacjenci cz\u0119sto wstydz\u0105 si\u0119 m\u00f3wi\u0107. Jednak w dzisiejszych czasach istnieje coraz wi\u0119cej skutecznych, a zarazem bezpiecznych rozwi\u0105za\u0144 opartych na naturalnych sk\u0142adnikach. Jednym z nich jest Vasos Duo \u2013 krem stworzony z my\u015bl\u0105 o osobach borykaj\u0105cych si\u0119 z hemoroidalnym rozszerzeniem \u017cy\u0142. Preparat bazuje na sile natury, a jego kompleksowa formu\u0142a wspiera regeneracj\u0119 i \u0142agodzenie nieprzyjemnych objaw\u00f3w, takich jak b\u00f3l, \u015bwi\u0105d czy obrz\u0119k.<\/p>\n<h2 data-start=\"708\" data-end=\"744\">Wskazania do stosowania Vasos Duo<\/h2>\n<p data-start=\"746\" data-end=\"807\">Vasos Duo przeznaczony jest dla os\u00f3b zmagaj\u0105cych si\u0119 z:<\/p>\n<ul data-start=\"809\" data-end=\"1043\">\n<li data-start=\"809\" data-end=\"853\">\n<p data-start=\"811\" data-end=\"853\">hemoroidami zewn\u0119trznymi i wewn\u0119trznymi,<\/p>\n<\/li>\n<li data-start=\"854\" data-end=\"892\">\n<p data-start=\"856\" data-end=\"892\">podra\u017cnieniami w okolicach odbytu,<\/p>\n<\/li>\n<li data-start=\"893\" data-end=\"930\">\n<p data-start=\"895\" data-end=\"930\">stanami zapalnymi b\u0142ony \u015bluzowej,<\/p>\n<\/li>\n<li data-start=\"931\" data-end=\"976\">\n<p data-start=\"933\" data-end=\"976\">uczuciem dyskomfortu, pieczenia i \u015bwi\u0105du,<\/p>\n<\/li>\n<li data-start=\"977\" data-end=\"1043\">\n<p data-start=\"979\" data-end=\"1043\">obrz\u0119kami oraz zaburzeniami kr\u0105\u017cenia \u017cylnego w rejonie odbytu.<\/p>\n<\/li>\n<\/ul>\n<p data-start=\"1045\" data-end=\"1337\">Regularne stosowanie preparatu mo\u017ce stanowi\u0107 realne wsparcie zar\u00f3wno w pocz\u0105tkowych, jak i bardziej zaawansowanych stadiach choroby hemoroidalnej. Dodatkowo krem mo\u017cna wykorzysta\u0107 profilaktycznie \u2013 u os\u00f3b nara\u017conych na problem z powodu siedz\u0105cego trybu \u017cycia, ci\u0105\u017cy czy przewlek\u0142ych zapar\u0107.<\/p>\n<h2 data-start=\"1344\" data-end=\"1385\">Sk\u0142ad i dzia\u0142anie sk\u0142adnik\u00f3w Vasos Duo<\/h2>\n<p data-start=\"1387\" data-end=\"1541\">Najwi\u0119ksz\u0105 zalet\u0105 Vasos Duo jest jego naturalny sk\u0142ad, opracowany w taki spos\u00f3b, aby jednocze\u015bnie \u0142agodzi\u0107 objawy i wspiera\u0107 proces regeneracji.<\/p>\n<ul>\n<li data-start=\"226\" data-end=\"362\">\n<p data-start=\"228\" data-end=\"362\"><strong data-start=\"228\" data-end=\"266\">Ekstrakt z kasztanowca zwyczajnego<\/strong> \u2013 znany z dzia\u0142ania wzmacniaj\u0105cego naczynia krwiono\u015bne, redukuje obrz\u0119ki i uczucie ci\u0119\u017cko\u015bci.<\/p>\n<\/li>\n<li data-start=\"363\" data-end=\"465\">\n<p data-start=\"365\" data-end=\"465\"><strong data-start=\"365\" data-end=\"401\">Ekstrakt z ruszczyka kolczastego<\/strong> \u2013 poprawia mikrokr\u0105\u017cenie, dzia\u0142a przeciwzapalnie i \u0142agodz\u0105co.<\/p>\n<\/li>\n<li data-start=\"466\" data-end=\"554\">\n<p data-start=\"468\" data-end=\"554\"><strong data-start=\"468\" data-end=\"489\">Wyci\u0105g z nagietka<\/strong> \u2013 koi sk\u00f3r\u0119, przyspiesza regeneracj\u0119 i zmniejsza podra\u017cnienia.<\/p>\n<\/li>\n<li data-start=\"555\" data-end=\"692\">\n<p data-start=\"557\" data-end=\"692\"><strong data-start=\"557\" data-end=\"593\">Ekstrakt z oczaru wirginijskiego<\/strong> \u2013 naturalny sk\u0142adnik o w\u0142a\u015bciwo\u015bciach \u015bci\u0105gaj\u0105cych, dzia\u0142a przeciwbakteryjnie i przeciwzapalnie.<\/p>\n<\/li>\n<li data-start=\"693\" data-end=\"793\">\n<p data-start=\"695\" data-end=\"793\"><strong data-start=\"695\" data-end=\"730\">Olejek eukaliptusowy lub mentol<\/strong> \u2013 daje uczucie ch\u0142odu i szybkiego ukojenia b\u00f3lu oraz \u015bwi\u0105du.<\/p>\n<\/li>\n<li data-start=\"794\" data-end=\"934\">\n<p data-start=\"796\" data-end=\"934\"><strong data-start=\"796\" data-end=\"864\">Substancje nawil\u017caj\u0105ce i zmi\u0119kczaj\u0105ce (np. gliceryna, alantoina)<\/strong> \u2013 poprawiaj\u0105 elastyczno\u015b\u0107 sk\u00f3ry i wspieraj\u0105 gojenie mikrouszkodze\u0144.<\/p>\n<\/li>\n<\/ul>\n<p data-start=\"2015\" data-end=\"2235\">Ka\u017cdy komponent dobrano tak, aby dzia\u0142a\u0142 synergicznie, pot\u0119guj\u0105c efekt terapeutyczny. To w\u0142a\u015bnie unikalne po\u0142\u0105czenie naturalnych sk\u0142adnik\u00f3w sprawia, \u017ce krem jest skuteczny, a jednocze\u015bnie delikatny dla wra\u017cliwej sk\u00f3ry.<\/p>\n<p style=\"text-align: center;\" data-start=\"2015\" data-end=\"2235\"><a href=\"https:\/\/lkeftrao.worldkate.com\"><button>www.vasos-duo.pl<\/button><\/a><\/p>\n<h2 data-start=\"2242\" data-end=\"2283\">Efekty Vasos Duo i ich charakterystyka<\/h2>\n<p data-start=\"2285\" data-end=\"2342\">Pacjenci stosuj\u0105cy Vasos Duo najcz\u0119\u015bciej zauwa\u017caj\u0105:<\/p>\n<ul data-start=\"2344\" data-end=\"2613\">\n<li data-start=\"2344\" data-end=\"2396\">\n<p data-start=\"2346\" data-end=\"2396\">szybkie zmniejszenie b\u00f3lu i uczucia dyskomfortu,<\/p>\n<\/li>\n<li data-start=\"2397\" data-end=\"2438\">\n<p data-start=\"2399\" data-end=\"2438\">redukcj\u0119 obrz\u0119k\u00f3w i stan\u00f3w zapalnych,<\/p>\n<\/li>\n<li data-start=\"2439\" data-end=\"2501\">\n<p data-start=\"2441\" data-end=\"2501\">popraw\u0119 elastyczno\u015bci i wytrzyma\u0142o\u015bci naczy\u0144 krwiono\u015bnych,<\/p>\n<\/li>\n<li data-start=\"2502\" data-end=\"2537\">\n<p data-start=\"2504\" data-end=\"2537\">regeneracj\u0119 podra\u017cnionej sk\u00f3ry,<\/p>\n<\/li>\n<li data-start=\"2538\" data-end=\"2613\">\n<p data-start=\"2540\" data-end=\"2613\">wyra\u017ane zmniejszenie objaw\u00f3w hemoroid\u00f3w ju\u017c po kilku dniach stosowania.<\/p>\n<\/li>\n<\/ul>\n<p data-start=\"2615\" data-end=\"2889\">Krem wyr\u00f3\u017cnia si\u0119 tym, \u017ce nie tylko maskuje objawy, ale tak\u017ce dzia\u0142a na przyczyn\u0119 problemu \u2013 wspieraj\u0105c prawid\u0142owe kr\u0105\u017cenie \u017cylne i przyspieszaj\u0105c gojenie. To sprawia, \u017ce Vasos Duo zyskuje popularno\u015b\u0107 jako naturalna alternatywa dla agresywnych metod farmakologicznych.<\/p>\n<h2 data-start=\"2896\" data-end=\"2923\">Ryzyko skutk\u00f3w ubocznych<\/h2>\n<p data-start=\"2925\" data-end=\"3110\">W przypadku wielu tradycyjnych lek\u00f3w pacjenci obawiaj\u0105 si\u0119 niepo\u017c\u0105danych efekt\u00f3w ubocznych. Vasos Duo minimalizuje to ryzyko, poniewa\u017c bazuje wy\u0142\u0105cznie na naturalnych sk\u0142adnikach.<\/p>\n<ul data-start=\"3112\" data-end=\"3344\">\n<li data-start=\"3112\" data-end=\"3186\">\n<p data-start=\"3114\" data-end=\"3186\">Brak syntetycznych substancji chemicznych ogranicza ryzyko podra\u017cnie\u0144.<\/p>\n<\/li>\n<li data-start=\"3187\" data-end=\"3259\">\n<p data-start=\"3189\" data-end=\"3259\">Preparat jest dobrze tolerowany, nawet przez osoby z wra\u017cliw\u0105 sk\u00f3r\u0105.<\/p>\n<\/li>\n<li data-start=\"3260\" data-end=\"3344\">\n<p data-start=\"3262\" data-end=\"3344\">Dotychczasowe obserwacje wskazuj\u0105, \u017ce skutki uboczne wyst\u0119puj\u0105 niezwykle rzadko.<\/p>\n<\/li>\n<\/ul>\n<p data-start=\"3346\" data-end=\"3606\">Oczywi\u015bcie, jak w przypadku ka\u017cdego preparatu, warto przestrzega\u0107 zalece\u0144 producenta i unika\u0107 stosowania w razie stwierdzonej alergii na kt\u00f3rykolwiek sk\u0142adnik. Jednak og\u00f3lnie Vasos Duo uchodzi za bezpieczny, a ryzyko dzia\u0142a\u0144 niepo\u017c\u0105danych jest minimalne.<\/p>\n<h2 data-start=\"151\" data-end=\"206\">Opinie klient\u00f3w o Vasos Duo: fora po\u015bwi\u0119cone zdrowiu<\/h2>\n<p data-start=\"208\" data-end=\"667\">W Polsce fora internetowe po\u015bwi\u0119cone zdrowiu i naturalnym metodom leczenia ciesz\u0105 si\u0119 ogromn\u0105 popularno\u015bci\u0105. To w\u0142a\u015bnie tam pacjenci dziel\u0105 si\u0119 swoimi do\u015bwiadczeniami, radami oraz opiniami na temat r\u00f3\u017cnych preparat\u00f3w. Vasos Duo zdobywa coraz wi\u0119ksze zainteresowanie, poniewa\u017c wielu u\u017cytkownik\u00f3w potwierdza jego skuteczno\u015b\u0107 oraz bezpiecze\u0144stwo stosowania. Naturalny sk\u0142ad i szybkie dzia\u0142anie sprawiaj\u0105, \u017ce pojawia si\u0119 coraz wi\u0119cej pozytywnych komentarzy.<\/p>\n<p data-start=\"669\" data-end=\"690\"><strong>Przyk\u0142adowe opinie:<\/strong><\/p>\n<ul data-start=\"692\" data-end=\"1166\">\n<li data-start=\"692\" data-end=\"922\">\n<p data-start=\"694\" data-end=\"922\"><em data-start=\"694\" data-end=\"900\">\u201eStosuj\u0119 Vasos Duo od dw\u00f3ch tygodni i widz\u0119 ogromn\u0105 popraw\u0119. Objawy hemoroid\u00f3w zmniejszy\u0142y si\u0119 praktycznie o po\u0142ow\u0119, a b\u00f3l ust\u0105pi\u0142 ju\u017c po kilku dniach. Polecam ka\u017cdemu, kto szuka naturalnego rozwi\u0105zania.\u201d<\/em> \u2013 <strong data-start=\"903\" data-end=\"920\">Anna, 42 lata<\/strong><\/p>\n<\/li>\n<li data-start=\"924\" data-end=\"1166\">\n<p data-start=\"926\" data-end=\"1166\"><em data-start=\"926\" data-end=\"1144\">\u201eTo jedyny krem, kt\u00f3ry naprawd\u0119 mi pom\u00f3g\u0142. Wcze\u015bniej pr\u00f3bowa\u0142em r\u00f3\u017cnych ma\u015bci z apteki, ale dopiero Vasos Duo przyni\u00f3s\u0142 ulg\u0119. Dodatkowo bardzo podoba mi si\u0119 to, \u017ce zamawiam online i mam pewno\u015b\u0107, \u017ce dostaj\u0119 orygina\u0142.\u201d<\/em> \u2013 <strong data-start=\"1147\" data-end=\"1164\">Marek, 55 lat<\/strong><\/p>\n<\/li>\n<\/ul>\n<h2 data-start=\"1173\" data-end=\"1205\">Spos\u00f3b podawania i dawkowanie<\/h2>\n<p data-start=\"1207\" data-end=\"1345\">Vasos Duo jest kremem \u0142atwym w u\u017cyciu, a jego aplikacja nie sprawia problem\u00f3w nawet osobom starszym. Zalecenia producenta s\u0105 proste:<\/p>\n<ul data-start=\"1347\" data-end=\"1574\">\n<li data-start=\"1347\" data-end=\"1422\">\n<p data-start=\"1349\" data-end=\"1422\">preparat nale\u017cy nak\u0142ada\u0107 cienk\u0105 warstw\u0105 na zmienione chorobowo miejsca,<\/p>\n<\/li>\n<li data-start=\"1423\" data-end=\"1475\">\n<p data-start=\"1425\" data-end=\"1475\">aplikacj\u0119 najlepiej powtarza\u0107 2\u20133 razy dziennie,<\/p>\n<\/li>\n<li data-start=\"1476\" data-end=\"1574\">\n<p data-start=\"1478\" data-end=\"1574\">przed u\u017cyciem warto zadba\u0107 o higien\u0119 okolic odbytu, aby zwi\u0119kszy\u0107 skuteczno\u015b\u0107 dzia\u0142ania kremu.<\/p>\n<\/li>\n<\/ul>\n<p data-start=\"1576\" data-end=\"1706\">Wa\u017cne jest systematyczne stosowanie \u2013 regularno\u015b\u0107 podawania sprawia, \u017ce efekty pojawiaj\u0105 si\u0119 szybciej i utrzymuj\u0105 si\u0119 na d\u0142u\u017cej.<\/p>\n<h2 data-start=\"1713\" data-end=\"1745\">Kup teraz Vasos Duo z dostaw\u0105<\/h2>\n<p data-start=\"1747\" data-end=\"1874\">Zakup Vasos Duo jest niezwykle prosty i bezpieczny. Produkt dost\u0119pny jest online, bez konieczno\u015bci wcze\u015bniejszej zap\u0142aty.<\/p>\n<ul data-start=\"1876\" data-end=\"2319\">\n<li data-start=\"1876\" data-end=\"2048\">\n<p data-start=\"1878\" data-end=\"2048\"><strong data-start=\"1878\" data-end=\"1904\">P\u0142atno\u015b\u0107 przy odbiorze<\/strong> \u2013 klient reguluje nale\u017cno\u015b\u0107 dopiero w momencie dostawy, dzi\u0119ki czemu eliminuje ryzyko oszustwa i ma pewno\u015b\u0107, \u017ce otrzymuje oryginalny produkt.<\/p>\n<\/li>\n<li data-start=\"2049\" data-end=\"2141\">\n<p data-start=\"2051\" data-end=\"2141\"><strong data-start=\"2051\" data-end=\"2069\">Szybka dostawa<\/strong> \u2013 czas oczekiwania to zwykle 3\u20134 dni robocze na terenie ca\u0142ej Polski.<\/p>\n<\/li>\n<li data-start=\"2142\" data-end=\"2319\">\n<p data-start=\"2144\" data-end=\"2319\"><strong data-start=\"2144\" data-end=\"2174\">Telefoniczne potwierdzenie<\/strong> \u2013 po z\u0142o\u017ceniu zam\u00f3wienia dzwoni konsultant, kt\u00f3ry potwierdza zam\u00f3wienie, a tak\u017ce udziela informacji o ilo\u015bci produktu i aktualnych promocjach.<\/p>\n<\/li>\n<\/ul>\n<p data-start=\"2321\" data-end=\"2402\">Dzi\u0119ki takiej procedurze klient mo\u017ce czu\u0107 si\u0119 w pe\u0142ni bezpiecznie i komfortowo.<\/p>\n<p style=\"text-align: center;\" data-start=\"2321\" data-end=\"2402\"><a href=\"https:\/\/lkeftrao.worldkate.com\"><button>Zakup na stronie producenta (-50%)<\/button><\/a><\/p>\n<h2 data-start=\"2409\" data-end=\"2457\">Por\u00f3wnanie ofert: ceny i dost\u0119pno\u015b\u0107 Vasos Duo<\/h2>\n<p data-start=\"2459\" data-end=\"2676\">Producent Vasos Duo podkre\u015bla, \u017ce jego g\u0142\u00f3wnym celem jest dost\u0119pno\u015b\u0107 dla ka\u017cdego pacjenta. Dlatego krem mo\u017cna kupi\u0107 wy\u0142\u0105cznie na oficjalnej stronie producenta \u2013 bez po\u015brednik\u00f3w, aptek i dodatkowych mar\u017c.<\/p>\n<ul data-start=\"2678\" data-end=\"2977\">\n<li data-start=\"2678\" data-end=\"2763\">\n<p data-start=\"2680\" data-end=\"2763\">Brak sprzeda\u017cy w stacjonarnych aptekach gwarantuje, \u017ce cena pozostaje przyst\u0119pna.<\/p>\n<\/li>\n<li data-start=\"2764\" data-end=\"2873\">\n<p data-start=\"2766\" data-end=\"2873\">Na stronie internetowej regularnie pojawiaj\u0105 si\u0119 atrakcyjne promocje i rabaty, kt\u00f3re warto sprawdza\u0107.<\/p>\n<\/li>\n<li data-start=\"2874\" data-end=\"2977\">\n<p data-start=\"2876\" data-end=\"2977\">Ograniczona dystrybucja bezpo\u015brednio od producenta zapewnia autentyczno\u015b\u0107 i wysok\u0105 jako\u015b\u0107 produktu.<\/p>\n<\/li>\n<\/ul>\n","protected":false},"excerpt":{"rendered":"<p style=\"text-align: center;\"><a href=\"https:\/\/lkeftrao.worldkate.com\"><button>Kup teraz<\/button><\/a><\/p>\n<p>SKU: 190<span class=\"sku\">.121.119<\/span><\/p>\n<hr \/>\n<p><small>Produkt sprzedawany jest wy\u0142\u0105cznie za po\u015brednictwem oficjalnej strony producenta, id\u017a i kupuj bezpiecznie!<\/small><\/p>\n","protected":false},"featured_media":1354,"comment_status":"open","ping_status":"closed","template":"","meta":[],"product_brand":[],"product_cat":[15],"product_tag":[],"class_list":{"0":"post-1353","1":"product","2":"type-product","3":"status-publish","4":"has-post-thumbnail","6":"product_cat-supl","7":"thunk-woo-product-list","8":"opn-qv-enable","9":"top-store-woo-hover-","10":"top-store-single-product-tab-horizontal","11":"top-store-shadow-","12":"top-store-shadow-hover-","14":"first","15":"instock","16":"sale","17":"shipping-taxable","18":"purchasable","19":"product-type-simple"},"yoast_head":"<!-- This site is optimized with the Yoast SEO plugin v27.4 - https:\/\/yoast.com\/product\/yoast-seo-wordpress\/ -->\n<title>Vasos Duo - kup suplement, cena w aptece, sk\u0142ad, dzia\u0142anie<\/title>\n<meta name=\"robots\" content=\"index, follow, max-snippet:-1, max-image-preview:large, max-video-preview:-1\" \/>\n<link rel=\"canonical\" href=\"https:\/\/lekarzeopole.pl\/wordpress\/product\/vasos-duo\/\" \/>\n<meta property=\"og:locale\" content=\"pl_PL\" \/>\n<meta property=\"og:type\" content=\"article\" \/>\n<meta property=\"og:title\" content=\"Vasos Duo - kup suplement, cena w aptece, sk\u0142ad, dzia\u0142anie\" \/>\n<meta property=\"og:description\" content=\"Kup teraz SKU: 190.121.119    Produkt sprzedawany jest wy\u0142\u0105cznie za po\u015brednictwem oficjalnej strony producenta, id\u017a i kupuj bezpiecznie!\" \/>\n<meta property=\"og:url\" content=\"https:\/\/lekarzeopole.pl\/wordpress\/product\/vasos-duo\/\" \/>\n<meta property=\"og:site_name\" content=\"Lekarze Opole\" \/>\n<meta property=\"article:modified_time\" content=\"2025-09-24T10:12:32+00:00\" \/>\n<meta property=\"og:image\" content=\"https:\/\/lekarzeopole.pl\/wordpress\/wp-content\/uploads\/2025\/09\/vasos-duo.png\" \/>\n\t<meta property=\"og:image:width\" content=\"400\" \/>\n\t<meta property=\"og:image:height\" content=\"400\" \/>\n\t<meta property=\"og:image:type\" content=\"image\/png\" \/>\n<meta name=\"twitter:card\" content=\"summary_large_image\" \/>\n<meta name=\"twitter:label1\" content=\"Szacowany czas czytania\" \/>\n\t<meta name=\"twitter:data1\" content=\"6 minut\" \/>\n<script type=\"application\/ld+json\" class=\"yoast-schema-graph\">{\"@context\":\"https:\\\/\\\/schema.org\",\"@graph\":[{\"@type\":\"WebPage\",\"@id\":\"https:\\\/\\\/lekarzeopole.pl\\\/wordpress\\\/product\\\/vasos-duo\\\/\",\"url\":\"https:\\\/\\\/lekarzeopole.pl\\\/wordpress\\\/product\\\/vasos-duo\\\/\",\"name\":\"Vasos Duo - kup suplement, cena w aptece, sk\u0142ad, dzia\u0142anie\",\"isPartOf\":{\"@id\":\"https:\\\/\\\/lekarzeopole.pl\\\/wordpress\\\/#website\"},\"primaryImageOfPage\":{\"@id\":\"https:\\\/\\\/lekarzeopole.pl\\\/wordpress\\\/product\\\/vasos-duo\\\/#primaryimage\"},\"image\":{\"@id\":\"https:\\\/\\\/lekarzeopole.pl\\\/wordpress\\\/product\\\/vasos-duo\\\/#primaryimage\"},\"thumbnailUrl\":\"https:\\\/\\\/lekarzeopole.pl\\\/wordpress\\\/wp-content\\\/uploads\\\/2025\\\/09\\\/vasos-duo.png\",\"datePublished\":\"2025-09-24T10:12:31+00:00\",\"dateModified\":\"2025-09-24T10:12:32+00:00\",\"breadcrumb\":{\"@id\":\"https:\\\/\\\/lekarzeopole.pl\\\/wordpress\\\/product\\\/vasos-duo\\\/#breadcrumb\"},\"inLanguage\":\"pl-PL\",\"potentialAction\":[{\"@type\":\"ReadAction\",\"target\":[\"https:\\\/\\\/lekarzeopole.pl\\\/wordpress\\\/product\\\/vasos-duo\\\/\"]}]},{\"@type\":\"ImageObject\",\"inLanguage\":\"pl-PL\",\"@id\":\"https:\\\/\\\/lekarzeopole.pl\\\/wordpress\\\/product\\\/vasos-duo\\\/#primaryimage\",\"url\":\"https:\\\/\\\/lekarzeopole.pl\\\/wordpress\\\/wp-content\\\/uploads\\\/2025\\\/09\\\/vasos-duo.png\",\"contentUrl\":\"https:\\\/\\\/lekarzeopole.pl\\\/wordpress\\\/wp-content\\\/uploads\\\/2025\\\/09\\\/vasos-duo.png\",\"width\":400,\"height\":400,\"caption\":\"Vasos Duo\"},{\"@type\":\"BreadcrumbList\",\"@id\":\"https:\\\/\\\/lekarzeopole.pl\\\/wordpress\\\/product\\\/vasos-duo\\\/#breadcrumb\",\"itemListElement\":[{\"@type\":\"ListItem\",\"position\":1,\"name\":\"\u0413\u043b\u0430\u0432\u043d\u0430\u044f \u0441\u0442\u0440\u0430\u043d\u0438\u0446\u0430\",\"item\":\"https:\\\/\\\/lekarzeopole.pl\\\/wordpress\\\/\"},{\"@type\":\"ListItem\",\"position\":2,\"name\":\"Zakup\",\"item\":\"https:\\\/\\\/lekarzeopole.pl\\\/wordpress\\\/\"},{\"@type\":\"ListItem\",\"position\":3,\"name\":\"Vasos Duo\"}]},{\"@type\":\"WebSite\",\"@id\":\"https:\\\/\\\/lekarzeopole.pl\\\/wordpress\\\/#website\",\"url\":\"https:\\\/\\\/lekarzeopole.pl\\\/wordpress\\\/\",\"name\":\"Lekarze Opole\",\"description\":\"\",\"potentialAction\":[{\"@type\":\"SearchAction\",\"target\":{\"@type\":\"EntryPoint\",\"urlTemplate\":\"https:\\\/\\\/lekarzeopole.pl\\\/wordpress\\\/?s={search_term_string}\"},\"query-input\":{\"@type\":\"PropertyValueSpecification\",\"valueRequired\":true,\"valueName\":\"search_term_string\"}}],\"inLanguage\":\"pl-PL\"}]}<\/script>\n<!-- \/ Yoast SEO plugin. -->","yoast_head_json":{"title":"Vasos Duo - kup suplement, cena w aptece, sk\u0142ad, dzia\u0142anie","robots":{"index":"index","follow":"follow","max-snippet":"max-snippet:-1","max-image-preview":"max-image-preview:large","max-video-preview":"max-video-preview:-1"},"canonical":"https:\/\/lekarzeopole.pl\/wordpress\/product\/vasos-duo\/","og_locale":"pl_PL","og_type":"article","og_title":"Vasos Duo - kup suplement, cena w aptece, sk\u0142ad, dzia\u0142anie","og_description":"Kup teraz SKU: 190.121.119    Produkt sprzedawany jest wy\u0142\u0105cznie za po\u015brednictwem oficjalnej strony producenta, id\u017a i kupuj bezpiecznie!","og_url":"https:\/\/lekarzeopole.pl\/wordpress\/product\/vasos-duo\/","og_site_name":"Lekarze Opole","article_modified_time":"2025-09-24T10:12:32+00:00","og_image":[{"width":400,"height":400,"url":"https:\/\/lekarzeopole.pl\/wordpress\/wp-content\/uploads\/2025\/09\/vasos-duo.png","type":"image\/png"}],"twitter_card":"summary_large_image","twitter_misc":{"Szacowany czas czytania":"6 minut"},"schema":{"@context":"https:\/\/schema.org","@graph":[{"@type":"WebPage","@id":"https:\/\/lekarzeopole.pl\/wordpress\/product\/vasos-duo\/","url":"https:\/\/lekarzeopole.pl\/wordpress\/product\/vasos-duo\/","name":"Vasos Duo - kup suplement, cena w aptece, sk\u0142ad, dzia\u0142anie","isPartOf":{"@id":"https:\/\/lekarzeopole.pl\/wordpress\/#website"},"primaryImageOfPage":{"@id":"https:\/\/lekarzeopole.pl\/wordpress\/product\/vasos-duo\/#primaryimage"},"image":{"@id":"https:\/\/lekarzeopole.pl\/wordpress\/product\/vasos-duo\/#primaryimage"},"thumbnailUrl":"https:\/\/lekarzeopole.pl\/wordpress\/wp-content\/uploads\/2025\/09\/vasos-duo.png","datePublished":"2025-09-24T10:12:31+00:00","dateModified":"2025-09-24T10:12:32+00:00","breadcrumb":{"@id":"https:\/\/lekarzeopole.pl\/wordpress\/product\/vasos-duo\/#breadcrumb"},"inLanguage":"pl-PL","potentialAction":[{"@type":"ReadAction","target":["https:\/\/lekarzeopole.pl\/wordpress\/product\/vasos-duo\/"]}]},{"@type":"ImageObject","inLanguage":"pl-PL","@id":"https:\/\/lekarzeopole.pl\/wordpress\/product\/vasos-duo\/#primaryimage","url":"https:\/\/lekarzeopole.pl\/wordpress\/wp-content\/uploads\/2025\/09\/vasos-duo.png","contentUrl":"https:\/\/lekarzeopole.pl\/wordpress\/wp-content\/uploads\/2025\/09\/vasos-duo.png","width":400,"height":400,"caption":"Vasos Duo"},{"@type":"BreadcrumbList","@id":"https:\/\/lekarzeopole.pl\/wordpress\/product\/vasos-duo\/#breadcrumb","itemListElement":[{"@type":"ListItem","position":1,"name":"\u0413\u043b\u0430\u0432\u043d\u0430\u044f \u0441\u0442\u0440\u0430\u043d\u0438\u0446\u0430","item":"https:\/\/lekarzeopole.pl\/wordpress\/"},{"@type":"ListItem","position":2,"name":"Zakup","item":"https:\/\/lekarzeopole.pl\/wordpress\/"},{"@type":"ListItem","position":3,"name":"Vasos Duo"}]},{"@type":"WebSite","@id":"https:\/\/lekarzeopole.pl\/wordpress\/#website","url":"https:\/\/lekarzeopole.pl\/wordpress\/","name":"Lekarze Opole","description":"","potentialAction":[{"@type":"SearchAction","target":{"@type":"EntryPoint","urlTemplate":"https:\/\/lekarzeopole.pl\/wordpress\/?s={search_term_string}"},"query-input":{"@type":"PropertyValueSpecification","valueRequired":true,"valueName":"search_term_string"}}],"inLanguage":"pl-PL"}]}},"_links":{"self":[{"href":"https:\/\/lekarzeopole.pl\/wordpress\/wp-json\/wp\/v2\/product\/1353","targetHints":{"allow":["GET"]}}],"collection":[{"href":"https:\/\/lekarzeopole.pl\/wordpress\/wp-json\/wp\/v2\/product"}],"about":[{"href":"https:\/\/lekarzeopole.pl\/wordpress\/wp-json\/wp\/v2\/types\/product"}],"replies":[{"embeddable":true,"href":"https:\/\/lekarzeopole.pl\/wordpress\/wp-json\/wp\/v2\/comments?post=1353"}],"wp:featuredmedia":[{"embeddable":true,"href":"https:\/\/lekarzeopole.pl\/wordpress\/wp-json\/wp\/v2\/media\/1354"}],"wp:attachment":[{"href":"https:\/\/lekarzeopole.pl\/wordpress\/wp-json\/wp\/v2\/media?parent=1353"}],"wp:term":[{"taxonomy":"product_brand","embeddable":true,"href":"https:\/\/lekarzeopole.pl\/wordpress\/wp-json\/wp\/v2\/product_brand?post=1353"},{"taxonomy":"product_cat","embeddable":true,"href":"https:\/\/lekarzeopole.pl\/wordpress\/wp-json\/wp\/v2\/product_cat?post=1353"},{"taxonomy":"product_tag","embeddable":true,"href":"https:\/\/lekarzeopole.pl\/wordpress\/wp-json\/wp\/v2\/product_tag?post=1353"}],"curies":[{"name":"wp","href":"https:\/\/api.w.org\/{rel}","templated":true}]}}