{"id":1316,"date":"2025-06-13T13:16:58","date_gmt":"2025-06-13T13:16:58","guid":{"rendered":"https:\/\/lekarzeopole.pl\/wordpress\/?post_type=product&#038;p=1316"},"modified":"2025-06-13T13:16:58","modified_gmt":"2025-06-13T13:16:58","slug":"cardionil","status":"publish","type":"product","link":"https:\/\/lekarzeopole.pl\/wordpress\/product\/cardionil\/","title":{"rendered":"Cardionil"},"content":{"rendered":"<p data-start=\"253\" data-end=\"834\">Cardionil to innowacyjny preparat w formie kapsu\u0142ek, przeznaczony do wspomagania zdrowia uk\u0142adu sercowo-naczyniowego oraz skutecznej kontroli nadci\u015bnienia t\u0119tniczego. W dzisiejszych czasach coraz wi\u0119cej os\u00f3b szuka naturalnych rozwi\u0105za\u0144 wspieraj\u0105cych organizm, zw\u0142aszcza w kontek\u015bcie chor\u00f3b cywilizacyjnych takich jak nadci\u015bnienie. Dzi\u0119ki starannie dobranym sk\u0142adnikom pochodzenia ro\u015blinnego Cardionil zapewnia wszechstronne wsparcie dla serca i naczy\u0144 krwiono\u015bnych. W poni\u017cszym artykule przedstawiamy, dlaczego Cardionil to niezawodna pomoc w walce o zdrowe serce i ci\u015bnienie krwi.<\/p>\n<hr data-start=\"836\" data-end=\"839\" \/>\n<h2 data-start=\"841\" data-end=\"877\">Wskazania do stosowania Cardionil<\/h2>\n<p data-start=\"879\" data-end=\"1101\">Cardionil to kapsu\u0142ki polecane przede wszystkim osobom doros\u0142ym borykaj\u0105cym si\u0119 z nadci\u015bnieniem t\u0119tniczym oraz osobom, kt\u00f3re chc\u0105 wzmocni\u0107 sw\u00f3j uk\u0142ad sercowo-naczyniowy w spos\u00f3b naturalny. Wskazania do stosowania obejmuj\u0105:<\/p>\n<ul data-start=\"1103\" data-end=\"1459\">\n<li data-start=\"1103\" data-end=\"1175\">\n<p data-start=\"1105\" data-end=\"1175\">Nadci\u015bnienie t\u0119tnicze \u2013 zar\u00f3wno w fazie pocz\u0105tkowej, jak i przewlek\u0142ej<\/p>\n<\/li>\n<li data-start=\"1176\" data-end=\"1221\">\n<p data-start=\"1178\" data-end=\"1221\">Profilaktyka chor\u00f3b serca i uk\u0142adu kr\u0105\u017cenia<\/p>\n<\/li>\n<li data-start=\"1222\" data-end=\"1272\">\n<p data-start=\"1224\" data-end=\"1272\">Podwy\u017cszone ryzyko mia\u017cd\u017cycy i choroby wie\u0144cowej<\/p>\n<\/li>\n<li data-start=\"1273\" data-end=\"1320\">\n<p data-start=\"1275\" data-end=\"1320\">Obni\u017cona odporno\u015b\u0107 na stres i zm\u0119czenie serca<\/p>\n<\/li>\n<li data-start=\"1321\" data-end=\"1384\">\n<p data-start=\"1323\" data-end=\"1384\">Potrzeba wsparcia dla naczy\u0144 krwiono\u015bnych i ich elastyczno\u015bci<\/p>\n<\/li>\n<li data-start=\"1385\" data-end=\"1459\">\n<p data-start=\"1387\" data-end=\"1459\">Ch\u0119\u0107 uzupe\u0142nienia diety o substancje wzmacniaj\u0105ce serce i ci\u015bnienie krwi<\/p>\n<\/li>\n<\/ul>\n<p data-start=\"1461\" data-end=\"1763\">Cardionil to produkt polecany osobom prowadz\u0105cym stresuj\u0105cy tryb \u017cycia, zmagaj\u0105cym si\u0119 z przewlek\u0142ym zm\u0119czeniem czy nara\u017conym na czynniki zwi\u0119kszaj\u0105ce ci\u015bnienie krwi. Dzi\u0119ki bogatej kompozycji sk\u0142adnik\u00f3w naturalnych, Cardionil mo\u017ce by\u0107 stosowany jako uzupe\u0142nienie zdrowej diety i aktywnego stylu \u017cycia.<\/p>\n<hr data-start=\"1765\" data-end=\"1768\" \/>\n<h2 data-start=\"1770\" data-end=\"1811\">Sk\u0142ad i dzia\u0142anie sk\u0142adnik\u00f3w Cardionil<\/h2>\n<p data-start=\"1813\" data-end=\"1996\">Moc Cardionil opiera si\u0119 na synergii starannie wyselekcjonowanych, naturalnych sk\u0142adnik\u00f3w, kt\u00f3rych skuteczno\u015b\u0107 zosta\u0142a potwierdzona w badaniach naukowych. G\u0142\u00f3wne sk\u0142adniki aktywne to:<\/p>\n<ul data-start=\"1998\" data-end=\"3623\">\n<li data-start=\"1998\" data-end=\"2187\">\n<p data-start=\"2000\" data-end=\"2187\"><strong data-start=\"2000\" data-end=\"2023\">Tauryna (L-tauryna)<\/strong> \u2013 aminokwas o silnym dzia\u0142aniu reguluj\u0105cym ci\u015bnienie t\u0119tnicze, wspiera prac\u0119 serca, pomaga w normalizacji rytmu serca oraz korzystnie wp\u0142ywa na metabolizm lipid\u00f3w.<\/p>\n<\/li>\n<li data-start=\"2188\" data-end=\"2339\">\n<p data-start=\"2190\" data-end=\"2339\"><strong data-start=\"2190\" data-end=\"2223\">Kwas askorbinowy (witamina C)<\/strong> \u2013 znany przeciwutleniacz, kt\u00f3ry wzmacnia \u015bciany naczy\u0144 krwiono\u015bnych, wspomaga regeneracj\u0119 i dzia\u0142a przeciwzapalnie.<\/p>\n<\/li>\n<li data-start=\"2340\" data-end=\"2503\">\n<p data-start=\"2342\" data-end=\"2503\"><strong data-start=\"2342\" data-end=\"2362\">Rutyna w proszku<\/strong> \u2013 bioflawonoid ro\u015blinny, kt\u00f3ry zwi\u0119ksza elastyczno\u015b\u0107 naczy\u0144 krwiono\u015bnych, chroni przed p\u0119kaniem naczy\u0144 w\u0142osowatych i poprawia mikrokr\u0105\u017cenie.<\/p>\n<\/li>\n<li data-start=\"2504\" data-end=\"2707\">\n<p data-start=\"2506\" data-end=\"2707\"><strong data-start=\"2506\" data-end=\"2552\">Ekstrakt z g\u0142ogu (Crataegus oxyacantha L.)<\/strong> \u2013 tradycyjnie wykorzystywany w medycynie naturalnej jako \u015brodek wzmacniaj\u0105cy serce, poprawia wydolno\u015b\u0107 uk\u0142adu kr\u0105\u017cenia, pomaga w regulacji ci\u015bnienia krwi.<\/p>\n<\/li>\n<li data-start=\"2708\" data-end=\"2906\">\n<p data-start=\"2710\" data-end=\"2906\"><strong data-start=\"2710\" data-end=\"2769\">Ekstrakt z li\u015bci oliwki europejskiej (Olea europaea L.)<\/strong> \u2013 bogaty w polifenole, wykazuje dzia\u0142anie hipotensyjne, czyli obni\u017caj\u0105ce ci\u015bnienie krwi, oraz chroni kom\u00f3rki przed stresem oksydacyjnym.<\/p>\n<\/li>\n<li data-start=\"2907\" data-end=\"3042\">\n<p data-start=\"2909\" data-end=\"3042\"><strong data-start=\"2909\" data-end=\"2958\">Ekstrakt z serdecznika (Leonurus cardiaca L.)<\/strong> \u2013 uspokaja, dzia\u0142a tonizuj\u0105co na serce, wspomaga regulacj\u0119 ci\u015bnienia i rytmu serca.<\/p>\n<\/li>\n<li data-start=\"3043\" data-end=\"3212\">\n<p data-start=\"3045\" data-end=\"3212\"><strong data-start=\"3045\" data-end=\"3091\">Ekstrakt z czarnego pieprzu (95% piperyny)<\/strong> \u2013 zwi\u0119ksza biodost\u0119pno\u015b\u0107 sk\u0142adnik\u00f3w, wspomaga uk\u0142ad trawienny i poprawia przyswajalno\u015b\u0107 pozosta\u0142ych substancji czynnych.<\/p>\n<\/li>\n<li data-start=\"3213\" data-end=\"3312\">\n<p data-start=\"3215\" data-end=\"3312\"><strong data-start=\"3215\" data-end=\"3233\">Tlenek magnezu<\/strong> \u2013 uzupe\u0142nia niedobory magnezu, istotnego dla prawid\u0142owej pracy serca i naczy\u0144.<\/p>\n<\/li>\n<li data-start=\"3313\" data-end=\"3436\">\n<p data-start=\"3315\" data-end=\"3436\"><strong data-start=\"3315\" data-end=\"3342\">Ubichinon (koenzym Q10)<\/strong> \u2013 wzmacnia energi\u0119 kom\u00f3rek serca, dzia\u0142a przeciwstarzeniowo i chroni przed wolnymi rodnikami.<\/p>\n<\/li>\n<li data-start=\"3437\" data-end=\"3532\">\n<p data-start=\"3439\" data-end=\"3532\"><strong data-start=\"3439\" data-end=\"3462\">Spirulina w proszku<\/strong> \u2013 naturalny antyoksydant, wspiera odporno\u015b\u0107 i detoksykacj\u0119 organizmu.<\/p>\n<\/li>\n<li data-start=\"3533\" data-end=\"3623\">\n<p data-start=\"3535\" data-end=\"3623\"><strong data-start=\"3535\" data-end=\"3558\">Wodorow\u0119glan potasu<\/strong> \u2013 pomaga utrzyma\u0107 r\u00f3wnowag\u0119 elektrolitow\u0105 i wspiera prac\u0119 serca.<\/p>\n<\/li>\n<\/ul>\n<p data-start=\"3625\" data-end=\"3805\">Wszystkie sk\u0142adniki Cardionil dzia\u0142aj\u0105 kompleksowo, wzajemnie wzmacniaj\u0105c swoje dzia\u0142anie i oferuj\u0105c naturaln\u0105 pomoc w utrzymaniu zdrowego ci\u015bnienia krwi i prawid\u0142owej pracy serca.<\/p>\n<p style=\"text-align: center;\" data-start=\"3625\" data-end=\"3805\"><a href=\"https:\/\/tl-track.com\/tracker\/v3QJ\"><button>www.cardionil.pl<\/button><\/a><\/p>\n<hr data-start=\"3807\" data-end=\"3810\" \/>\n<h2 data-start=\"3812\" data-end=\"3853\">Efekty Cardionil i ich charakterystyka<\/h2>\n<p data-start=\"3855\" data-end=\"3995\">Regularne stosowanie Cardionil mo\u017ce przynie\u015b\u0107 szereg pozytywnych efekt\u00f3w dla zdrowia uk\u0142adu sercowo-naczyniowego. Najwa\u017cniejsze korzy\u015bci to:<\/p>\n<ul data-start=\"3997\" data-end=\"4375\">\n<li data-start=\"3997\" data-end=\"4048\">\n<p data-start=\"3999\" data-end=\"4048\"><strong data-start=\"3999\" data-end=\"4048\">Obni\u017cenie i stabilizacja ci\u015bnienia t\u0119tniczego<\/strong><\/p>\n<\/li>\n<li data-start=\"4049\" data-end=\"4106\">\n<p data-start=\"4051\" data-end=\"4106\"><strong data-start=\"4051\" data-end=\"4106\">Poprawa wydolno\u015bci serca oraz og\u00f3lnego samopoczucia<\/strong><\/p>\n<\/li>\n<li data-start=\"4107\" data-end=\"4153\">\n<p data-start=\"4109\" data-end=\"4153\"><strong data-start=\"4109\" data-end=\"4153\">Wzrost elastyczno\u015bci naczy\u0144 krwiono\u015bnych<\/strong><\/p>\n<\/li>\n<li data-start=\"4154\" data-end=\"4203\">\n<p data-start=\"4156\" data-end=\"4203\"><strong data-start=\"4156\" data-end=\"4203\">Ochrona przed skutkami stresu oksydacyjnego<\/strong><\/p>\n<\/li>\n<li data-start=\"4204\" data-end=\"4242\">\n<p data-start=\"4206\" data-end=\"4242\"><strong data-start=\"4206\" data-end=\"4242\">Wzmocnienie odporno\u015bci organizmu<\/strong><\/p>\n<\/li>\n<li data-start=\"4243\" data-end=\"4309\">\n<p data-start=\"4245\" data-end=\"4309\"><strong data-start=\"4245\" data-end=\"4309\">Zmniejszenie uczucia zm\u0119czenia i wsparcie w walce ze stresem<\/strong><\/p>\n<\/li>\n<li data-start=\"4310\" data-end=\"4375\">\n<p data-start=\"4312\" data-end=\"4375\"><strong data-start=\"4312\" data-end=\"4375\">Redukcja ryzyka rozwoju powik\u0142a\u0144 zwi\u0105zanych z nadci\u015bnieniem<\/strong><\/p>\n<\/li>\n<\/ul>\n<p data-start=\"4377\" data-end=\"4617\">Pierwsze efekty stosowania Cardionil cz\u0119sto pojawiaj\u0105 si\u0119 ju\u017c po kilku dniach regularnego przyjmowania. D\u0142ugotrwa\u0142a suplementacja pozwala na utrzymanie optymalnego poziomu ci\u015bnienia oraz lepsz\u0105 ochron\u0119 serca przed chorobami cywilizacyjnymi.<\/p>\n<hr data-start=\"4619\" data-end=\"4622\" \/>\n<h2 data-start=\"4624\" data-end=\"4651\">Ryzyko skutk\u00f3w ubocznych<\/h2>\n<p data-start=\"4653\" data-end=\"5141\">Cardionil to preparat oparty na naturalnych sk\u0142adnikach, dzi\u0119ki czemu ryzyko wyst\u0105pienia skutk\u00f3w ubocznych jest minimalne. Kapsu\u0142ki nie zawieraj\u0105 sztucznych barwnik\u00f3w ani konserwant\u00f3w, co czyni je bezpiecznym wyborem dla os\u00f3b dbaj\u0105cych o zdrowie. Preparat zosta\u0142 opracowany z my\u015bl\u0105 o codziennej suplementacji \u2013 jednak jak w przypadku ka\u017cdego produktu, nale\u017cy przestrzega\u0107 zalece\u0144 producenta oraz skonsultowa\u0107 si\u0119 z lekarzem w przypadku przyjmowania lek\u00f3w na sta\u0142e lub przewlek\u0142ych chor\u00f3b.<\/p>\n<p data-start=\"5143\" data-end=\"5304\">Produkt mo\u017ce zawiera\u0107 \u015bladowe ilo\u015bci glutenu, gorczycy, orzech\u00f3w, selera, soi oraz orzech\u00f3w ziemnych \u2013 osoby z alergiami powinny zwr\u00f3ci\u0107 uwag\u0119 na sk\u0142ad kapsu\u0142ki.<\/p>\n<h2 data-start=\"152\" data-end=\"207\">Opinie klient\u00f3w o Cardionil: fora po\u015bwi\u0119cone zdrowiu<\/h2>\n<p data-start=\"209\" data-end=\"792\">W dobie Internetu fora po\u015bwi\u0119cone zdrowiu i portale tematyczne sta\u0142y si\u0119 g\u0142\u00f3wnym \u017ar\u00f3d\u0142em informacji dla os\u00f3b poszukuj\u0105cych skutecznych i bezpiecznych rozwi\u0105za\u0144 na swoje dolegliwo\u015bci. Cardionil, jako coraz popularniejsza kapsu\u0142ka na nadci\u015bnienie, regularnie pojawia si\u0119 w dyskusjach w\u015br\u00f3d u\u017cytkownik\u00f3w w Polsce. Jego rosn\u0105ca popularno\u015b\u0107 wynika nie tylko z naturalnego sk\u0142adu, ale tak\u017ce z pozytywnych efekt\u00f3w odczuwanych przez osoby stosuj\u0105ce ten preparat. Na forach i grupach po\u015bwi\u0119conych zdrowiu znale\u017a\u0107 mo\u017cna liczne opinie klient\u00f3w, kt\u00f3rzy ch\u0119tnie dziel\u0105 si\u0119 swoimi do\u015bwiadczeniami.<\/p>\n<p data-start=\"794\" data-end=\"1056\">Wi\u0119kszo\u015b\u0107 recenzji podkre\u015bla widoczne dzia\u0142anie kapsu\u0142ek Cardionil, ich skuteczno\u015b\u0107 w obni\u017caniu ci\u015bnienia oraz wygod\u0119 zakupu. U\u017cytkownicy cz\u0119sto wspominaj\u0105 tak\u017ce o atrakcyjnej cenie i mo\u017cliwo\u015bci bezpiecznej dostawy. Oto dwa przyk\u0142adowe, opinie z for\u00f3w:<\/p>\n<ol>\n<li data-start=\"1058\" data-end=\"1376\"><strong data-start=\"1058\" data-end=\"1087\">Anna, 55 lat z Wroc\u0142awia:<\/strong><br data-start=\"1087\" data-end=\"1090\" \/><em data-start=\"1090\" data-end=\"1376\">&#8222;Od wielu lat boryka\u0142am si\u0119 z wysokim ci\u015bnieniem. Pr\u00f3bowa\u0142am r\u00f3\u017cnych preparat\u00f3w, ale dopiero po zastosowaniu Cardionil zauwa\u017cy\u0142am realn\u0105 popraw\u0119. Moje ci\u015bnienie si\u0119 ustabilizowa\u0142o, a samopoczucie wyra\u017anie si\u0119 polepszy\u0142o. Dodatkowym plusem jest \u0142atwo\u015b\u0107 zakupu online i szybka dostawa.&#8221;<\/em><\/li>\n<li data-start=\"1378\" data-end=\"1683\"><strong data-start=\"1378\" data-end=\"1408\">Marek, 63 lata z Poznania:<\/strong><br data-start=\"1408\" data-end=\"1411\" \/><em data-start=\"1411\" data-end=\"1683\">&#8222;Cardionil poleci\u0142 mi znajomy lekarz. By\u0142em sceptyczny, ale ju\u017c po tygodniu stosowania zauwa\u017cy\u0142em r\u00f3\u017cnic\u0119. Przesta\u0142em odczuwa\u0107 ci\u0105g\u0142e zm\u0119czenie, ci\u015bnienie spad\u0142o do normy. Bardzo ceni\u0119 sobie, \u017ce nie musia\u0142em p\u0142aci\u0107 z g\u00f3ry, a konsultant przedstawi\u0142 mi aktualne promocje.&#8221;<\/em><\/li>\n<\/ol>\n<p data-start=\"1685\" data-end=\"1835\">Opinie takie jak powy\u017csze potwierdzaj\u0105, \u017ce Cardionil zyskuje zaufanie klient\u00f3w dzi\u0119ki naturalnym sk\u0142adnikom, skuteczno\u015bci i przyst\u0119pnej formie zakupu.<\/p>\n<hr data-start=\"1837\" data-end=\"1840\" \/>\n<h2 data-start=\"1842\" data-end=\"1874\">Spos\u00f3b podawania i dawkowanie<\/h2>\n<p data-start=\"1876\" data-end=\"2290\">Aby osi\u0105gn\u0105\u0107 najlepsze efekty, zaleca si\u0119 przyjmowanie kapsu\u0142ek Cardionil zgodnie z zaleceniami producenta lub po konsultacji ze specjalist\u0105. Standardowo, doros\u0142ym poleca si\u0119 przyjmowanie 1-2 kapsu\u0142ek dziennie, najlepiej podczas posi\u0142ku, popijaj\u0105c du\u017c\u0105 ilo\u015bci\u0105 wody. Regularno\u015b\u0107 stosowania ma kluczowe znaczenie dla uzyskania i utrzymania po\u017c\u0105danych efekt\u00f3w \u2013 czyli stabilizacji ci\u015bnienia krwi oraz wsparcia serca.<\/p>\n<p data-start=\"2292\" data-end=\"2570\">Nie nale\u017cy przekracza\u0107 zalecanej dawki dziennej. W przypadku jakichkolwiek w\u0105tpliwo\u015bci warto skorzysta\u0107 z bezp\u0142atnej konsultacji ze specjalist\u0105 podczas sk\u0142adania zam\u00f3wienia. Cardionil, jako suplement diety, mo\u017ce by\u0107 stosowany d\u0142ugoterminowo jako element profilaktyki zdrowotnej.<\/p>\n<hr data-start=\"2572\" data-end=\"2575\" \/>\n<h2 data-start=\"2577\" data-end=\"2609\">Kup teraz Cardionil z dostaw\u0105<\/h2>\n<p data-start=\"2611\" data-end=\"3014\">Zakup Cardionil jest wyj\u0105tkowo prosty i wygodny. Produkt mo\u017cna zam\u00f3wi\u0107 online, bez konieczno\u015bci wychodzenia z domu, co jest szczeg\u00f3lnie wa\u017cne dla os\u00f3b ceni\u0105cych sobie komfort oraz bezpiecze\u0144stwo. Co istotne, nie jest wymagane p\u0142acenie z g\u00f3ry \u2013 zap\u0142ata za Cardionil nast\u0119puje dopiero przy odbiorze przesy\u0142ki (p\u0142atno\u015b\u0107 za pobraniem). Dzi\u0119ki temu masz pewno\u015b\u0107, \u017ce otrzymujesz oryginalny produkt bez ryzyka.<\/p>\n<p data-start=\"3016\" data-end=\"3386\">Dostawa na terenie Polski trwa zazwyczaj od 3 do 4 dni roboczych. Po z\u0142o\u017ceniu zam\u00f3wienia kontaktuje si\u0119 telefonicznie specjalista, kt\u00f3ry potwierdza zam\u00f3wienie, doradza w kwestii dawkowania i informuje o aktualnych promocjach lub dost\u0119pnych pakietach. Takie rozwi\u0105zanie gwarantuje pe\u0142ne bezpiecze\u0144stwo transakcji i umo\u017cliwia uzyskanie profesjonalnej porady przed zakupem.<\/p>\n<p style=\"text-align: center;\" data-start=\"3016\" data-end=\"3386\"><a href=\"https:\/\/tl-track.com\/tracker\/v3QJ\"><button>Zakup na stronie producenta (-50%)<\/button><\/a><\/p>\n<hr data-start=\"3388\" data-end=\"3391\" \/>\n<h2 data-start=\"3393\" data-end=\"3441\">Por\u00f3wnanie ofert: ceny i dost\u0119pno\u015b\u0107 Cardionil<\/h2>\n<p data-start=\"3443\" data-end=\"3753\">Producent Cardionil przyk\u0142ada du\u017c\u0105 wag\u0119 do dost\u0119pno\u015bci produktu dla szerokiego grona odbiorc\u00f3w. Z tego powodu kapsu\u0142ki s\u0105 oferowane wy\u0142\u0105cznie na oficjalnej stronie producenta \u2013 bez po\u015brednik\u00f3w i dodatkowych mar\u017c. Dzi\u0119ki temu masz gwarancj\u0119, \u017ce kupujesz oryginalny i \u015bwie\u017cy produkt w najni\u017cszej mo\u017cliwej cenie.<\/p>\n<p data-start=\"3755\" data-end=\"4079\">Regularnie dost\u0119pne s\u0105 r\u00f3\u017cnego rodzaju promocje i rabaty, kt\u00f3re warto sprawdza\u0107 na bie\u017c\u0105co na stronie internetowej. Producent odradza kupowanie Cardionil w aptekach stacjonarnych lub od nieautoryzowanych sprzedawc\u00f3w, poniewa\u017c suplement nie jest tam oficjalnie dystrybuowany i nie masz pewno\u015bci co do autentyczno\u015bci produktu.<\/p>\n<p data-start=\"4081\" data-end=\"4252\">Dzi\u0119ki sprzeda\u017cy bezpo\u015bredniej Cardionil sta\u0142 si\u0119 suplementem na nadci\u015bnienie \u0142atwo dost\u0119pnym dla ka\u017cdego, kto chce zadba\u0107 o swoje serce w bezpieczny i ekonomiczny spos\u00f3b.<\/p>\n","protected":false},"excerpt":{"rendered":"<p style=\"text-align: center;\"><a href=\"https:\/\/tl-track.com\/tracker\/v3QJ\"><button>Kup teraz<\/button><\/a><\/p>\n<p>SKU: 110<span class=\"sku\">.101.102<\/span><\/p>\n<hr \/>\n<p><small>Produkt sprzedawany jest wy\u0142\u0105cznie za po\u015brednictwem oficjalnej strony producenta, id\u017a i kupuj bezpiecznie!<\/small><\/p>\n","protected":false},"featured_media":1317,"comment_status":"open","ping_status":"closed","template":"","meta":[],"product_brand":[],"product_cat":[15],"product_tag":[],"class_list":{"0":"post-1316","1":"product","2":"type-product","3":"status-publish","4":"has-post-thumbnail","6":"product_cat-supl","7":"thunk-woo-product-list","8":"opn-qv-enable","9":"top-store-woo-hover-","10":"top-store-single-product-tab-horizontal","11":"top-store-shadow-","12":"top-store-shadow-hover-","14":"first","15":"instock","16":"sale","17":"shipping-taxable","18":"purchasable","19":"product-type-simple"},"yoast_head":"<!-- This site is optimized with the Yoast SEO plugin v27.4 - https:\/\/yoast.com\/product\/yoast-seo-wordpress\/ -->\n<title>Cardionil - kup suplement, cena w aptece, sk\u0142ad, dzia\u0142anie<\/title>\n<meta name=\"robots\" content=\"index, follow, max-snippet:-1, max-image-preview:large, max-video-preview:-1\" \/>\n<link rel=\"canonical\" href=\"https:\/\/lekarzeopole.pl\/wordpress\/product\/cardionil\/\" \/>\n<meta property=\"og:locale\" content=\"pl_PL\" \/>\n<meta property=\"og:type\" content=\"article\" \/>\n<meta property=\"og:title\" content=\"Cardionil - kup suplement, cena w aptece, sk\u0142ad, dzia\u0142anie\" \/>\n<meta property=\"og:description\" content=\"Kup teraz SKU: 110.101.102    Produkt sprzedawany jest wy\u0142\u0105cznie za po\u015brednictwem oficjalnej strony producenta, id\u017a i kupuj bezpiecznie!\" \/>\n<meta property=\"og:url\" content=\"https:\/\/lekarzeopole.pl\/wordpress\/product\/cardionil\/\" \/>\n<meta property=\"og:site_name\" content=\"Lekarze Opole\" \/>\n<meta property=\"og:image\" content=\"https:\/\/lekarzeopole.pl\/wordpress\/wp-content\/uploads\/2025\/06\/cardionil.png\" \/>\n\t<meta property=\"og:image:width\" content=\"500\" \/>\n\t<meta property=\"og:image:height\" content=\"511\" \/>\n\t<meta property=\"og:image:type\" content=\"image\/png\" \/>\n<meta name=\"twitter:card\" content=\"summary_large_image\" \/>\n<meta name=\"twitter:label1\" content=\"Szacowany czas czytania\" \/>\n\t<meta name=\"twitter:data1\" content=\"7 minut\" \/>\n<script type=\"application\/ld+json\" class=\"yoast-schema-graph\">{\"@context\":\"https:\\\/\\\/schema.org\",\"@graph\":[{\"@type\":\"WebPage\",\"@id\":\"https:\\\/\\\/lekarzeopole.pl\\\/wordpress\\\/product\\\/cardionil\\\/\",\"url\":\"https:\\\/\\\/lekarzeopole.pl\\\/wordpress\\\/product\\\/cardionil\\\/\",\"name\":\"Cardionil - kup suplement, cena w aptece, sk\u0142ad, dzia\u0142anie\",\"isPartOf\":{\"@id\":\"https:\\\/\\\/lekarzeopole.pl\\\/wordpress\\\/#website\"},\"primaryImageOfPage\":{\"@id\":\"https:\\\/\\\/lekarzeopole.pl\\\/wordpress\\\/product\\\/cardionil\\\/#primaryimage\"},\"image\":{\"@id\":\"https:\\\/\\\/lekarzeopole.pl\\\/wordpress\\\/product\\\/cardionil\\\/#primaryimage\"},\"thumbnailUrl\":\"https:\\\/\\\/lekarzeopole.pl\\\/wordpress\\\/wp-content\\\/uploads\\\/2025\\\/06\\\/cardionil.png\",\"datePublished\":\"2025-06-13T13:16:58+00:00\",\"breadcrumb\":{\"@id\":\"https:\\\/\\\/lekarzeopole.pl\\\/wordpress\\\/product\\\/cardionil\\\/#breadcrumb\"},\"inLanguage\":\"pl-PL\",\"potentialAction\":[{\"@type\":\"ReadAction\",\"target\":[\"https:\\\/\\\/lekarzeopole.pl\\\/wordpress\\\/product\\\/cardionil\\\/\"]}]},{\"@type\":\"ImageObject\",\"inLanguage\":\"pl-PL\",\"@id\":\"https:\\\/\\\/lekarzeopole.pl\\\/wordpress\\\/product\\\/cardionil\\\/#primaryimage\",\"url\":\"https:\\\/\\\/lekarzeopole.pl\\\/wordpress\\\/wp-content\\\/uploads\\\/2025\\\/06\\\/cardionil.png\",\"contentUrl\":\"https:\\\/\\\/lekarzeopole.pl\\\/wordpress\\\/wp-content\\\/uploads\\\/2025\\\/06\\\/cardionil.png\",\"width\":500,\"height\":511,\"caption\":\"Cardionil\"},{\"@type\":\"BreadcrumbList\",\"@id\":\"https:\\\/\\\/lekarzeopole.pl\\\/wordpress\\\/product\\\/cardionil\\\/#breadcrumb\",\"itemListElement\":[{\"@type\":\"ListItem\",\"position\":1,\"name\":\"\u0413\u043b\u0430\u0432\u043d\u0430\u044f \u0441\u0442\u0440\u0430\u043d\u0438\u0446\u0430\",\"item\":\"https:\\\/\\\/lekarzeopole.pl\\\/wordpress\\\/\"},{\"@type\":\"ListItem\",\"position\":2,\"name\":\"Zakup\",\"item\":\"https:\\\/\\\/lekarzeopole.pl\\\/wordpress\\\/\"},{\"@type\":\"ListItem\",\"position\":3,\"name\":\"Cardionil\"}]},{\"@type\":\"WebSite\",\"@id\":\"https:\\\/\\\/lekarzeopole.pl\\\/wordpress\\\/#website\",\"url\":\"https:\\\/\\\/lekarzeopole.pl\\\/wordpress\\\/\",\"name\":\"Lekarze Opole\",\"description\":\"\",\"potentialAction\":[{\"@type\":\"SearchAction\",\"target\":{\"@type\":\"EntryPoint\",\"urlTemplate\":\"https:\\\/\\\/lekarzeopole.pl\\\/wordpress\\\/?s={search_term_string}\"},\"query-input\":{\"@type\":\"PropertyValueSpecification\",\"valueRequired\":true,\"valueName\":\"search_term_string\"}}],\"inLanguage\":\"pl-PL\"}]}<\/script>\n<!-- \/ Yoast SEO plugin. -->","yoast_head_json":{"title":"Cardionil - kup suplement, cena w aptece, sk\u0142ad, dzia\u0142anie","robots":{"index":"index","follow":"follow","max-snippet":"max-snippet:-1","max-image-preview":"max-image-preview:large","max-video-preview":"max-video-preview:-1"},"canonical":"https:\/\/lekarzeopole.pl\/wordpress\/product\/cardionil\/","og_locale":"pl_PL","og_type":"article","og_title":"Cardionil - kup suplement, cena w aptece, sk\u0142ad, dzia\u0142anie","og_description":"Kup teraz SKU: 110.101.102    Produkt sprzedawany jest wy\u0142\u0105cznie za po\u015brednictwem oficjalnej strony producenta, id\u017a i kupuj bezpiecznie!","og_url":"https:\/\/lekarzeopole.pl\/wordpress\/product\/cardionil\/","og_site_name":"Lekarze Opole","og_image":[{"width":500,"height":511,"url":"https:\/\/lekarzeopole.pl\/wordpress\/wp-content\/uploads\/2025\/06\/cardionil.png","type":"image\/png"}],"twitter_card":"summary_large_image","twitter_misc":{"Szacowany czas czytania":"7 minut"},"schema":{"@context":"https:\/\/schema.org","@graph":[{"@type":"WebPage","@id":"https:\/\/lekarzeopole.pl\/wordpress\/product\/cardionil\/","url":"https:\/\/lekarzeopole.pl\/wordpress\/product\/cardionil\/","name":"Cardionil - kup suplement, cena w aptece, sk\u0142ad, dzia\u0142anie","isPartOf":{"@id":"https:\/\/lekarzeopole.pl\/wordpress\/#website"},"primaryImageOfPage":{"@id":"https:\/\/lekarzeopole.pl\/wordpress\/product\/cardionil\/#primaryimage"},"image":{"@id":"https:\/\/lekarzeopole.pl\/wordpress\/product\/cardionil\/#primaryimage"},"thumbnailUrl":"https:\/\/lekarzeopole.pl\/wordpress\/wp-content\/uploads\/2025\/06\/cardionil.png","datePublished":"2025-06-13T13:16:58+00:00","breadcrumb":{"@id":"https:\/\/lekarzeopole.pl\/wordpress\/product\/cardionil\/#breadcrumb"},"inLanguage":"pl-PL","potentialAction":[{"@type":"ReadAction","target":["https:\/\/lekarzeopole.pl\/wordpress\/product\/cardionil\/"]}]},{"@type":"ImageObject","inLanguage":"pl-PL","@id":"https:\/\/lekarzeopole.pl\/wordpress\/product\/cardionil\/#primaryimage","url":"https:\/\/lekarzeopole.pl\/wordpress\/wp-content\/uploads\/2025\/06\/cardionil.png","contentUrl":"https:\/\/lekarzeopole.pl\/wordpress\/wp-content\/uploads\/2025\/06\/cardionil.png","width":500,"height":511,"caption":"Cardionil"},{"@type":"BreadcrumbList","@id":"https:\/\/lekarzeopole.pl\/wordpress\/product\/cardionil\/#breadcrumb","itemListElement":[{"@type":"ListItem","position":1,"name":"\u0413\u043b\u0430\u0432\u043d\u0430\u044f \u0441\u0442\u0440\u0430\u043d\u0438\u0446\u0430","item":"https:\/\/lekarzeopole.pl\/wordpress\/"},{"@type":"ListItem","position":2,"name":"Zakup","item":"https:\/\/lekarzeopole.pl\/wordpress\/"},{"@type":"ListItem","position":3,"name":"Cardionil"}]},{"@type":"WebSite","@id":"https:\/\/lekarzeopole.pl\/wordpress\/#website","url":"https:\/\/lekarzeopole.pl\/wordpress\/","name":"Lekarze Opole","description":"","potentialAction":[{"@type":"SearchAction","target":{"@type":"EntryPoint","urlTemplate":"https:\/\/lekarzeopole.pl\/wordpress\/?s={search_term_string}"},"query-input":{"@type":"PropertyValueSpecification","valueRequired":true,"valueName":"search_term_string"}}],"inLanguage":"pl-PL"}]}},"_links":{"self":[{"href":"https:\/\/lekarzeopole.pl\/wordpress\/wp-json\/wp\/v2\/product\/1316","targetHints":{"allow":["GET"]}}],"collection":[{"href":"https:\/\/lekarzeopole.pl\/wordpress\/wp-json\/wp\/v2\/product"}],"about":[{"href":"https:\/\/lekarzeopole.pl\/wordpress\/wp-json\/wp\/v2\/types\/product"}],"replies":[{"embeddable":true,"href":"https:\/\/lekarzeopole.pl\/wordpress\/wp-json\/wp\/v2\/comments?post=1316"}],"wp:featuredmedia":[{"embeddable":true,"href":"https:\/\/lekarzeopole.pl\/wordpress\/wp-json\/wp\/v2\/media\/1317"}],"wp:attachment":[{"href":"https:\/\/lekarzeopole.pl\/wordpress\/wp-json\/wp\/v2\/media?parent=1316"}],"wp:term":[{"taxonomy":"product_brand","embeddable":true,"href":"https:\/\/lekarzeopole.pl\/wordpress\/wp-json\/wp\/v2\/product_brand?post=1316"},{"taxonomy":"product_cat","embeddable":true,"href":"https:\/\/lekarzeopole.pl\/wordpress\/wp-json\/wp\/v2\/product_cat?post=1316"},{"taxonomy":"product_tag","embeddable":true,"href":"https:\/\/lekarzeopole.pl\/wordpress\/wp-json\/wp\/v2\/product_tag?post=1316"}],"curies":[{"name":"wp","href":"https:\/\/api.w.org\/{rel}","templated":true}]}}