{"id":1314,"date":"2025-06-13T13:11:45","date_gmt":"2025-06-13T13:11:45","guid":{"rendered":"https:\/\/lekarzeopole.pl\/wordpress\/?post_type=product&#038;p=1314"},"modified":"2025-06-13T13:11:45","modified_gmt":"2025-06-13T13:11:45","slug":"urovital","status":"publish","type":"product","link":"https:\/\/lekarzeopole.pl\/wordpress\/product\/urovital\/","title":{"rendered":"UroVital"},"content":{"rendered":"<p data-start=\"214\" data-end=\"828\">Wsp\u00f3\u0142czesny styl \u017cycia, stres, szybkie tempo pracy i nieodpowiednia dieta mog\u0105 negatywnie wp\u0142ywa\u0107 na zdrowie uk\u0142adu moczowego. Szczeg\u00f3lnie kobiety cz\u0119sto do\u015bwiadczaj\u0105 problem\u00f3w takich jak zapalenie p\u0119cherza moczowego (cystitis), infekcje dr\u00f3g moczowych czy uczucie dyskomfortu podczas oddawania moczu. Rozwi\u0105zaniem, kt\u00f3re zdobywa coraz wi\u0119ksz\u0105 popularno\u015b\u0107 w\u015br\u00f3d os\u00f3b dbaj\u0105cych o swoje zdrowie, jest <strong data-start=\"613\" data-end=\"625\">UroVital<\/strong> \u2013 nowoczesny preparat oparty na naturalnych sk\u0142adnikach aktywnych. To kapsu\u0142ki przeciwko zapaleniu p\u0119cherza, kt\u00f3re skutecznie wspieraj\u0105 organizm w walce z infekcjami oraz chroni\u0105 zdrowie dr\u00f3g moczowych.<\/p>\n<h2 data-start=\"830\" data-end=\"865\">Wskazania do stosowania UroVital<\/h2>\n<p data-start=\"867\" data-end=\"934\"><strong data-start=\"867\" data-end=\"879\">UroVital<\/strong> to suplement diety stworzony z my\u015bl\u0105 o osobach, kt\u00f3re:<\/p>\n<ul data-start=\"936\" data-end=\"1218\">\n<li data-start=\"936\" data-end=\"985\">\n<p data-start=\"938\" data-end=\"985\">cierpi\u0105 na nawracaj\u0105ce infekcje dr\u00f3g moczowych,<\/p>\n<\/li>\n<li data-start=\"986\" data-end=\"1040\">\n<p data-start=\"988\" data-end=\"1040\">zmagaj\u0105 si\u0119 z objawami zapalenia p\u0119cherza moczowego,<\/p>\n<\/li>\n<li data-start=\"1041\" data-end=\"1099\">\n<p data-start=\"1043\" data-end=\"1099\">odczuwaj\u0105 pieczenie, b\u00f3l, parcie na mocz lub cz\u0119stomocz,<\/p>\n<\/li>\n<li data-start=\"1100\" data-end=\"1155\">\n<p data-start=\"1102\" data-end=\"1155\">chc\u0105 profilaktycznie dba\u0107 o zdrowie uk\u0142adu moczowego,<\/p>\n<\/li>\n<li data-start=\"1156\" data-end=\"1218\">\n<p data-start=\"1158\" data-end=\"1218\">szukaj\u0105 naturalnych metod wsparcia dla odporno\u015bci organizmu.<\/p>\n<\/li>\n<\/ul>\n<p data-start=\"1220\" data-end=\"1524\">Regularne stosowanie kapsu\u0142ek UroVital pomaga \u0142agodzi\u0107 nieprzyjemne dolegliwo\u015bci, a tak\u017ce zmniejsza ryzyko nawrot\u00f3w infekcji. To rozwi\u0105zanie szczeg\u00f3lnie polecane osobom aktywnym zawodowo, kobietom w r\u00f3\u017cnym wieku, osobom po antybiotykoterapii oraz tym, kt\u00f3rzy szukaj\u0105 naturalnych metod wspierania zdrowia.<\/p>\n<h2 data-start=\"1526\" data-end=\"1566\">Sk\u0142ad i dzia\u0142anie sk\u0142adnik\u00f3w UroVital<\/h2>\n<p data-start=\"1568\" data-end=\"1723\">Formu\u0142a <strong data-start=\"1576\" data-end=\"1588\">UroVital<\/strong> to po\u0142\u0105czenie najskuteczniejszych sk\u0142adnik\u00f3w ro\u015blinnych i mineralnych, wspieraj\u0105cych zdrowie dr\u00f3g moczowych. Oto najwa\u017cniejsze z nich:<\/p>\n<ul>\n<li data-start=\"1725\" data-end=\"1962\"><strong data-start=\"1725\" data-end=\"1781\">Ekstrakt z li\u015bci pokrzywy zwyczajnej (Urtica dioica)<\/strong> \u2013 znany ze swoich w\u0142a\u015bciwo\u015bci moczop\u0119dnych i oczyszczaj\u0105cych. Wspiera naturalne mechanizmy obronne organizmu, przyczyniaj\u0105c si\u0119 do eliminacji szkodliwych bakterii z dr\u00f3g moczowych.<\/li>\n<li data-start=\"1964\" data-end=\"2109\"><strong data-start=\"1964\" data-end=\"1975\">Likopen<\/strong> \u2013 silny antyoksydant, kt\u00f3ry chroni kom\u00f3rki przed szkodliwym dzia\u0142aniem wolnych rodnik\u00f3w i wspiera prawid\u0142owe funkcjonowanie p\u0119cherza.<\/li>\n<li data-start=\"2111\" data-end=\"2251\"><strong data-start=\"2111\" data-end=\"2146\">Witamina C (kwas L-askorbinowy)<\/strong> \u2013 zwi\u0119ksza odporno\u015b\u0107 organizmu, zakwasza mocz, co utrudnia rozw\u00f3j bakterii odpowiedzialnych za infekcje.<\/li>\n<li data-start=\"2253\" data-end=\"2460\"><strong data-start=\"2253\" data-end=\"2310\">Ekstrakt z li\u015bci zielonej herbaty (Camellia sinensis)<\/strong> standaryzowany na 40% polifenoli i 10% EGCG \u2013 dzia\u0142a przeciwzapalnie i antybakteryjnie, przyczynia si\u0119 do ochrony kom\u00f3rek przed stresem oksydacyjnym.<\/li>\n<li data-start=\"2462\" data-end=\"2604\"><strong data-start=\"2462\" data-end=\"2500\">Dro\u017cd\u017ce wzbogacone w selen (selen)<\/strong> \u2013 selen to pierwiastek niezb\u0119dny dla prawid\u0142owej pracy uk\u0142adu odporno\u015bciowego i detoksykacji organizmu.<\/li>\n<li data-start=\"2606\" data-end=\"2766\"><strong data-start=\"2606\" data-end=\"2660\">Ekstrakt z owoc\u00f3w \u017curawiny (Vaccinium macrocarpon)<\/strong> \u2013 \u017curawina jest znana z zapobiegania przyleganiu bakterii do \u015bcianek p\u0119cherza, co obni\u017ca ryzyko infekcji.<\/li>\n<li data-start=\"2768\" data-end=\"2888\"><strong data-start=\"2768\" data-end=\"2791\">Tlenek cynku (cynk)<\/strong> \u2013 pierwiastek wzmacniaj\u0105cy uk\u0142ad immunologiczny oraz przyspieszaj\u0105cy regeneracj\u0119 b\u0142on \u015bluzowych.<\/li>\n<li data-start=\"2890\" data-end=\"3020\"><strong data-start=\"2890\" data-end=\"2938\">Ekstrakt z k\u0142\u0105cza kurkumy (Curcuma longa L.)<\/strong> \u2013 naturalny sk\u0142adnik o silnym dzia\u0142aniu przeciwzapalnym i wspieraj\u0105cym odporno\u015b\u0107.<\/li>\n<li data-start=\"3022\" data-end=\"3141\"><strong data-start=\"3022\" data-end=\"3064\">Proszek z broku\u0142\u00f3w (Brassica oleracea)<\/strong> \u2013 \u017ar\u00f3d\u0142o naturalnych witamin i antyoksydant\u00f3w, wspiera procesy detoksykacji.<\/li>\n<\/ul>\n<p data-start=\"3143\" data-end=\"3326\">Kompozycj\u0119 sk\u0142adnik\u00f3w uzupe\u0142niaj\u0105: celuloza mikrokrystaliczna, sole magnezowe kwas\u00f3w t\u0142uszczowych (substancja przeciwzbrylaj\u0105ca) oraz kapsu\u0142ka \u017celatynowa z barwnikiem (w\u0119glan wapnia).<\/p>\n<p style=\"text-align: center;\" data-start=\"3143\" data-end=\"3326\"><a href=\"https:\/\/tl-track.com\/tracker\/v3QH\"><button>www.urovital.pl<\/button><\/a><\/p>\n<h2 data-start=\"3328\" data-end=\"3368\">Efekty UroVital i ich charakterystyka<\/h2>\n<p data-start=\"3370\" data-end=\"3430\">Stosowanie kapsu\u0142ek <strong data-start=\"3390\" data-end=\"3402\">UroVital<\/strong> przynosi wymierne korzy\u015bci:<\/p>\n<ul data-start=\"3432\" data-end=\"3820\">\n<li data-start=\"3432\" data-end=\"3532\">\n<p data-start=\"3434\" data-end=\"3532\">szybkie \u0142agodzenie objaw\u00f3w zapalenia p\u0119cherza, takich jak pieczenie, b\u00f3l i cz\u0119ste oddawanie moczu,<\/p>\n<\/li>\n<li data-start=\"3533\" data-end=\"3598\">\n<p data-start=\"3535\" data-end=\"3598\">skuteczne wsparcie naturalnych mechanizm\u00f3w obronnych organizmu,<\/p>\n<\/li>\n<li data-start=\"3599\" data-end=\"3676\">\n<p data-start=\"3601\" data-end=\"3676\">ochrona przed nawrotami infekcji dzi\u0119ki synergicznemu dzia\u0142aniu sk\u0142adnik\u00f3w,<\/p>\n<\/li>\n<li data-start=\"3677\" data-end=\"3727\">\n<p data-start=\"3679\" data-end=\"3727\">wzmacnianie b\u0142on \u015bluzowych i regeneracja tkanek,<\/p>\n<\/li>\n<li data-start=\"3728\" data-end=\"3785\">\n<p data-start=\"3730\" data-end=\"3785\">eliminacja toksyn i wspomaganie oczyszczania organizmu,<\/p>\n<\/li>\n<li data-start=\"3786\" data-end=\"3820\">\n<p data-start=\"3788\" data-end=\"3820\">poprawa og\u00f3lnego komfortu \u017cycia.<\/p>\n<\/li>\n<\/ul>\n<p data-start=\"3822\" data-end=\"4026\">U\u017cytkownicy preparatu cz\u0119sto podkre\u015blaj\u0105, \u017ce UroVital przynosi ulg\u0119 ju\u017c po kilku dniach stosowania, a regularna suplementacja pozwala im cieszy\u0107 si\u0119 zdrowiem i aktywno\u015bci\u0105 bez obaw o nawracaj\u0105ce infekcje.<\/p>\n<h2 data-start=\"4028\" data-end=\"4055\">Ryzyko skutk\u00f3w ubocznych<\/h2>\n<p data-start=\"4057\" data-end=\"4524\">Ogromn\u0105 zalet\u0105 <strong data-start=\"4072\" data-end=\"4084\">UroVital<\/strong> jest jego naturalny sk\u0142ad. W odr\u00f3\u017cnieniu od lek\u00f3w syntetycznych, kapsu\u0142ki nie zawieraj\u0105 sztucznych substancji chemicznych ani konserwant\u00f3w. Wszystkie sk\u0142adniki pochodz\u0105 ze sprawdzonych \u017ar\u00f3de\u0142, co minimalizuje ryzyko wyst\u0105pienia skutk\u00f3w ubocznych. Suplement jest dobrze tolerowany przez wi\u0119kszo\u015b\u0107 u\u017cytkownik\u00f3w, a ewentualne reakcje niepo\u017c\u0105dane zdarzaj\u0105 si\u0119 niezwykle rzadko i maj\u0105 \u0142agodny charakter (np. przej\u015bciowe dolegliwo\u015bci \u017co\u0142\u0105dkowe).<\/p>\n<p data-start=\"4526\" data-end=\"4668\"><strong data-start=\"4526\" data-end=\"4538\">UroVital<\/strong> to idealna opcja dla os\u00f3b, kt\u00f3re chc\u0105 zadba\u0107 o swoje zdrowie w spos\u00f3b bezpieczny i skuteczny, korzystaj\u0105c z dobrodziejstw natury.<\/p>\n<h2 data-start=\"93\" data-end=\"147\">Opinie klient\u00f3w o UroVital: fora po\u015bwi\u0119cone zdrowiu<\/h2>\n<p data-start=\"149\" data-end=\"784\">W ostatnich latach w Polsce coraz wi\u0119ksz\u0105 popularno\u015bci\u0105 ciesz\u0105 si\u0119 internetowe fora i grupy dyskusyjne po\u015bwi\u0119cone zdrowiu. To w\u0142a\u015bnie tam u\u017cytkownicy ch\u0119tnie dziel\u0105 si\u0119 swoimi do\u015bwiadczeniami z suplementami diety oraz naturalnymi preparatami wspieraj\u0105cymi r\u00f3\u017cne aspekty zdrowia. Jednym z produkt\u00f3w, o kt\u00f3rym w ostatnim czasie m\u00f3wi si\u0119 coraz wi\u0119cej, jest <strong data-start=\"503\" data-end=\"515\">UroVital<\/strong>. Du\u017ce zainteresowanie wynika nie tylko z jego naturalnego sk\u0142adu, ale tak\u017ce z dost\u0119pno\u015bci i skuteczno\u015bci dzia\u0142ania. W sieci mo\u017cna znale\u017a\u0107 wiele opinii potwierdzaj\u0105cych, \u017ce kapsu\u0142ki UroVital skutecznie \u0142agodz\u0105 objawy zapalenia p\u0119cherza i innych infekcji dr\u00f3g moczowych.<\/p>\n<p data-start=\"786\" data-end=\"951\">Wi\u0119kszo\u015b\u0107 u\u017cytkownik\u00f3w for\u00f3w zdrowotnych podkre\u015bla pozytywne efekty dzia\u0142ania preparatu, szybkie rezultaty oraz atrakcyjn\u0105 cen\u0119. Oto przyk\u0142adowe wypowiedzi klient\u00f3w:<\/p>\n<ol>\n<li data-start=\"953\" data-end=\"1248\"><strong data-start=\"953\" data-end=\"981\">Anna, 34 lata, Warszawa:<\/strong><br data-start=\"981\" data-end=\"984\" \/><em data-start=\"984\" data-end=\"1248\">&#8222;Zdecydowa\u0142am si\u0119 na UroVital po kilku miesi\u0105cach walki z nawracaj\u0105cym zapaleniem p\u0119cherza. Ju\u017c po pierwszym tygodniu stosowania zauwa\u017cy\u0142am znaczn\u0105 popraw\u0119, a nieprzyjemne objawy znikn\u0119\u0142y. Dodatkowym plusem jest szybka dostawa i mo\u017cliwo\u015b\u0107 zap\u0142aty przy odbiorze.&#8221;<\/em><\/li>\n<li data-start=\"1250\" data-end=\"1526\"><strong data-start=\"1250\" data-end=\"1276\">Pawe\u0142, 41 lat, Gda\u0144sk:<\/strong><br data-start=\"1276\" data-end=\"1279\" \/><em data-start=\"1279\" data-end=\"1526\">&#8222;Przetestowa\u0142em wiele suplement\u00f3w, ale UroVital okaza\u0142 si\u0119 zdecydowanie najlepszy. Pom\u00f3g\u0142 mi pozby\u0107 si\u0119 uci\u0105\u017cliwego pieczenia przy oddawaniu moczu. Produkt dost\u0119pny jest online, bez konieczno\u015bci wychodzenia z domu, co dla mnie jest du\u017c\u0105 zalet\u0105.&#8221;<\/em><\/li>\n<\/ol>\n<p data-start=\"1528\" data-end=\"1656\">Takie opinie sprawiaj\u0105, \u017ce preparat cieszy si\u0119 coraz wi\u0119kszym zainteresowaniem, a liczba zadowolonych u\u017cytkownik\u00f3w stale ro\u015bnie.<\/p>\n<h2 data-start=\"1663\" data-end=\"1695\">Spos\u00f3b podawania i dawkowanie<\/h2>\n<p data-start=\"1697\" data-end=\"2224\">Stosowanie <strong data-start=\"1708\" data-end=\"1720\">UroVital<\/strong> jest bardzo proste i nie wymaga specjalnych przygotowa\u0144. Zalecana dawka to zwykle 1-2 kapsu\u0142ki dziennie, najlepiej podczas posi\u0142ku i popijaj\u0105c szklank\u0105 wody. Preparat przeznaczony jest do regularnego stosowania \u2013 tylko systematyczno\u015b\u0107 gwarantuje pe\u0142ne efekty dzia\u0142ania. W przypadku ostrych objaw\u00f3w mo\u017cna skonsultowa\u0107 si\u0119 ze specjalist\u0105 w celu indywidualnego dostosowania dawkowania. Suplement przeznaczony jest dla os\u00f3b doros\u0142ych i nie zast\u0119puje zr\u00f3\u017cnicowanej diety, lecz stanowi jej cenne uzupe\u0142nienie.<\/p>\n<h2 data-start=\"2231\" data-end=\"2262\">Kup teraz UroVital z dostaw\u0105<\/h2>\n<p data-start=\"2264\" data-end=\"2612\">Kupno <strong data-start=\"2270\" data-end=\"2282\">UroVital<\/strong> to wygoda i bezpiecze\u0144stwo. Ca\u0142y proces zam\u00f3wienia odbywa si\u0119 online, bez konieczno\u015bci wcze\u015bniejszej p\u0142atno\u015bci. Oznacza to, \u017ce p\u0142acisz za produkt dopiero przy odbiorze paczki \u2013 dzi\u0119ki temu masz pewno\u015b\u0107, \u017ce otrzymujesz oryginalny towar bez ryzyka utraty pieni\u0119dzy. Dostawa na terenie Polski trwa zazwyczaj od 3 do 4 dni roboczych.<\/p>\n<p data-start=\"2614\" data-end=\"2968\">Po z\u0142o\u017ceniu zam\u00f3wienia, kontaktuje si\u0119 z Tob\u0105 telefonicznie konsultant, kt\u00f3ry potwierdza zam\u00f3wienie oraz mo\u017ce doradzi\u0107 w kwestii dawkowania i poinformowa\u0107 o dost\u0119pnych promocjach. To rozwi\u0105zanie gwarantuje wygod\u0119 oraz mo\u017cliwo\u015b\u0107 uzyskania dodatkowych informacji o preparacie przed zakupem. Zakupy online to gwarancja dyskrecji, szybko\u015bci i bezpiecze\u0144stwa.<\/p>\n<p style=\"text-align: center;\" data-start=\"2614\" data-end=\"2968\"><a href=\"https:\/\/tl-track.com\/tracker\/v3QH\"><button>Zakup na stronie producenta (-50%)<\/button><\/a><\/p>\n<h2 data-start=\"2975\" data-end=\"3022\">Por\u00f3wnanie ofert: ceny i dost\u0119pno\u015b\u0107 UroVital<\/h2>\n<p data-start=\"3024\" data-end=\"3464\">Producent <strong data-start=\"3034\" data-end=\"3046\">UroVital<\/strong> przyk\u0142ada ogromn\u0105 wag\u0119 do dost\u0119pno\u015bci swojego produktu dla szerokiego grona odbiorc\u00f3w. Kapsu\u0142ki mo\u017cna kupi\u0107 wy\u0142\u0105cznie na oficjalnej stronie internetowej producenta. Dzi\u0119ki temu unikasz mar\u017c po\u015brednik\u00f3w i masz pewno\u015b\u0107, \u017ce kupujesz oryginalny, sprawdzony produkt. To r\u00f3wnie\u017c oznacza, \u017ce UroVital nie jest dost\u0119pny w stacjonarnych aptekach \u2013 taka polityka pozwala utrzyma\u0107 atrakcyjne ceny i lepsz\u0105 kontrol\u0119 nad jako\u015bci\u0105.<\/p>\n<p data-start=\"3466\" data-end=\"3719\">Na oficjalnej stronie cz\u0119sto pojawiaj\u0105 si\u0119 r\u00f3\u017cnego rodzaju promocje i rabaty, kt\u00f3rych aktualno\u015b\u0107 warto regularnie sprawdza\u0107. Zakupy bezpo\u015brednio u producenta to nie tylko oszcz\u0119dno\u015b\u0107, ale tak\u017ce pewno\u015b\u0107 szybkiej dostawy i fachowego wsparcia konsultant\u00f3w.<\/p>\n","protected":false},"excerpt":{"rendered":"<p style=\"text-align: center;\"><a href=\"https:\/\/tl-track.com\/tracker\/v3QH\"><button>Kup teraz<\/button><\/a><\/p>\n<p>SKU: 110<span class=\"sku\">.101.101<\/span><\/p>\n<hr \/>\n<p><small>Produkt sprzedawany jest wy\u0142\u0105cznie za po\u015brednictwem oficjalnej strony producenta, id\u017a i kupuj bezpiecznie!<\/small><\/p>\n","protected":false},"featured_media":1315,"comment_status":"open","ping_status":"closed","template":"","meta":[],"product_brand":[],"product_cat":[15],"product_tag":[],"class_list":{"0":"post-1314","1":"product","2":"type-product","3":"status-publish","4":"has-post-thumbnail","6":"product_cat-supl","7":"thunk-woo-product-list","8":"opn-qv-enable","9":"top-store-woo-hover-","10":"top-store-single-product-tab-horizontal","11":"top-store-shadow-","12":"top-store-shadow-hover-","14":"first","15":"instock","16":"sale","17":"shipping-taxable","18":"purchasable","19":"product-type-simple"},"yoast_head":"<!-- This site is optimized with the Yoast SEO plugin v27.4 - https:\/\/yoast.com\/product\/yoast-seo-wordpress\/ -->\n<title>UroVital - kup suplement, cena w aptece, sk\u0142ad, dzia\u0142anie<\/title>\n<meta name=\"robots\" content=\"index, follow, max-snippet:-1, max-image-preview:large, max-video-preview:-1\" \/>\n<link rel=\"canonical\" href=\"https:\/\/lekarzeopole.pl\/wordpress\/product\/urovital\/\" \/>\n<meta property=\"og:locale\" content=\"pl_PL\" \/>\n<meta property=\"og:type\" content=\"article\" \/>\n<meta property=\"og:title\" content=\"UroVital - kup suplement, cena w aptece, sk\u0142ad, dzia\u0142anie\" \/>\n<meta property=\"og:description\" content=\"Kup teraz SKU: 110.101.101    Produkt sprzedawany jest wy\u0142\u0105cznie za po\u015brednictwem oficjalnej strony producenta, id\u017a i kupuj bezpiecznie!\" \/>\n<meta property=\"og:url\" content=\"https:\/\/lekarzeopole.pl\/wordpress\/product\/urovital\/\" \/>\n<meta property=\"og:site_name\" content=\"Lekarze Opole\" \/>\n<meta property=\"og:image\" content=\"https:\/\/lekarzeopole.pl\/wordpress\/wp-content\/uploads\/2025\/06\/urovital-2.png\" \/>\n\t<meta property=\"og:image:width\" content=\"300\" \/>\n\t<meta property=\"og:image:height\" content=\"300\" \/>\n\t<meta property=\"og:image:type\" content=\"image\/png\" \/>\n<meta name=\"twitter:card\" content=\"summary_large_image\" \/>\n<meta name=\"twitter:label1\" content=\"Szacowany czas czytania\" \/>\n\t<meta name=\"twitter:data1\" content=\"7 minut\" \/>\n<script type=\"application\/ld+json\" class=\"yoast-schema-graph\">{\"@context\":\"https:\\\/\\\/schema.org\",\"@graph\":[{\"@type\":\"WebPage\",\"@id\":\"https:\\\/\\\/lekarzeopole.pl\\\/wordpress\\\/product\\\/urovital\\\/\",\"url\":\"https:\\\/\\\/lekarzeopole.pl\\\/wordpress\\\/product\\\/urovital\\\/\",\"name\":\"UroVital - kup suplement, cena w aptece, sk\u0142ad, dzia\u0142anie\",\"isPartOf\":{\"@id\":\"https:\\\/\\\/lekarzeopole.pl\\\/wordpress\\\/#website\"},\"primaryImageOfPage\":{\"@id\":\"https:\\\/\\\/lekarzeopole.pl\\\/wordpress\\\/product\\\/urovital\\\/#primaryimage\"},\"image\":{\"@id\":\"https:\\\/\\\/lekarzeopole.pl\\\/wordpress\\\/product\\\/urovital\\\/#primaryimage\"},\"thumbnailUrl\":\"https:\\\/\\\/lekarzeopole.pl\\\/wordpress\\\/wp-content\\\/uploads\\\/2025\\\/06\\\/urovital-2.png\",\"datePublished\":\"2025-06-13T13:11:45+00:00\",\"breadcrumb\":{\"@id\":\"https:\\\/\\\/lekarzeopole.pl\\\/wordpress\\\/product\\\/urovital\\\/#breadcrumb\"},\"inLanguage\":\"pl-PL\",\"potentialAction\":[{\"@type\":\"ReadAction\",\"target\":[\"https:\\\/\\\/lekarzeopole.pl\\\/wordpress\\\/product\\\/urovital\\\/\"]}]},{\"@type\":\"ImageObject\",\"inLanguage\":\"pl-PL\",\"@id\":\"https:\\\/\\\/lekarzeopole.pl\\\/wordpress\\\/product\\\/urovital\\\/#primaryimage\",\"url\":\"https:\\\/\\\/lekarzeopole.pl\\\/wordpress\\\/wp-content\\\/uploads\\\/2025\\\/06\\\/urovital-2.png\",\"contentUrl\":\"https:\\\/\\\/lekarzeopole.pl\\\/wordpress\\\/wp-content\\\/uploads\\\/2025\\\/06\\\/urovital-2.png\",\"width\":300,\"height\":300,\"caption\":\"UroVital\"},{\"@type\":\"BreadcrumbList\",\"@id\":\"https:\\\/\\\/lekarzeopole.pl\\\/wordpress\\\/product\\\/urovital\\\/#breadcrumb\",\"itemListElement\":[{\"@type\":\"ListItem\",\"position\":1,\"name\":\"\u0413\u043b\u0430\u0432\u043d\u0430\u044f \u0441\u0442\u0440\u0430\u043d\u0438\u0446\u0430\",\"item\":\"https:\\\/\\\/lekarzeopole.pl\\\/wordpress\\\/\"},{\"@type\":\"ListItem\",\"position\":2,\"name\":\"Zakup\",\"item\":\"https:\\\/\\\/lekarzeopole.pl\\\/wordpress\\\/\"},{\"@type\":\"ListItem\",\"position\":3,\"name\":\"UroVital\"}]},{\"@type\":\"WebSite\",\"@id\":\"https:\\\/\\\/lekarzeopole.pl\\\/wordpress\\\/#website\",\"url\":\"https:\\\/\\\/lekarzeopole.pl\\\/wordpress\\\/\",\"name\":\"Lekarze Opole\",\"description\":\"\",\"potentialAction\":[{\"@type\":\"SearchAction\",\"target\":{\"@type\":\"EntryPoint\",\"urlTemplate\":\"https:\\\/\\\/lekarzeopole.pl\\\/wordpress\\\/?s={search_term_string}\"},\"query-input\":{\"@type\":\"PropertyValueSpecification\",\"valueRequired\":true,\"valueName\":\"search_term_string\"}}],\"inLanguage\":\"pl-PL\"}]}<\/script>\n<!-- \/ Yoast SEO plugin. -->","yoast_head_json":{"title":"UroVital - kup suplement, cena w aptece, sk\u0142ad, dzia\u0142anie","robots":{"index":"index","follow":"follow","max-snippet":"max-snippet:-1","max-image-preview":"max-image-preview:large","max-video-preview":"max-video-preview:-1"},"canonical":"https:\/\/lekarzeopole.pl\/wordpress\/product\/urovital\/","og_locale":"pl_PL","og_type":"article","og_title":"UroVital - kup suplement, cena w aptece, sk\u0142ad, dzia\u0142anie","og_description":"Kup teraz SKU: 110.101.101    Produkt sprzedawany jest wy\u0142\u0105cznie za po\u015brednictwem oficjalnej strony producenta, id\u017a i kupuj bezpiecznie!","og_url":"https:\/\/lekarzeopole.pl\/wordpress\/product\/urovital\/","og_site_name":"Lekarze Opole","og_image":[{"width":300,"height":300,"url":"https:\/\/lekarzeopole.pl\/wordpress\/wp-content\/uploads\/2025\/06\/urovital-2.png","type":"image\/png"}],"twitter_card":"summary_large_image","twitter_misc":{"Szacowany czas czytania":"7 minut"},"schema":{"@context":"https:\/\/schema.org","@graph":[{"@type":"WebPage","@id":"https:\/\/lekarzeopole.pl\/wordpress\/product\/urovital\/","url":"https:\/\/lekarzeopole.pl\/wordpress\/product\/urovital\/","name":"UroVital - kup suplement, cena w aptece, sk\u0142ad, dzia\u0142anie","isPartOf":{"@id":"https:\/\/lekarzeopole.pl\/wordpress\/#website"},"primaryImageOfPage":{"@id":"https:\/\/lekarzeopole.pl\/wordpress\/product\/urovital\/#primaryimage"},"image":{"@id":"https:\/\/lekarzeopole.pl\/wordpress\/product\/urovital\/#primaryimage"},"thumbnailUrl":"https:\/\/lekarzeopole.pl\/wordpress\/wp-content\/uploads\/2025\/06\/urovital-2.png","datePublished":"2025-06-13T13:11:45+00:00","breadcrumb":{"@id":"https:\/\/lekarzeopole.pl\/wordpress\/product\/urovital\/#breadcrumb"},"inLanguage":"pl-PL","potentialAction":[{"@type":"ReadAction","target":["https:\/\/lekarzeopole.pl\/wordpress\/product\/urovital\/"]}]},{"@type":"ImageObject","inLanguage":"pl-PL","@id":"https:\/\/lekarzeopole.pl\/wordpress\/product\/urovital\/#primaryimage","url":"https:\/\/lekarzeopole.pl\/wordpress\/wp-content\/uploads\/2025\/06\/urovital-2.png","contentUrl":"https:\/\/lekarzeopole.pl\/wordpress\/wp-content\/uploads\/2025\/06\/urovital-2.png","width":300,"height":300,"caption":"UroVital"},{"@type":"BreadcrumbList","@id":"https:\/\/lekarzeopole.pl\/wordpress\/product\/urovital\/#breadcrumb","itemListElement":[{"@type":"ListItem","position":1,"name":"\u0413\u043b\u0430\u0432\u043d\u0430\u044f \u0441\u0442\u0440\u0430\u043d\u0438\u0446\u0430","item":"https:\/\/lekarzeopole.pl\/wordpress\/"},{"@type":"ListItem","position":2,"name":"Zakup","item":"https:\/\/lekarzeopole.pl\/wordpress\/"},{"@type":"ListItem","position":3,"name":"UroVital"}]},{"@type":"WebSite","@id":"https:\/\/lekarzeopole.pl\/wordpress\/#website","url":"https:\/\/lekarzeopole.pl\/wordpress\/","name":"Lekarze Opole","description":"","potentialAction":[{"@type":"SearchAction","target":{"@type":"EntryPoint","urlTemplate":"https:\/\/lekarzeopole.pl\/wordpress\/?s={search_term_string}"},"query-input":{"@type":"PropertyValueSpecification","valueRequired":true,"valueName":"search_term_string"}}],"inLanguage":"pl-PL"}]}},"_links":{"self":[{"href":"https:\/\/lekarzeopole.pl\/wordpress\/wp-json\/wp\/v2\/product\/1314","targetHints":{"allow":["GET"]}}],"collection":[{"href":"https:\/\/lekarzeopole.pl\/wordpress\/wp-json\/wp\/v2\/product"}],"about":[{"href":"https:\/\/lekarzeopole.pl\/wordpress\/wp-json\/wp\/v2\/types\/product"}],"replies":[{"embeddable":true,"href":"https:\/\/lekarzeopole.pl\/wordpress\/wp-json\/wp\/v2\/comments?post=1314"}],"wp:featuredmedia":[{"embeddable":true,"href":"https:\/\/lekarzeopole.pl\/wordpress\/wp-json\/wp\/v2\/media\/1315"}],"wp:attachment":[{"href":"https:\/\/lekarzeopole.pl\/wordpress\/wp-json\/wp\/v2\/media?parent=1314"}],"wp:term":[{"taxonomy":"product_brand","embeddable":true,"href":"https:\/\/lekarzeopole.pl\/wordpress\/wp-json\/wp\/v2\/product_brand?post=1314"},{"taxonomy":"product_cat","embeddable":true,"href":"https:\/\/lekarzeopole.pl\/wordpress\/wp-json\/wp\/v2\/product_cat?post=1314"},{"taxonomy":"product_tag","embeddable":true,"href":"https:\/\/lekarzeopole.pl\/wordpress\/wp-json\/wp\/v2\/product_tag?post=1314"}],"curies":[{"name":"wp","href":"https:\/\/api.w.org\/{rel}","templated":true}]}}