{"id":1222,"date":"2025-03-19T06:36:06","date_gmt":"2025-03-19T06:36:06","guid":{"rendered":"https:\/\/lekarzeopole.pl\/wordpress\/?post_type=product&#038;p=1222"},"modified":"2025-03-19T06:36:06","modified_gmt":"2025-03-19T06:36:06","slug":"uticarin","status":"publish","type":"product","link":"https:\/\/lekarzeopole.pl\/wordpress\/product\/uticarin\/","title":{"rendered":"Uticarin"},"content":{"rendered":"<p data-start=\"55\" data-end=\"572\">Zdrowie uk\u0142adu moczowego jest kluczowe dla og\u00f3lnego samopoczucia i funkcjonowania organizmu. A problemy z tym uk\u0142adem, takie jak infekcje, stany zapalne czy trudno\u015bci w oddawaniu moczu, mog\u0105 prowadzi\u0107 do wielu nieprzyjemnych objaw\u00f3w i powa\u017cnych komplikacji. Na szcz\u0119\u015bcie, wsp\u00f3\u0142czesna medycyna oferuje wiele naturalnych rozwi\u0105za\u0144, kt\u00f3re wspieraj\u0105 zdrowie uk\u0142adu moczowego. Jednym z takich produkt\u00f3w jest <strong data-start=\"458\" data-end=\"470\">Uticarin<\/strong> \u2013 suplement diety, kt\u00f3ry mo\u017ce pom\u00f3c w utrzymaniu zdrowia dr\u00f3g moczowych, nerek i p\u0119cherza moczowego.<\/p>\n<h2 data-start=\"574\" data-end=\"609\">Wskazania do stosowania Uticarin<\/h2>\n<p data-start=\"611\" data-end=\"795\"><strong data-start=\"611\" data-end=\"623\">Uticarin<\/strong> to suplement diety, kt\u00f3ry zosta\u0142 stworzony z my\u015bl\u0105 o osobach zmagaj\u0105cych si\u0119 z problemami zwi\u0105zanymi z uk\u0142adem moczowym. Oto g\u0142\u00f3wne wskazania do stosowania tego preparatu:<\/p>\n<ul data-start=\"797\" data-end=\"1491\">\n<li data-start=\"797\" data-end=\"988\"><strong data-start=\"799\" data-end=\"826\">Infekcje dr\u00f3g moczowych<\/strong> \u2013 Uticarin wspomaga organizm w walce z bakteriami, kt\u00f3re mog\u0105 wywo\u0142ywa\u0107 infekcje w uk\u0142adzie moczowym, takie jak zapalenie p\u0119cherza moczowego czy zapalenie nerek.<\/li>\n<li data-start=\"989\" data-end=\"1177\"><strong data-start=\"991\" data-end=\"1022\">Problemy z oddawaniem moczu<\/strong> \u2013 Suplement wspiera prawid\u0142owy proces wydalania moczu, co mo\u017ce by\u0107 pomocne w przypadku trudno\u015bci z cz\u0119stym oddawaniem moczu lub uczucia pe\u0142no\u015bci p\u0119cherza.<\/li>\n<li data-start=\"1178\" data-end=\"1336\"><strong data-start=\"1180\" data-end=\"1198\">Wsparcie nerek<\/strong> \u2013 Ekstrakt z pokrzywy w sk\u0142adzie Uticarin przyczynia si\u0119 do prawid\u0142owego funkcjonowania nerek, pomagaj\u0105c w eliminacji toksyn z organizmu.<\/li>\n<li data-start=\"1337\" data-end=\"1491\"><strong data-start=\"1339\" data-end=\"1365\">Zwi\u0119kszenie odporno\u015bci<\/strong> \u2013 Dzi\u0119ki witaminom C i D, Uticarin wspomaga uk\u0142ad odporno\u015bciowy, co jest szczeg\u00f3lnie wa\u017cne w okresach podatno\u015bci na infekcje.<\/li>\n<\/ul>\n<p data-start=\"1493\" data-end=\"1656\">Dzi\u0119ki sk\u0142adnikom o udowodnionym dzia\u0142aniu, Uticarin jest szczeg\u00f3lnie polecany osobom, kt\u00f3re chc\u0105 zadba\u0107 o zdrowie uk\u0142adu moczowego w spos\u00f3b naturalny i skuteczny.<\/p>\n<h2 data-start=\"1658\" data-end=\"1698\">Sk\u0142ad i dzia\u0142anie sk\u0142adnik\u00f3w Uticarin<\/h2>\n<p data-start=\"1700\" data-end=\"1935\"><strong data-start=\"1700\" data-end=\"1712\">Uticarin<\/strong> to suplement, kt\u00f3ry zawiera kilka unikalnych sk\u0142adnik\u00f3w, kt\u00f3re dzia\u0142aj\u0105 synergistycznie na korzy\u015b\u0107 zdrowia uk\u0142adu moczowego i nerek. Ka\u017cdy z tych sk\u0142adnik\u00f3w pe\u0142ni swoj\u0105 specyficzn\u0105 rol\u0119 w poprawie funkcjonowania organizmu.<\/p>\n<h3 data-start=\"1937\" data-end=\"1953\">D-mannoza<\/h3>\n<p data-start=\"1954\" data-end=\"2375\">D-mannoza jest monosacharydem, kt\u00f3ry znajduje si\u0119 w wielu ro\u015blinach, a tak\u017ce w ludzkim organizmie. Jednym z g\u0142\u00f3wnych jej zastosowa\u0144 w suplementach jest wspomaganie zdrowia uk\u0142adu moczowego. D-mannoza zapobiega przyleganiu bakterii, takich jak <em data-start=\"2197\" data-end=\"2215\">Escherichia coli<\/em>, do \u015bcianek dr\u00f3g moczowych. Dzi\u0119ki temu, bakterie te mog\u0105 zosta\u0107 \u0142atwiej wyp\u0142ukane z organizmu przez mocz, co zmniejsza ryzyko rozwoju infekcji dr\u00f3g moczowych.<\/p>\n<h3 data-start=\"2377\" data-end=\"2403\">Ekstrakt z \u017curawiny<\/h3>\n<p data-start=\"2404\" data-end=\"2775\">Ekstrakt z \u017curawiny jest jednym z najcz\u0119\u015bciej stosowanych sk\u0142adnik\u00f3w w suplementach wspomagaj\u0105cych zdrowie uk\u0142adu moczowego. Podobnie jak D-mannoza, ekstrakt z \u017curawiny utrudnia przyczepianie si\u0119 bakterii do \u015bcianek uk\u0142adu moczowego. Dodatkowo, \u017curawina dzia\u0142a przeciwzapalnie, co jest szczeg\u00f3lnie pomocne w leczeniu stan\u00f3w zapalnych w obr\u0119bie p\u0119cherza moczowego i nerek.<\/p>\n<h3 data-start=\"2777\" data-end=\"2803\">Ekstrakt z pokrzywy<\/h3>\n<p data-start=\"2804\" data-end=\"3060\">Pokrzywa jest znana z w\u0142a\u015bciwo\u015bci moczop\u0119dnych. Ekstrakt z tej ro\u015bliny wspomaga funkcjonowanie nerek, pomagaj\u0105c w eliminacji nadmiaru p\u0142yn\u00f3w oraz toksyn z organizmu. Dzia\u0142a r\u00f3wnie\u017c przeciwzapalnie, co pomaga w leczeniu stan\u00f3w zapalnych w uk\u0142adzie moczowym.<\/p>\n<h3 data-start=\"3062\" data-end=\"3092\">Witamina C i witamina D<\/h3>\n<p data-start=\"3093\" data-end=\"3468\">Witaminy C i D odgrywaj\u0105 kluczow\u0105 rol\u0119 w wzmocnieniu uk\u0142adu odporno\u015bciowego. Witamina C dzia\u0142a jako silny antyoksydant, kt\u00f3ry pomaga w walce z wolnymi rodnikami, a tak\u017ce wspomaga produkcj\u0119 kolagenu, co jest wa\u017cne dla zdrowia \u015bcianek naczy\u0144 krwiono\u015bnych w uk\u0142adzie moczowym. Witamina D natomiast wp\u0142ywa na odporno\u015b\u0107 organizmu, wspomagaj\u0105c reakcje obronne w przypadku infekcji.<\/p>\n<h3 data-start=\"3470\" data-end=\"3504\">Ekstrakt z zielonej herbaty<\/h3>\n<p data-start=\"3505\" data-end=\"3777\">Zielona herbata jest jednym z najstarszych naturalnych \u015brodk\u00f3w o w\u0142a\u015bciwo\u015bciach przeciwzapalnych i antyoksydacyjnych. Ekstrakt z zielonej herbaty w sk\u0142adzie Uticarin \u0142agodzi stany zapalne w organizmie, w tym w uk\u0142adzie moczowym, wspomagaj\u0105c jego prawid\u0142owe funkcjonowanie.<\/p>\n<p style=\"text-align: center;\" data-start=\"3505\" data-end=\"3777\"><a href=\"https:\/\/nplink.net\/2u09w7ry\"><button>www.uticarin.pl<\/button><\/a><\/p>\n<h2 data-start=\"3779\" data-end=\"3819\">Efekty Uticarin i ich charakterystyka<\/h2>\n<p data-start=\"3821\" data-end=\"4002\"><strong data-start=\"3821\" data-end=\"3833\">Uticarin<\/strong> mo\u017ce przynie\u015b\u0107 szereg korzy\u015bci zdrowotnych dzi\u0119ki swoim naturalnym sk\u0142adnikom. Oto najwa\u017cniejsze efekty, kt\u00f3re mo\u017cna uzyska\u0107 przy regularnym stosowaniu tego suplementu:<\/p>\n<ul data-start=\"4004\" data-end=\"4727\">\n<li data-start=\"4004\" data-end=\"4237\"><strong data-start=\"4006\" data-end=\"4041\">Lepsza funkcja uk\u0142adu moczowego<\/strong> \u2013 Dzi\u0119ki D-mannozie, ekstraktowi z \u017curawiny i zielonej herbaty, Uticarin wspomaga naturalne oczyszczanie dr\u00f3g moczowych z bakterii, co przyczynia si\u0119 do poprawy og\u00f3lnego zdrowia uk\u0142adu moczowego.<\/li>\n<li data-start=\"4238\" data-end=\"4374\"><strong data-start=\"4240\" data-end=\"4266\">Zwi\u0119kszenie odporno\u015bci<\/strong> \u2013 Witamina C i D wspomagaj\u0105 uk\u0142ad odporno\u015bciowy, poprawiaj\u0105c zdolno\u015b\u0107 organizmu do obrony przed infekcjami.<\/li>\n<li data-start=\"4375\" data-end=\"4576\"><strong data-start=\"4377\" data-end=\"4410\">Zmniejszenie stan\u00f3w zapalnych<\/strong> \u2013 Ekstrakt z pokrzywy i zielonej herbaty pomaga w redukcji stan\u00f3w zapalnych w uk\u0142adzie moczowym, \u0142agodz\u0105c objawy zwi\u0105zane z zapaleniem p\u0119cherza czy zapaleniem nerek.<\/li>\n<li data-start=\"4577\" data-end=\"4727\"><strong data-start=\"4579\" data-end=\"4602\">Poprawa pracy nerek<\/strong> \u2013 Ekstrakt z pokrzywy dzia\u0142a moczop\u0119dnie, pomagaj\u0105c w eliminacji nadmiaru p\u0142yn\u00f3w i toksyn, co wspomaga funkcjonowanie nerek.<\/li>\n<\/ul>\n<h2 data-start=\"4729\" data-end=\"4756\">Ryzyko skutk\u00f3w ubocznych<\/h2>\n<p data-start=\"4758\" data-end=\"5087\"><strong data-start=\"4758\" data-end=\"4770\">Uticarin<\/strong> jest preparatem opartym na naturalnych sk\u0142adnikach, co sprawia, \u017ce ryzyko wyst\u0105pienia skutk\u00f3w ubocznych jest minimalne. Naturalne sk\u0142adniki, takie jak D-mannoza, ekstrakt z \u017curawiny, pokrzywy czy zielonej herbaty, rzadko powoduj\u0105 dzia\u0142ania niepo\u017c\u0105dane, szczeg\u00f3lnie gdy s\u0105 stosowane zgodnie z zaleceniami producenta.<\/p>\n<p data-start=\"5089\" data-end=\"5382\">Jednak jak w przypadku ka\u017cdego suplementu, warto zachowa\u0107 ostro\u017cno\u015b\u0107 w przypadku os\u00f3b, kt\u00f3re maj\u0105 alergie na kt\u00f3rykolwiek ze sk\u0142adnik\u00f3w preparatu. Ponadto, osoby z chorobami nerek lub innymi powa\u017cnymi problemami zdrowotnymi powinny skonsultowa\u0107 si\u0119 z lekarzem przed rozpocz\u0119ciem suplementacji.<\/p>\n<p data-start=\"5384\" data-end=\"5553\">Uticarin jest bezpiecznym i skutecznym preparatem, kt\u00f3ry mo\u017ce wspom\u00f3c zdrowie uk\u0142adu moczowego i nerek, przy minimalnym ryzyku wyst\u0105pienia skutk\u00f3w ubocznych.<\/p>\n<h2 data-start=\"0\" data-end=\"54\">Opinie klient\u00f3w o Uticarin: fora po\u015bwi\u0119cone zdrowiu<\/h2>\n<p data-start=\"56\" data-end=\"611\">W Polsce tematy dotycz\u0105ce zdrowia uk\u0142adu moczowego ciesz\u0105 si\u0119 du\u017cym zainteresowaniem, zw\u0142aszcza w kontek\u015bcie naturalnych metod wspierania organizmu. Coraz wi\u0119cej os\u00f3b poszukuje skutecznych, a jednocze\u015bnie bezpiecznych rozwi\u0105za\u0144 w walce z infekcjami dr\u00f3g moczowych i innymi problemami zwi\u0105zanymi z uk\u0142adem moczowym. Suplementy diety, takie jak <strong data-start=\"399\" data-end=\"411\">Uticarin<\/strong>, staj\u0105 si\u0119 coraz bardziej popularne w\u015br\u00f3d konsument\u00f3w. Wiele os\u00f3b dzieli si\u0119 swoimi do\u015bwiadczeniami na forach internetowych po\u015bwi\u0119conych zdrowiu, co \u015bwiadczy o rosn\u0105cym zainteresowaniu tym produktem.<\/p>\n<p data-start=\"613\" data-end=\"1066\">Na forach i grupach dyskusyjnych, takich jak <strong data-start=\"658\" data-end=\"675\">Forum Zdrowie<\/strong>, <strong data-start=\"677\" data-end=\"697\">Forum Uroterapia<\/strong>, czy <strong data-start=\"703\" data-end=\"725\">Wszystko o zdrowiu<\/strong>, u\u017cytkownicy wymieniaj\u0105 si\u0119 swoimi opiniami na temat <strong data-start=\"779\" data-end=\"791\">Uticarin<\/strong>. W wi\u0119kszo\u015bci przypadk\u00f3w opinie s\u0105 pozytywne \u2013 u\u017cytkownicy chwal\u0105 skuteczno\u015b\u0107 preparatu w walce z infekcjami dr\u00f3g moczowych oraz jego naturalny sk\u0142ad, kt\u00f3ry nie powoduje skutk\u00f3w ubocznych. Dodatkowo, <strong data-start=\"992\" data-end=\"1004\">Uticarin<\/strong> zyskuje uznanie za swoj\u0105 dost\u0119pno\u015b\u0107 oraz prostot\u0119 stosowania.<\/p>\n<h3 data-start=\"1068\" data-end=\"1103\">Przyk\u0142adowe opinie u\u017cytkownik\u00f3w<\/h3>\n<ol>\n<li data-start=\"1105\" data-end=\"1423\"><strong data-start=\"1105\" data-end=\"1123\">Marta, 32 lata<\/strong><br data-start=\"1123\" data-end=\"1126\" \/>\u201eMia\u0142am problem z cz\u0119stymi zapaleniami p\u0119cherza moczowego, kt\u00f3ry bardzo utrudnia\u0142 mi \u017cycie. Kole\u017canka poleci\u0142a mi <strong data-start=\"1240\" data-end=\"1252\">Uticarin<\/strong>, i po kilku tygodniach stosowania zauwa\u017cy\u0142am znaczn\u0105 popraw\u0119. Nie musia\u0142am ju\u017c si\u0119ga\u0107 po antybiotyki. Czuj\u0119 si\u0119 lepiej, a do tego cena jest naprawd\u0119 przyst\u0119pna. Polecam!\u201d<\/li>\n<li data-start=\"1425\" data-end=\"1781\"><strong data-start=\"1425\" data-end=\"1442\">Piotr, 45 lat<\/strong><br data-start=\"1442\" data-end=\"1445\" \/>\u201eOd jakiego\u015b czasu boryka\u0142em si\u0119 z problemami z nerkami i cz\u0119stymi infekcjami uk\u0142adu moczowego. Postanowi\u0142em spr\u00f3bowa\u0107 <strong data-start=\"1564\" data-end=\"1576\">Uticarin<\/strong> po przeczytaniu pozytywnych opinii. Po kilku dniach stosowania zauwa\u017cy\u0142em popraw\u0119 \u2013 nie czuj\u0119 ju\u017c tych ci\u0105g\u0142ych dolegliwo\u015bci b\u00f3lowych, a oddawanie moczu sta\u0142o si\u0119 \u0142atwiejsze. Bardzo zadowolony z efekt\u00f3w.\u201d<\/li>\n<\/ol>\n<h2 data-start=\"1783\" data-end=\"1815\">Spos\u00f3b podawania i dawkowanie<\/h2>\n<p data-start=\"1817\" data-end=\"2155\">Aby <strong data-start=\"1821\" data-end=\"1833\">Uticarin<\/strong> m\u00f3g\u0142 w pe\u0142ni wywi\u0105za\u0107 si\u0119 ze swojej roli, wa\u017cne jest, aby stosowa\u0107 go zgodnie z zaleceniami producenta. Optymalna dawka to <strong data-start=\"1957\" data-end=\"1980\">2 kapsu\u0142ki dziennie<\/strong>, najlepiej podczas posi\u0142ku, popijaj\u0105c du\u017c\u0105 ilo\u015bci\u0105 wody. Suplement diety powinien by\u0107 przyjmowany przez co najmniej <strong data-start=\"2097\" data-end=\"2113\">2-3 tygodnie<\/strong>, aby zauwa\u017cy\u0107 pierwsze pozytywne efekty.<\/p>\n<p data-start=\"2157\" data-end=\"2501\">W przypadku os\u00f3b z problemami zdrowotnymi, zaleca si\u0119 konsultacj\u0119 z lekarzem przed rozpocz\u0119ciem suplementacji, szczeg\u00f3lnie w przypadku os\u00f3b maj\u0105cych choroby nerek lub innych powa\u017cnych schorze\u0144. Wa\u017cne jest, aby nie przekracza\u0107 zalecanej dziennej dawki, poniewa\u017c nadmiar suplement\u00f3w, nawet tych naturalnych, mo\u017ce niekorzystnie wp\u0142yn\u0105\u0107 na zdrowie.<\/p>\n<p style=\"text-align: center;\" data-start=\"2157\" data-end=\"2501\"><a href=\"https:\/\/nplink.net\/2u09w7ry\"><button>Zakup na stronie producenta (-50%)<\/button><\/a><\/p>\n<h2 data-start=\"2503\" data-end=\"2534\">Kup teraz Uticarin z dostaw\u0105<\/h2>\n<p data-start=\"2536\" data-end=\"2978\">Zakup <strong data-start=\"2542\" data-end=\"2554\">Uticarin<\/strong> jest prosty i wygodny dzi\u0119ki opcji zakupu online. Produkt jest dost\u0119pny na stronie internetowej producenta, co gwarantuje, \u017ce kupuj\u0105cy otrzyma oryginalny produkt bez ryzyka zakupu podr\u00f3bek. Co wi\u0119cej, p\u0142atno\u015b\u0107 odbywa si\u0119 <strong data-start=\"2776\" data-end=\"2791\">po dostawie<\/strong>, co pozwala na dokonanie zap\u0142aty dopiero w momencie otrzymania paczki. Dzi\u0119ki temu proces zakupu jest bezpieczny i komfortowy, a klient ma pewno\u015b\u0107, \u017ce otrzymuje dok\u0142adnie to, co zam\u00f3wi\u0142.<\/p>\n<p data-start=\"2980\" data-end=\"3404\"><strong data-start=\"2980\" data-end=\"2996\">Czas dostawy<\/strong> to zaledwie <strong data-start=\"3009\" data-end=\"3028\">3-4 dni robocze<\/strong> w Polsce, co sprawia, \u017ce jest to opcja wygodna i szybka. Dodatkowo, ka\u017cde zam\u00f3wienie jest <strong data-start=\"3119\" data-end=\"3167\">potwierdzane telefonicznie przez specjalist\u0119<\/strong>, kt\u00f3ry zapewnia r\u00f3wnie\u017c dodatkow\u0105 pomoc \u2013 mo\u017ce odpowiedzie\u0107 na pytania dotycz\u0105ce dawkowania, dost\u0119pno\u015bci produktu lub aktualnych promocji. Klient otrzymuje tak\u017ce informacje na temat dost\u0119pnych zni\u017cek i akcji, co zwi\u0119ksza warto\u015b\u0107 zakupu.<\/p>\n<h2 data-start=\"3406\" data-end=\"3453\">Por\u00f3wnanie ofert: ceny i dost\u0119pno\u015b\u0107 Uticarin<\/h2>\n<p data-start=\"3455\" data-end=\"3853\">Jednym z najwa\u017cniejszych atut\u00f3w <strong data-start=\"3487\" data-end=\"3499\">Uticarin<\/strong> jest jego dost\u0119pno\u015b\u0107 bez po\u015brednik\u00f3w, co pozwala na zakup suplementu bez dodatkowych mar\u017cy czy ukrytych koszt\u00f3w. Producent stawia na bezpo\u015bredni\u0105 sprzeda\u017c, co oznacza, \u017ce cena jest najni\u017csza, jak to mo\u017cliwe. <strong data-start=\"3708\" data-end=\"3720\">Uticarin<\/strong> nie jest dost\u0119pny w stacjonarnych aptekach, poniewa\u017c sprzeda\u017c odbywa si\u0119 wy\u0142\u0105cznie za po\u015brednictwem oficjalnej strony internetowej.<\/p>\n<p data-start=\"3855\" data-end=\"4193\">Na stronie producenta mo\u017cna znale\u017a\u0107 tak\u017ce aktualne <strong data-start=\"3906\" data-end=\"3927\">promocje i zni\u017cki<\/strong>, kt\u00f3re pozwalaj\u0105 na zakup preparatu w korzystniejszej cenie. Warto jednak pami\u0119ta\u0107, \u017ce promocje mog\u0105 si\u0119 zmienia\u0107, dlatego zaleca si\u0119 regularne sprawdzanie aktualnych ofert na stronie. Dzi\u0119ki temu klienci mog\u0105 skorzysta\u0107 z atrakcyjnych cen bez ryzyka przep\u0142acenia.<\/p>\n<p data-start=\"4195\" data-end=\"4537\" data-is-last-node=\"\" data-is-only-node=\"\"><strong data-start=\"4209\" data-end=\"4221\">Uticarin<\/strong> to suplement diety, kt\u00f3ry wyr\u00f3\u017cnia si\u0119 nie tylko swoj\u0105 skuteczno\u015bci\u0105, ale tak\u017ce dost\u0119pno\u015bci\u0105 w bardzo przyst\u0119pnej cenie. Zakup online bezpo\u015brednio od producenta to gwarancja oryginalno\u015bci produktu, a szybka dostawa i mo\u017cliwo\u015b\u0107 p\u0142atno\u015bci po otrzymaniu przesy\u0142ki sprawiaj\u0105, \u017ce proces zakupu jest wygodny i bezpieczny.<\/p>\n","protected":false},"excerpt":{"rendered":"<p style=\"text-align: center;\"><a href=\"https:\/\/nplink.net\/2u09w7ry\"><button>Kup teraz<\/button><\/a><\/p>\n<p>SKU:\u00a0<span class=\"sku\">789.321.880<\/span><\/p>\n<hr \/>\n<p><small>Produkt sprzedawany jest wy\u0142\u0105cznie za po\u015brednictwem oficjalnej strony producenta, id\u017a i kupuj bezpiecznie!<\/small><\/p>\n","protected":false},"featured_media":1223,"comment_status":"open","ping_status":"closed","template":"","meta":[],"product_brand":[],"product_cat":[15],"product_tag":[],"class_list":{"0":"post-1222","1":"product","2":"type-product","3":"status-publish","4":"has-post-thumbnail","6":"product_cat-supl","7":"thunk-woo-product-list","8":"opn-qv-enable","9":"top-store-woo-hover-","10":"top-store-single-product-tab-horizontal","11":"top-store-shadow-","12":"top-store-shadow-hover-","14":"first","15":"instock","16":"shipping-taxable","17":"purchasable","18":"product-type-simple"},"yoast_head":"<!-- This site is optimized with the Yoast SEO plugin v27.4 - https:\/\/yoast.com\/product\/yoast-seo-wordpress\/ -->\n<title>Uticarin - kup suplement, cena w aptece, sk\u0142ad, dzia\u0142anie<\/title>\n<meta name=\"robots\" content=\"index, follow, max-snippet:-1, max-image-preview:large, max-video-preview:-1\" \/>\n<link rel=\"canonical\" href=\"https:\/\/lekarzeopole.pl\/wordpress\/product\/uticarin\/\" \/>\n<meta property=\"og:locale\" content=\"pl_PL\" \/>\n<meta property=\"og:type\" content=\"article\" \/>\n<meta property=\"og:title\" content=\"Uticarin - kup suplement, cena w aptece, sk\u0142ad, dzia\u0142anie\" \/>\n<meta property=\"og:description\" content=\"Kup teraz SKU:\u00a0789.321.880    Produkt sprzedawany jest wy\u0142\u0105cznie za po\u015brednictwem oficjalnej strony producenta, id\u017a i kupuj bezpiecznie!\" \/>\n<meta property=\"og:url\" content=\"https:\/\/lekarzeopole.pl\/wordpress\/product\/uticarin\/\" \/>\n<meta property=\"og:site_name\" content=\"Lekarze Opole\" \/>\n<meta property=\"og:image\" content=\"https:\/\/lekarzeopole.pl\/wordpress\/wp-content\/uploads\/2025\/03\/uticarin.jpg\" \/>\n\t<meta property=\"og:image:width\" content=\"648\" \/>\n\t<meta property=\"og:image:height\" content=\"611\" \/>\n\t<meta property=\"og:image:type\" content=\"image\/jpeg\" \/>\n<meta name=\"twitter:card\" content=\"summary_large_image\" \/>\n<meta name=\"twitter:label1\" content=\"Szacowany czas czytania\" \/>\n\t<meta name=\"twitter:data1\" content=\"9 minut\" \/>\n<script type=\"application\/ld+json\" class=\"yoast-schema-graph\">{\"@context\":\"https:\\\/\\\/schema.org\",\"@graph\":[{\"@type\":\"WebPage\",\"@id\":\"https:\\\/\\\/lekarzeopole.pl\\\/wordpress\\\/product\\\/uticarin\\\/\",\"url\":\"https:\\\/\\\/lekarzeopole.pl\\\/wordpress\\\/product\\\/uticarin\\\/\",\"name\":\"Uticarin - kup suplement, cena w aptece, sk\u0142ad, dzia\u0142anie\",\"isPartOf\":{\"@id\":\"https:\\\/\\\/lekarzeopole.pl\\\/wordpress\\\/#website\"},\"primaryImageOfPage\":{\"@id\":\"https:\\\/\\\/lekarzeopole.pl\\\/wordpress\\\/product\\\/uticarin\\\/#primaryimage\"},\"image\":{\"@id\":\"https:\\\/\\\/lekarzeopole.pl\\\/wordpress\\\/product\\\/uticarin\\\/#primaryimage\"},\"thumbnailUrl\":\"https:\\\/\\\/lekarzeopole.pl\\\/wordpress\\\/wp-content\\\/uploads\\\/2025\\\/03\\\/uticarin.jpg\",\"datePublished\":\"2025-03-19T06:36:06+00:00\",\"breadcrumb\":{\"@id\":\"https:\\\/\\\/lekarzeopole.pl\\\/wordpress\\\/product\\\/uticarin\\\/#breadcrumb\"},\"inLanguage\":\"pl-PL\",\"potentialAction\":[{\"@type\":\"ReadAction\",\"target\":[\"https:\\\/\\\/lekarzeopole.pl\\\/wordpress\\\/product\\\/uticarin\\\/\"]}]},{\"@type\":\"ImageObject\",\"inLanguage\":\"pl-PL\",\"@id\":\"https:\\\/\\\/lekarzeopole.pl\\\/wordpress\\\/product\\\/uticarin\\\/#primaryimage\",\"url\":\"https:\\\/\\\/lekarzeopole.pl\\\/wordpress\\\/wp-content\\\/uploads\\\/2025\\\/03\\\/uticarin.jpg\",\"contentUrl\":\"https:\\\/\\\/lekarzeopole.pl\\\/wordpress\\\/wp-content\\\/uploads\\\/2025\\\/03\\\/uticarin.jpg\",\"width\":648,\"height\":611,\"caption\":\"Uticarin\"},{\"@type\":\"BreadcrumbList\",\"@id\":\"https:\\\/\\\/lekarzeopole.pl\\\/wordpress\\\/product\\\/uticarin\\\/#breadcrumb\",\"itemListElement\":[{\"@type\":\"ListItem\",\"position\":1,\"name\":\"\u0413\u043b\u0430\u0432\u043d\u0430\u044f \u0441\u0442\u0440\u0430\u043d\u0438\u0446\u0430\",\"item\":\"https:\\\/\\\/lekarzeopole.pl\\\/wordpress\\\/\"},{\"@type\":\"ListItem\",\"position\":2,\"name\":\"Zakup\",\"item\":\"https:\\\/\\\/lekarzeopole.pl\\\/wordpress\\\/\"},{\"@type\":\"ListItem\",\"position\":3,\"name\":\"Uticarin\"}]},{\"@type\":\"WebSite\",\"@id\":\"https:\\\/\\\/lekarzeopole.pl\\\/wordpress\\\/#website\",\"url\":\"https:\\\/\\\/lekarzeopole.pl\\\/wordpress\\\/\",\"name\":\"Lekarze Opole\",\"description\":\"\",\"potentialAction\":[{\"@type\":\"SearchAction\",\"target\":{\"@type\":\"EntryPoint\",\"urlTemplate\":\"https:\\\/\\\/lekarzeopole.pl\\\/wordpress\\\/?s={search_term_string}\"},\"query-input\":{\"@type\":\"PropertyValueSpecification\",\"valueRequired\":true,\"valueName\":\"search_term_string\"}}],\"inLanguage\":\"pl-PL\"}]}<\/script>\n<!-- \/ Yoast SEO plugin. -->","yoast_head_json":{"title":"Uticarin - kup suplement, cena w aptece, sk\u0142ad, dzia\u0142anie","robots":{"index":"index","follow":"follow","max-snippet":"max-snippet:-1","max-image-preview":"max-image-preview:large","max-video-preview":"max-video-preview:-1"},"canonical":"https:\/\/lekarzeopole.pl\/wordpress\/product\/uticarin\/","og_locale":"pl_PL","og_type":"article","og_title":"Uticarin - kup suplement, cena w aptece, sk\u0142ad, dzia\u0142anie","og_description":"Kup teraz SKU:\u00a0789.321.880    Produkt sprzedawany jest wy\u0142\u0105cznie za po\u015brednictwem oficjalnej strony producenta, id\u017a i kupuj bezpiecznie!","og_url":"https:\/\/lekarzeopole.pl\/wordpress\/product\/uticarin\/","og_site_name":"Lekarze Opole","og_image":[{"width":648,"height":611,"url":"https:\/\/lekarzeopole.pl\/wordpress\/wp-content\/uploads\/2025\/03\/uticarin.jpg","type":"image\/jpeg"}],"twitter_card":"summary_large_image","twitter_misc":{"Szacowany czas czytania":"9 minut"},"schema":{"@context":"https:\/\/schema.org","@graph":[{"@type":"WebPage","@id":"https:\/\/lekarzeopole.pl\/wordpress\/product\/uticarin\/","url":"https:\/\/lekarzeopole.pl\/wordpress\/product\/uticarin\/","name":"Uticarin - kup suplement, cena w aptece, sk\u0142ad, dzia\u0142anie","isPartOf":{"@id":"https:\/\/lekarzeopole.pl\/wordpress\/#website"},"primaryImageOfPage":{"@id":"https:\/\/lekarzeopole.pl\/wordpress\/product\/uticarin\/#primaryimage"},"image":{"@id":"https:\/\/lekarzeopole.pl\/wordpress\/product\/uticarin\/#primaryimage"},"thumbnailUrl":"https:\/\/lekarzeopole.pl\/wordpress\/wp-content\/uploads\/2025\/03\/uticarin.jpg","datePublished":"2025-03-19T06:36:06+00:00","breadcrumb":{"@id":"https:\/\/lekarzeopole.pl\/wordpress\/product\/uticarin\/#breadcrumb"},"inLanguage":"pl-PL","potentialAction":[{"@type":"ReadAction","target":["https:\/\/lekarzeopole.pl\/wordpress\/product\/uticarin\/"]}]},{"@type":"ImageObject","inLanguage":"pl-PL","@id":"https:\/\/lekarzeopole.pl\/wordpress\/product\/uticarin\/#primaryimage","url":"https:\/\/lekarzeopole.pl\/wordpress\/wp-content\/uploads\/2025\/03\/uticarin.jpg","contentUrl":"https:\/\/lekarzeopole.pl\/wordpress\/wp-content\/uploads\/2025\/03\/uticarin.jpg","width":648,"height":611,"caption":"Uticarin"},{"@type":"BreadcrumbList","@id":"https:\/\/lekarzeopole.pl\/wordpress\/product\/uticarin\/#breadcrumb","itemListElement":[{"@type":"ListItem","position":1,"name":"\u0413\u043b\u0430\u0432\u043d\u0430\u044f \u0441\u0442\u0440\u0430\u043d\u0438\u0446\u0430","item":"https:\/\/lekarzeopole.pl\/wordpress\/"},{"@type":"ListItem","position":2,"name":"Zakup","item":"https:\/\/lekarzeopole.pl\/wordpress\/"},{"@type":"ListItem","position":3,"name":"Uticarin"}]},{"@type":"WebSite","@id":"https:\/\/lekarzeopole.pl\/wordpress\/#website","url":"https:\/\/lekarzeopole.pl\/wordpress\/","name":"Lekarze Opole","description":"","potentialAction":[{"@type":"SearchAction","target":{"@type":"EntryPoint","urlTemplate":"https:\/\/lekarzeopole.pl\/wordpress\/?s={search_term_string}"},"query-input":{"@type":"PropertyValueSpecification","valueRequired":true,"valueName":"search_term_string"}}],"inLanguage":"pl-PL"}]}},"_links":{"self":[{"href":"https:\/\/lekarzeopole.pl\/wordpress\/wp-json\/wp\/v2\/product\/1222","targetHints":{"allow":["GET"]}}],"collection":[{"href":"https:\/\/lekarzeopole.pl\/wordpress\/wp-json\/wp\/v2\/product"}],"about":[{"href":"https:\/\/lekarzeopole.pl\/wordpress\/wp-json\/wp\/v2\/types\/product"}],"replies":[{"embeddable":true,"href":"https:\/\/lekarzeopole.pl\/wordpress\/wp-json\/wp\/v2\/comments?post=1222"}],"wp:featuredmedia":[{"embeddable":true,"href":"https:\/\/lekarzeopole.pl\/wordpress\/wp-json\/wp\/v2\/media\/1223"}],"wp:attachment":[{"href":"https:\/\/lekarzeopole.pl\/wordpress\/wp-json\/wp\/v2\/media?parent=1222"}],"wp:term":[{"taxonomy":"product_brand","embeddable":true,"href":"https:\/\/lekarzeopole.pl\/wordpress\/wp-json\/wp\/v2\/product_brand?post=1222"},{"taxonomy":"product_cat","embeddable":true,"href":"https:\/\/lekarzeopole.pl\/wordpress\/wp-json\/wp\/v2\/product_cat?post=1222"},{"taxonomy":"product_tag","embeddable":true,"href":"https:\/\/lekarzeopole.pl\/wordpress\/wp-json\/wp\/v2\/product_tag?post=1222"}],"curies":[{"name":"wp","href":"https:\/\/api.w.org\/{rel}","templated":true}]}}