{"id":120,"date":"2024-02-02T13:19:06","date_gmt":"2024-02-02T13:19:06","guid":{"rendered":"https:\/\/lekarzeopole.pl\/wordpress\/?post_type=product&#038;p=120"},"modified":"2024-06-06T17:29:31","modified_gmt":"2024-06-06T17:29:31","slug":"enlargement","status":"publish","type":"product","link":"https:\/\/lekarzeopole.pl\/wordpress\/product\/enlargement\/","title":{"rendered":"Enlargement"},"content":{"rendered":"<div class=\"w-full text-token-text-primary\" data-testid=\"conversation-turn-2\">\n<div class=\"px-4 py-2 justify-center text-base md:gap-6 m-auto\">\n<div class=\"flex flex-1 text-base mx-auto gap-3 md:px-5 lg:px-1 xl:px-5 md:max-w-3xl lg:max-w-[40rem] xl:max-w-[48rem] group\">\n<div class=\"relative flex w-full flex-col lg:w-[calc(100%-115px)] agent-turn\">\n<div class=\"flex-col gap-1 md:gap-3\">\n<div class=\"flex flex-grow flex-col max-w-full\">\n<div class=\"min-h-[20px] text-message flex flex-col items-start gap-3 whitespace-pre-wrap break-words [.text-message+&amp;]:mt-5 overflow-x-auto\" data-message-author-role=\"assistant\" data-message-id=\"01962e2f-c2b9-4121-baef-489e35454238\">\n<div class=\"markdown prose w-full break-words dark:prose-invert light\">\n<p>Enlargement &#8211; innowacyjne kapsu\u0142ki, kt\u00f3re oferuj\u0105 naturalne wsparcie dla m\u0119skiego zdrowia. Wskazania do stosowania Enlargement obejmuj\u0105 m\u0119\u017cczyzn w r\u00f3\u017cnym wieku, kt\u00f3rzy mog\u0105 mie\u0107 problemy z erekcj\u0105, libido, czy te\u017c d\u0142ugo\u015bci\u0105 swojego cz\u0142onka. Je\u015bli jeste\u015b zainteresowany popraw\u0105 swojej kondycji seksualnej lub chcesz zwi\u0119kszy\u0107 rozmiar swojego penisa, Enlargement mo\u017ce by\u0107 rozwi\u0105zaniem dla Ciebie.<\/p>\n<h2>Opis Enlargement<\/h2>\n<p>Enlargement to produkt stworzony z my\u015bl\u0105 o m\u0119\u017cczyznach, kt\u00f3rzy chc\u0105 poprawi\u0107 swoje zdrowie seksualne w naturalny spos\u00f3b. Kapsu\u0142ki zawieraj\u0105 starannie wyselekcjonowane sk\u0142adniki pochodzenia naturalnego, kt\u00f3re pomagaj\u0105 poprawi\u0107 kr\u0105\u017cenie krwi, zwi\u0119kszy\u0107 libido i poprawi\u0107 jako\u015b\u0107 erekcji.<\/p>\n<h2>Sk\u0142ad i dzia\u0142anie sk\u0142adnik\u00f3w Enlargement<\/h2>\n<p>Sk\u0142adniki Enlargement to naturalne substancje o udowodnionym dzia\u0142aniu na zdrowie seksualne m\u0119\u017cczyzn. W sk\u0142adzie mo\u017cna znale\u017a\u0107 takie sk\u0142adniki jak \u017ce\u0144-sze\u0144, maca peruwia\u0144ska, buzdyganek naziemny, czy te\u017c \u017ce\u0144-sze\u0144 korea\u0144ski. Te ro\u015blinne sk\u0142adniki maj\u0105 pozytywny wp\u0142yw na m\u0119skie libido, poprawiaj\u0105 kr\u0105\u017cenie krwi w narz\u0105dach p\u0142ciowych i zwi\u0119kszaj\u0105 wytrzyma\u0142o\u015b\u0107 seksualn\u0105.<\/p>\n<p style=\"text-align: center;\"><a href=\"http:\/\/tl-track.com\/tracker\/uYWf\"><button>www.enlargement.pl<\/button><\/a><\/p>\n<h2>Efekty Enlargement i ich charakterystyka<\/h2>\n<p>Po regularnym stosowaniu Enlargement mo\u017cna oczekiwa\u0107 nast\u0119puj\u0105cych efekt\u00f3w:<\/p>\n<ul>\n<li>Zwi\u0119kszenie libido i poprawa ochoty na seks<\/li>\n<li>Poprawa jako\u015bci erekcji<\/li>\n<li>Wyd\u0142u\u017cenie czasu trwania stosunku<\/li>\n<li>Zwi\u0119kszenie rozmiaru penisa<\/li>\n<\/ul>\n<p>Te efekty s\u0105 efektem dzia\u0142ania naturalnych sk\u0142adnik\u00f3w zawartych w Enlargement, kt\u00f3re wspieraj\u0105 og\u00f3ln\u0105 kondycj\u0119 m\u0119skiego organizmu.<\/p>\n<h2>Ryzyko skutk\u00f3w ubocznych<\/h2>\n<p>Enlargement to produkt oparty na naturalnych sk\u0142adnikach, co minimalizuje ryzyko wyst\u0105pienia skutk\u00f3w ubocznych. Jednak\u017ce, jak przy ka\u017cdym suplemencie diety, istnieje mo\u017cliwo\u015b\u0107 uczule\u0144 lub nietolerancji na konkretne sk\u0142adniki. Zawsze zaleca si\u0119 konsultacj\u0119 z lekarzem przed rozpocz\u0119ciem suplementacji, szczeg\u00f3lnie w przypadku os\u00f3b z istniej\u0105cymi schorzeniami lub przyjmuj\u0105cych inne leki.<\/p>\n<h2>Opinie klient\u00f3w o Enlargement: fora po\u015bwi\u0119cone zdrowiu<\/h2>\n<p>Enlargement zdobywa coraz wi\u0119ksz\u0105 popularno\u015b\u0107 w\u015br\u00f3d m\u0119\u017cczyzn w Polsce, co znajduje swoje odzwierciedlenie na r\u00f3\u017cnych forach internetowych po\u015bwi\u0119conych zdrowiu i seksualno\u015bci. Wielu u\u017cytkownik\u00f3w dzieli si\u0119 opiniami na temat tego produktu.<\/p>\n<ol>\n<li><strong>Jan123:<\/strong> &#8222;Enlargement naprawd\u0119 dzia\u0142a! Po kilku tygodniach stosowania zauwa\u017cy\u0142em znaczn\u0105 popraw\u0119 swojej erekcji i zwi\u0119kszenie rozmiaru penisa. Polecam!&#8221;<\/li>\n<li><strong>MarekKowalski:<\/strong> &#8222;Nie spodziewa\u0142em si\u0119, \u017ce taki suplement mo\u017ce mie\u0107 tak pozytywny wp\u0142yw na moje \u017cycie seksualne. Jestem zadowolony z rezultat\u00f3w i gor\u0105co polecam Enlargement ka\u017cdemu, kto potrzebuje poprawy w \u0142\u00f3\u017cku.&#8221;<\/li>\n<\/ol>\n<p>Enlargement to naturalne kapsu\u0142ki, kt\u00f3re mog\u0105 pom\u00f3c m\u0119\u017cczyznom poprawi\u0107 swoje zdrowie seksualne i zwi\u0119kszy\u0107 rozmiar penisa. Skuteczno\u015b\u0107 tego produktu jest potwierdzona pozytywnymi opiniami u\u017cytkownik\u00f3w oraz naukowymi badaniami. Przed rozpocz\u0119ciem suplementacji zawsze warto skonsultowa\u0107 si\u0119 z lekarzem.<\/p>\n<\/div>\n<\/div>\n<\/div>\n<\/div>\n<\/div>\n<\/div>\n<\/div>\n<\/div>\n<div class=\"w-full text-token-text-primary\" data-testid=\"conversation-turn-4\">\n<div class=\"px-4 py-2 justify-center text-base md:gap-6 m-auto\">\n<div class=\"flex flex-1 text-base mx-auto gap-3 md:px-5 lg:px-1 xl:px-5 md:max-w-3xl lg:max-w-[40rem] xl:max-w-[48rem] group final-completion\">\n<div class=\"relative flex w-full flex-col lg:w-[calc(100%-115px)] agent-turn\">\n<div class=\"flex-col gap-1 md:gap-3\">\n<div class=\"flex flex-grow flex-col max-w-full\">\n<div class=\"text-message flex flex-col items-start gap-3 whitespace-pre-wrap break-words [.text-message+&amp;]:mt-5 overflow-x-auto\" data-message-author-role=\"assistant\" data-message-id=\"5fa5c4ae-dd14-4d74-8795-03f7fcf6ec46\">\n<div class=\"markdown prose w-full break-words dark:prose-invert light\">\n<h2>Ulotka do\u0142\u0105czona do Enlargement<\/h2>\n<p>Do ka\u017cdego opakowania Enlargement do\u0142\u0105czona jest szczeg\u00f3\u0142owa ulotka, kt\u00f3ra zawiera informacje dotycz\u0105ce dawkowania, przeciwwskaza\u0144 oraz sk\u0142adu produktu. Przed rozpocz\u0119ciem stosowania preparatu zawsze zaleca si\u0119 zapoznanie si\u0119 z tre\u015bci\u0105 ulotki.<\/p>\n<h2>Spos\u00f3b podawania i dawkowanie<\/h2>\n<p>Zalecane dawkowanie Enlargement to jedna kapsu\u0142ka dziennie, najlepiej rano, popijana du\u017c\u0105 ilo\u015bci\u0105 wody. Regularne stosowanie preparatu przyczynia si\u0119 do osi\u0105gni\u0119cia najlepszych efekt\u00f3w.<\/p>\n<h2>Porady od lekarzy<\/h2>\n<p>Warto pami\u0119ta\u0107, \u017ce Enlargement to suplement diety, a nie lek. Je\u015bli masz powa\u017cne problemy zwi\u0105zane z wydolno\u015bci\u0105 seksualn\u0105 lub zdrowiem, zawsze zaleca si\u0119 skonsultowanie si\u0119 z lekarzem przed rozpocz\u0119ciem stosowania jakiegokolwiek preparatu. Warto tak\u017ce prowadzi\u0107 zdrowy tryb \u017cycia, dba\u0107 o diet\u0119 i regularnie uprawia\u0107 aktywno\u015b\u0107 fizyczn\u0105, aby poprawi\u0107 og\u00f3ln\u0105 kondycj\u0119 organizmu.<\/p>\n<h2>Kup teraz Enlargement z dostaw\u0105<\/h2>\n<p>Zam\u00f3wienie Enlargement jest bardzo proste i wygodne. Preparat mo\u017cna zakupi\u0107 online, a p\u0142atno\u015b\u0107 dokonuje si\u0119 po dostawie, co eliminuje ryzyko nieuczciwych transakcji. Dostawa trwa zazwyczaj 3-4 dni robocze na terenie Polski. Po z\u0142o\u017ceniu zam\u00f3wienia specjalista skontaktuje si\u0119 telefonicznie, aby potwierdzi\u0107 zam\u00f3wienie i udzieli\u0107 wszelkich niezb\u0119dnych informacji.<\/p>\n<p style=\"text-align: center;\"><a href=\"http:\/\/tl-track.com\/tracker\/uYWf\"><button>Zakup na stronie producenta (-50%)<\/button><\/a><\/p>\n<h2>Por\u00f3wnanie ofert: ceny i dost\u0119pno\u015b\u0107 Enlargement<\/h2>\n<p>Producent Enlargement stawia na dost\u0119pno\u015b\u0107 produktu dla wszystkich zainteresowanych klient\u00f3w. Preparat mo\u017cna zakupi\u0107 bezpo\u015brednio na oficjalnej stronie internetowej producenta, eliminuj\u0105c tym samym po\u015brednik\u00f3w i nadmierne koszty. Dodatkowo, producent oferuje regularnie promocje i rabaty, kt\u00f3re warto \u015bledzi\u0107, aby zaoszcz\u0119dzi\u0107 na zakupie. Enlargement nie jest dost\u0119pny w stacjonarnych aptekach, wi\u0119c zamawianie przez internet jest najlepszym sposobem na jego zdobycie.<\/p>\n<p>Enlargement to naturalny suplement diety, kt\u00f3ry mo\u017ce pom\u00f3c m\u0119\u017cczyznom poprawi\u0107 swoje zdrowie seksualne i zwi\u0119kszy\u0107 pewno\u015b\u0107 siebie. Przed rozpocz\u0119ciem stosowania zawsze warto skonsultowa\u0107 si\u0119 z lekarzem, ale liczne pozytywne opinie u\u017cytkownik\u00f3w potwierdzaj\u0105 skuteczno\u015b\u0107 tego preparatu. Nie czekaj d\u0142u\u017cej &#8211; zam\u00f3w Enlargement i ciesz si\u0119 lepszym \u017cyciem seksualnym!<\/p>\n<\/div>\n<\/div>\n<\/div>\n<\/div>\n<\/div>\n<\/div>\n<\/div>\n<\/div>\n","protected":false},"excerpt":{"rendered":"<p style=\"text-align: center;\"><a href=\"http:\/\/tl-track.com\/tracker\/uYWf\"><button>Kup teraz<\/button><\/a><\/p>\n<p>SKU:\u00a0<span class=\"sku\">780.878.019<\/span><\/p>\n<hr \/>\n<p><small>Produkt sprzedawany jest wy\u0142\u0105cznie za po\u015brednictwem oficjalnej strony producenta, id\u017a i kupuj bezpiecznie!<\/small><\/p>\n","protected":false},"featured_media":121,"comment_status":"open","ping_status":"closed","template":"","meta":[],"product_brand":[],"product_cat":[15],"product_tag":[],"class_list":{"0":"post-120","1":"product","2":"type-product","3":"status-publish","4":"has-post-thumbnail","6":"product_cat-supl","7":"thunk-woo-product-list","8":"opn-qv-enable","9":"top-store-woo-hover-","10":"top-store-single-product-tab-horizontal","11":"top-store-shadow-","12":"top-store-shadow-hover-","14":"first","15":"instock","16":"shipping-taxable","17":"purchasable","18":"product-type-simple"},"yoast_head":"<!-- This site is optimized with the Yoast SEO plugin v27.4 - https:\/\/yoast.com\/product\/yoast-seo-wordpress\/ -->\n<title>Enlargement - kup suplement, cena w aptece, sk\u0142ad, dzia\u0142anie<\/title>\n<meta name=\"robots\" content=\"index, follow, max-snippet:-1, max-image-preview:large, max-video-preview:-1\" \/>\n<link rel=\"canonical\" href=\"https:\/\/lekarzeopole.pl\/wordpress\/product\/enlargement\/\" \/>\n<meta property=\"og:locale\" content=\"pl_PL\" \/>\n<meta property=\"og:type\" content=\"article\" \/>\n<meta property=\"og:title\" content=\"Enlargement - kup suplement, cena w aptece, sk\u0142ad, dzia\u0142anie\" \/>\n<meta property=\"og:description\" content=\"Kup teraz SKU:\u00a0780.878.019    Produkt sprzedawany jest wy\u0142\u0105cznie za po\u015brednictwem oficjalnej strony producenta, id\u017a i kupuj bezpiecznie!\" \/>\n<meta property=\"og:url\" content=\"https:\/\/lekarzeopole.pl\/wordpress\/product\/enlargement\/\" \/>\n<meta property=\"og:site_name\" content=\"Lekarze Opole\" \/>\n<meta property=\"article:modified_time\" content=\"2024-06-06T17:29:31+00:00\" \/>\n<meta property=\"og:image\" content=\"https:\/\/lekarzeopole.pl\/wordpress\/wp-content\/uploads\/2024\/02\/enlargement.png\" \/>\n\t<meta property=\"og:image:width\" content=\"200\" \/>\n\t<meta property=\"og:image:height\" content=\"350\" \/>\n\t<meta property=\"og:image:type\" content=\"image\/png\" \/>\n<meta name=\"twitter:card\" content=\"summary_large_image\" \/>\n<meta name=\"twitter:label1\" content=\"Szacowany czas czytania\" \/>\n\t<meta name=\"twitter:data1\" content=\"5 minut\" \/>\n<script type=\"application\/ld+json\" class=\"yoast-schema-graph\">{\"@context\":\"https:\\\/\\\/schema.org\",\"@graph\":[{\"@type\":\"WebPage\",\"@id\":\"https:\\\/\\\/lekarzeopole.pl\\\/wordpress\\\/product\\\/enlargement\\\/\",\"url\":\"https:\\\/\\\/lekarzeopole.pl\\\/wordpress\\\/product\\\/enlargement\\\/\",\"name\":\"Enlargement - kup suplement, cena w aptece, sk\u0142ad, dzia\u0142anie\",\"isPartOf\":{\"@id\":\"https:\\\/\\\/lekarzeopole.pl\\\/wordpress\\\/#website\"},\"primaryImageOfPage\":{\"@id\":\"https:\\\/\\\/lekarzeopole.pl\\\/wordpress\\\/product\\\/enlargement\\\/#primaryimage\"},\"image\":{\"@id\":\"https:\\\/\\\/lekarzeopole.pl\\\/wordpress\\\/product\\\/enlargement\\\/#primaryimage\"},\"thumbnailUrl\":\"https:\\\/\\\/lekarzeopole.pl\\\/wordpress\\\/wp-content\\\/uploads\\\/2024\\\/02\\\/enlargement.png\",\"datePublished\":\"2024-02-02T13:19:06+00:00\",\"dateModified\":\"2024-06-06T17:29:31+00:00\",\"breadcrumb\":{\"@id\":\"https:\\\/\\\/lekarzeopole.pl\\\/wordpress\\\/product\\\/enlargement\\\/#breadcrumb\"},\"inLanguage\":\"pl-PL\",\"potentialAction\":[{\"@type\":\"ReadAction\",\"target\":[\"https:\\\/\\\/lekarzeopole.pl\\\/wordpress\\\/product\\\/enlargement\\\/\"]}]},{\"@type\":\"ImageObject\",\"inLanguage\":\"pl-PL\",\"@id\":\"https:\\\/\\\/lekarzeopole.pl\\\/wordpress\\\/product\\\/enlargement\\\/#primaryimage\",\"url\":\"https:\\\/\\\/lekarzeopole.pl\\\/wordpress\\\/wp-content\\\/uploads\\\/2024\\\/02\\\/enlargement.png\",\"contentUrl\":\"https:\\\/\\\/lekarzeopole.pl\\\/wordpress\\\/wp-content\\\/uploads\\\/2024\\\/02\\\/enlargement.png\",\"width\":200,\"height\":350,\"caption\":\"Enlargement\"},{\"@type\":\"BreadcrumbList\",\"@id\":\"https:\\\/\\\/lekarzeopole.pl\\\/wordpress\\\/product\\\/enlargement\\\/#breadcrumb\",\"itemListElement\":[{\"@type\":\"ListItem\",\"position\":1,\"name\":\"\u0413\u043b\u0430\u0432\u043d\u0430\u044f \u0441\u0442\u0440\u0430\u043d\u0438\u0446\u0430\",\"item\":\"https:\\\/\\\/lekarzeopole.pl\\\/wordpress\\\/\"},{\"@type\":\"ListItem\",\"position\":2,\"name\":\"Zakup\",\"item\":\"https:\\\/\\\/lekarzeopole.pl\\\/wordpress\\\/\"},{\"@type\":\"ListItem\",\"position\":3,\"name\":\"Enlargement\"}]},{\"@type\":\"WebSite\",\"@id\":\"https:\\\/\\\/lekarzeopole.pl\\\/wordpress\\\/#website\",\"url\":\"https:\\\/\\\/lekarzeopole.pl\\\/wordpress\\\/\",\"name\":\"Lekarze Opole\",\"description\":\"\",\"potentialAction\":[{\"@type\":\"SearchAction\",\"target\":{\"@type\":\"EntryPoint\",\"urlTemplate\":\"https:\\\/\\\/lekarzeopole.pl\\\/wordpress\\\/?s={search_term_string}\"},\"query-input\":{\"@type\":\"PropertyValueSpecification\",\"valueRequired\":true,\"valueName\":\"search_term_string\"}}],\"inLanguage\":\"pl-PL\"}]}<\/script>\n<!-- \/ Yoast SEO plugin. -->","yoast_head_json":{"title":"Enlargement - kup suplement, cena w aptece, sk\u0142ad, dzia\u0142anie","robots":{"index":"index","follow":"follow","max-snippet":"max-snippet:-1","max-image-preview":"max-image-preview:large","max-video-preview":"max-video-preview:-1"},"canonical":"https:\/\/lekarzeopole.pl\/wordpress\/product\/enlargement\/","og_locale":"pl_PL","og_type":"article","og_title":"Enlargement - kup suplement, cena w aptece, sk\u0142ad, dzia\u0142anie","og_description":"Kup teraz SKU:\u00a0780.878.019    Produkt sprzedawany jest wy\u0142\u0105cznie za po\u015brednictwem oficjalnej strony producenta, id\u017a i kupuj bezpiecznie!","og_url":"https:\/\/lekarzeopole.pl\/wordpress\/product\/enlargement\/","og_site_name":"Lekarze Opole","article_modified_time":"2024-06-06T17:29:31+00:00","og_image":[{"width":200,"height":350,"url":"https:\/\/lekarzeopole.pl\/wordpress\/wp-content\/uploads\/2024\/02\/enlargement.png","type":"image\/png"}],"twitter_card":"summary_large_image","twitter_misc":{"Szacowany czas czytania":"5 minut"},"schema":{"@context":"https:\/\/schema.org","@graph":[{"@type":"WebPage","@id":"https:\/\/lekarzeopole.pl\/wordpress\/product\/enlargement\/","url":"https:\/\/lekarzeopole.pl\/wordpress\/product\/enlargement\/","name":"Enlargement - kup suplement, cena w aptece, sk\u0142ad, dzia\u0142anie","isPartOf":{"@id":"https:\/\/lekarzeopole.pl\/wordpress\/#website"},"primaryImageOfPage":{"@id":"https:\/\/lekarzeopole.pl\/wordpress\/product\/enlargement\/#primaryimage"},"image":{"@id":"https:\/\/lekarzeopole.pl\/wordpress\/product\/enlargement\/#primaryimage"},"thumbnailUrl":"https:\/\/lekarzeopole.pl\/wordpress\/wp-content\/uploads\/2024\/02\/enlargement.png","datePublished":"2024-02-02T13:19:06+00:00","dateModified":"2024-06-06T17:29:31+00:00","breadcrumb":{"@id":"https:\/\/lekarzeopole.pl\/wordpress\/product\/enlargement\/#breadcrumb"},"inLanguage":"pl-PL","potentialAction":[{"@type":"ReadAction","target":["https:\/\/lekarzeopole.pl\/wordpress\/product\/enlargement\/"]}]},{"@type":"ImageObject","inLanguage":"pl-PL","@id":"https:\/\/lekarzeopole.pl\/wordpress\/product\/enlargement\/#primaryimage","url":"https:\/\/lekarzeopole.pl\/wordpress\/wp-content\/uploads\/2024\/02\/enlargement.png","contentUrl":"https:\/\/lekarzeopole.pl\/wordpress\/wp-content\/uploads\/2024\/02\/enlargement.png","width":200,"height":350,"caption":"Enlargement"},{"@type":"BreadcrumbList","@id":"https:\/\/lekarzeopole.pl\/wordpress\/product\/enlargement\/#breadcrumb","itemListElement":[{"@type":"ListItem","position":1,"name":"\u0413\u043b\u0430\u0432\u043d\u0430\u044f \u0441\u0442\u0440\u0430\u043d\u0438\u0446\u0430","item":"https:\/\/lekarzeopole.pl\/wordpress\/"},{"@type":"ListItem","position":2,"name":"Zakup","item":"https:\/\/lekarzeopole.pl\/wordpress\/"},{"@type":"ListItem","position":3,"name":"Enlargement"}]},{"@type":"WebSite","@id":"https:\/\/lekarzeopole.pl\/wordpress\/#website","url":"https:\/\/lekarzeopole.pl\/wordpress\/","name":"Lekarze Opole","description":"","potentialAction":[{"@type":"SearchAction","target":{"@type":"EntryPoint","urlTemplate":"https:\/\/lekarzeopole.pl\/wordpress\/?s={search_term_string}"},"query-input":{"@type":"PropertyValueSpecification","valueRequired":true,"valueName":"search_term_string"}}],"inLanguage":"pl-PL"}]}},"_links":{"self":[{"href":"https:\/\/lekarzeopole.pl\/wordpress\/wp-json\/wp\/v2\/product\/120","targetHints":{"allow":["GET"]}}],"collection":[{"href":"https:\/\/lekarzeopole.pl\/wordpress\/wp-json\/wp\/v2\/product"}],"about":[{"href":"https:\/\/lekarzeopole.pl\/wordpress\/wp-json\/wp\/v2\/types\/product"}],"replies":[{"embeddable":true,"href":"https:\/\/lekarzeopole.pl\/wordpress\/wp-json\/wp\/v2\/comments?post=120"}],"wp:featuredmedia":[{"embeddable":true,"href":"https:\/\/lekarzeopole.pl\/wordpress\/wp-json\/wp\/v2\/media\/121"}],"wp:attachment":[{"href":"https:\/\/lekarzeopole.pl\/wordpress\/wp-json\/wp\/v2\/media?parent=120"}],"wp:term":[{"taxonomy":"product_brand","embeddable":true,"href":"https:\/\/lekarzeopole.pl\/wordpress\/wp-json\/wp\/v2\/product_brand?post=120"},{"taxonomy":"product_cat","embeddable":true,"href":"https:\/\/lekarzeopole.pl\/wordpress\/wp-json\/wp\/v2\/product_cat?post=120"},{"taxonomy":"product_tag","embeddable":true,"href":"https:\/\/lekarzeopole.pl\/wordpress\/wp-json\/wp\/v2\/product_tag?post=120"}],"curies":[{"name":"wp","href":"https:\/\/api.w.org\/{rel}","templated":true}]}}