{"id":1181,"date":"2025-02-21T14:37:42","date_gmt":"2025-02-21T14:37:42","guid":{"rendered":"https:\/\/lekarzeopole.pl\/wordpress\/?post_type=product&#038;p=1181"},"modified":"2025-02-21T14:37:42","modified_gmt":"2025-02-21T14:37:42","slug":"femi-style","status":"publish","type":"product","link":"https:\/\/lekarzeopole.pl\/wordpress\/product\/femi-style\/","title":{"rendered":"Femi Style"},"content":{"rendered":"<p data-start=\"695\" data-end=\"967\">Femi Style to suplement diety przeznaczony dla kobiet, kt\u00f3re pragn\u0105 wspom\u00f3c swoje zdrowie w r\u00f3\u017cnych aspektach \u017cycia. Jest to produkt, kt\u00f3ry wspiera r\u00f3wnowag\u0119 hormonaln\u0105, podnosi poziom energii oraz poprawia og\u00f3lne samopoczucie. Wskazania do stosowania Femi Style obejmuj\u0105:<\/p>\n<ol data-start=\"969\" data-end=\"1928\">\n<li data-start=\"969\" data-end=\"1209\">\n<p data-start=\"972\" data-end=\"1209\"><strong data-start=\"972\" data-end=\"997\">Zaburzenia hormonalne<\/strong> \u2013 Kapsu\u0142ki Femi Style pomagaj\u0105 przywr\u00f3ci\u0107 r\u00f3wnowag\u0119 hormonaln\u0105, co mo\u017ce by\u0107 szczeg\u00f3lnie wa\u017cne w okresie menopauzy, cyklicznych problemach hormonalnych lub w przypadku zaburze\u0144 zwi\u0105zanych z cyklem menstruacyjnym.<\/p>\n<\/li>\n<li data-start=\"1211\" data-end=\"1409\">\n<p data-start=\"1214\" data-end=\"1409\"><strong data-start=\"1214\" data-end=\"1242\">Zm\u0119czenie i brak energii<\/strong> \u2013 Dzi\u0119ki odpowiednio dobranym sk\u0142adnikom Femi Style przyczynia si\u0119 do poprawy witalno\u015bci i podnosi poziom energii, co jest pomocne w przypadku przewlek\u0142ego zm\u0119czenia.<\/p>\n<\/li>\n<li data-start=\"1411\" data-end=\"1612\">\n<p data-start=\"1414\" data-end=\"1612\"><strong data-start=\"1414\" data-end=\"1454\">Wsparcie dla zdrowia reprodukcyjnego<\/strong> \u2013 Regularne stosowanie kapsu\u0142ek wspomaga zdrowie uk\u0142adu rozrodczego, co mo\u017ce wp\u0142ywa\u0107 na popraw\u0119 p\u0142odno\u015bci i og\u00f3lnego samopoczucia w okresie planowania ci\u0105\u017cy.<\/p>\n<\/li>\n<li data-start=\"1614\" data-end=\"1762\">\n<p data-start=\"1617\" data-end=\"1762\"><strong data-start=\"1617\" data-end=\"1639\">Poprawa odporno\u015bci<\/strong> \u2013 Suplement wspomaga funkcjonowanie uk\u0142adu odporno\u015bciowego, co ma znaczenie w utrzymaniu zdrowia i zapobieganiu infekcjom.<\/p>\n<\/li>\n<li data-start=\"1764\" data-end=\"1928\">\n<p data-start=\"1767\" data-end=\"1928\"><strong data-start=\"1767\" data-end=\"1809\">Zwi\u0119kszenie komfortu podczas menopauzy<\/strong> \u2013 Dzia\u0142a wspieraj\u0105co na kobiety w okresie menopauzy, redukuj\u0105c objawy takie jak uderzenia gor\u0105ca czy wahania nastroju.<\/p>\n<\/li>\n<\/ol>\n<p style=\"text-align: center;\"><a href=\"https:\/\/tl-track.com\/tracker\/vudY\"><button>www.femi-style.pl<\/button><\/a><\/p>\n<h2 data-start=\"1930\" data-end=\"1972\">Sk\u0142ad i dzia\u0142anie sk\u0142adnik\u00f3w Femi Style<\/h2>\n<p data-start=\"1974\" data-end=\"2171\">Femi Style zawiera szereg naturalnych sk\u0142adnik\u00f3w, kt\u00f3re w po\u0142\u0105czeniu ze sob\u0105 wykazuj\u0105 synergi\u0119 i wspieraj\u0105 zdrowie kobiet w spos\u00f3b bezpieczny i skuteczny. Oto niekt\u00f3re z najwa\u017cniejszych sk\u0142adnik\u00f3w:<\/p>\n<ol data-start=\"2173\" data-end=\"3735\">\n<li data-start=\"2173\" data-end=\"2486\">\n<p data-start=\"2176\" data-end=\"2486\"><strong data-start=\"2176\" data-end=\"2247\">Ekstrakt wodny z kwiatu koniczyny czerwonej (Trifolium pratense L.)<\/strong> \u2013 Koniczyna czerwona jest znana ze swojego pozytywnego wp\u0142ywu na r\u00f3wnowag\u0119 hormonaln\u0105. Zawiera izoflawony, kt\u00f3re dzia\u0142aj\u0105 jak fitoestrogeny, wspieraj\u0105c organizm w okresach, gdy poziom estrogenu jest ni\u017cszy, na przyk\u0142ad w czasie menopauzy.<\/p>\n<\/li>\n<li data-start=\"2488\" data-end=\"2778\">\n<p data-start=\"2491\" data-end=\"2778\"><strong data-start=\"2491\" data-end=\"2560\">Ekstrakt wodny z li\u015bci melisy lekarskiej (Melissa officinalis L.)<\/strong> \u2013 Melissa znana jest ze swoich w\u0142a\u015bciwo\u015bci uspokajaj\u0105cych. Pomaga w walce ze stresem, l\u0119kiem, a tak\u017ce poprawia jako\u015b\u0107 snu. Dodatkowo wspomaga procesy trawienne, co mo\u017ce przyczyni\u0107 si\u0119 do poprawy og\u00f3lnego samopoczucia.<\/p>\n<\/li>\n<li data-start=\"2780\" data-end=\"3010\">\n<p data-start=\"2783\" data-end=\"3010\"><strong data-start=\"2783\" data-end=\"2855\">Ekstrakt wodny z owoc\u00f3w bor\u00f3wki brusznicy (Vaccinium vitis-idaea L.)<\/strong> \u2013 Bor\u00f3wka brusznica jest ceniona za swoje w\u0142a\u015bciwo\u015bci przeciwzapalne i przeciwutleniaj\u0105ce. Dzia\u0142a tak\u017ce moczop\u0119dnie, co wspomaga zdrowie uk\u0142adu moczowego.<\/p>\n<\/li>\n<li data-start=\"3012\" data-end=\"3305\">\n<p data-start=\"3015\" data-end=\"3305\"><strong data-start=\"3015\" data-end=\"3042\">Witaminy: C, B12, B6, E<\/strong> \u2013 Zawarto\u015b\u0107 witamin w kapsu\u0142kach Femi Style jest niezb\u0119dna do utrzymania zdrowia na wielu poziomach. Witamina C dzia\u0142a antyoksydacyjnie, witamina B12 poprawia funkcjonowanie uk\u0142adu nerwowego, B6 wspomaga metabolizm, a witamina E ma dzia\u0142anie ochronne na kom\u00f3rki.<\/p>\n<\/li>\n<li data-start=\"3307\" data-end=\"3502\">\n<p data-start=\"3310\" data-end=\"3502\"><strong data-start=\"3310\" data-end=\"3326\">Kwas foliowy<\/strong> \u2013 Kwas foliowy jest niezwykle wa\u017cny dla zdrowia kobiet, szczeg\u00f3lnie w okresie ci\u0105\u017cy, ale r\u00f3wnie\u017c przy planowaniu ci\u0105\u017cy, gdy\u017c wspomaga prawid\u0142owy rozw\u00f3j uk\u0142adu nerwowego p\u0142odu.<\/p>\n<\/li>\n<li data-start=\"3504\" data-end=\"3735\">\n<p data-start=\"3507\" data-end=\"3735\"><strong data-start=\"3507\" data-end=\"3578\">Standaryzowany ekstrakt z owoc\u00f3w czarnego pieprzu (Piper nigrum L.)<\/strong> \u2013 Czarny pieprz dzia\u0142a wspomagaj\u0105co na trawienie, a tak\u017ce u\u0142atwia wch\u0142anianie innych sk\u0142adnik\u00f3w od\u017cywczych w organizmie, co zwi\u0119ksza efektywno\u015b\u0107 suplementu.<\/p>\n<\/li>\n<\/ol>\n<h2 data-start=\"3737\" data-end=\"3779\">Efekty Femi Style i ich charakterystyka<\/h2>\n<p data-start=\"3781\" data-end=\"4008\">Regularne stosowanie Femi Style mo\u017ce prowadzi\u0107 do szeregu pozytywnych efekt\u00f3w. Dzi\u0119ki naturalnym sk\u0142adnikom, produkt wykazuje d\u0142ugotrwa\u0142e i stabilne dzia\u0142anie na organizm, bez wywo\u0142ywania nag\u0142ych czy nieprzewidywalnych reakcji.<\/p>\n<ol data-start=\"4010\" data-end=\"5014\">\n<li data-start=\"4010\" data-end=\"4254\">\n<p data-start=\"4013\" data-end=\"4254\"><strong data-start=\"4013\" data-end=\"4046\">Poprawa r\u00f3wnowagi hormonalnej<\/strong> \u2013 Dzi\u0119ki fitoestrogenom zawartym w koniczynie czerwonej oraz wspomagaj\u0105cym w\u0142a\u015bciwo\u015bciom melisy, Femi Style mo\u017ce pom\u00f3c w przywr\u00f3ceniu r\u00f3wnowagi hormonalnej, co jest szczeg\u00f3lnie korzystne w okresie menopauzy.<\/p>\n<\/li>\n<li data-start=\"4256\" data-end=\"4459\">\n<p data-start=\"4259\" data-end=\"4459\"><strong data-start=\"4259\" data-end=\"4290\">Wzrost energii i witalno\u015bci<\/strong> \u2013 Zawarte w suplemencie witaminy oraz ekstrakt z bor\u00f3wki brusznicy wspieraj\u0105 uk\u0142ad odporno\u015bciowy i pomagaj\u0105 w walce ze zm\u0119czeniem, poprawiaj\u0105c og\u00f3ln\u0105 energi\u0119 organizmu.<\/p>\n<\/li>\n<li data-start=\"4461\" data-end=\"4630\">\n<p data-start=\"4464\" data-end=\"4630\"><strong data-start=\"4464\" data-end=\"4505\">Lepsze samopoczucie i redukcja stresu<\/strong> \u2013 Melissa ma dzia\u0142anie uspokajaj\u0105ce, co przek\u0142ada si\u0119 na popraw\u0119 jako\u015bci snu, redukcj\u0119 objaw\u00f3w stresu oraz popraw\u0119 nastroju.<\/p>\n<\/li>\n<li data-start=\"4632\" data-end=\"4840\">\n<p data-start=\"4635\" data-end=\"4840\"><strong data-start=\"4635\" data-end=\"4689\">Wspomaganie zdrowia uk\u0142adu moczowego i trawiennego<\/strong> \u2013 Ekstrakt z bor\u00f3wki brusznicy dzia\u0142a moczop\u0119dnie, co mo\u017ce przyczyni\u0107 si\u0119 do zdrowia uk\u0142adu moczowego, a ekstrakt z melisy wspomaga procesy trawienne.<\/p>\n<\/li>\n<li data-start=\"4842\" data-end=\"5014\">\n<p data-start=\"4845\" data-end=\"5014\"><strong data-start=\"4845\" data-end=\"4883\">Ochrona przed stresem oksydacyjnym<\/strong> \u2013 Antyoksydacyjne w\u0142a\u015bciwo\u015bci witamin C i E wspieraj\u0105 organizm w walce z wolnymi rodnikami, kt\u00f3re przyspieszaj\u0105 procesy starzenia.<\/p>\n<\/li>\n<\/ol>\n<h2 data-start=\"5016\" data-end=\"5043\">Ryzyko skutk\u00f3w ubocznych<\/h2>\n<p data-start=\"5045\" data-end=\"5421\">Jedn\u0105 z najwi\u0119kszych zalet Femi Style jest fakt, \u017ce jest to suplement w pe\u0142ni naturalny, oparty na ro\u015blinnych sk\u0142adnikach aktywnych. Dzi\u0119ki temu ryzyko wyst\u0105pienia powa\u017cnych skutk\u00f3w ubocznych jest minimalne. Naturalne sk\u0142adniki, takie jak ekstrakty z koniczyny czerwonej, melisy czy bor\u00f3wki brusznicy, s\u0105 dobrze tolerowane przez organizm i rzadko wywo\u0142uj\u0105 niepo\u017c\u0105dane reakcje.<\/p>\n<p data-start=\"5423\" data-end=\"5519\">Jednak jak w przypadku ka\u017cdego suplementu diety, warto pami\u0119ta\u0107 o kilku zasadach bezpiecze\u0144stwa:<\/p>\n<ul data-start=\"5520\" data-end=\"5820\">\n<li data-start=\"5520\" data-end=\"5603\">Osoby uczulone na jakikolwiek sk\u0142adnik suplementu powinny unika\u0107 jego stosowania.<\/li>\n<li data-start=\"5604\" data-end=\"5712\">Kobiety w ci\u0105\u017cy lub karmi\u0105ce piersi\u0105 przed rozpocz\u0119ciem suplementacji powinny skonsultowa\u0107 si\u0119 z lekarzem.<\/li>\n<li data-start=\"5713\" data-end=\"5820\">Femi Style jest suplementem diety i nie powinien zast\u0119powa\u0107 zr\u00f3wnowa\u017conej diety ani zdrowego stylu \u017cycia.<\/li>\n<\/ul>\n<h2 data-start=\"0\" data-end=\"56\">Opinie klient\u00f3w o Femi Style: fora po\u015bwi\u0119cone zdrowiu<\/h2>\n<p data-start=\"58\" data-end=\"580\">W Polsce fora internetowe po\u015bwi\u0119cone zdrowiu to jedno z g\u0142\u00f3wnych miejsc, gdzie u\u017cytkownicy dziel\u0105 si\u0119 swoimi do\u015bwiadczeniami z suplementami diety, a w tym tak\u017ce z Femi Style. Produkt ten zdobywa coraz wi\u0119ksz\u0105 popularno\u015b\u0107 w\u015br\u00f3d kobiet, kt\u00f3re poszukuj\u0105 naturalnych sposob\u00f3w na popraw\u0119 r\u00f3wnowagi hormonalnej i og\u00f3lnego samopoczucia. Na forach i portalach zdrowotnych mo\u017cna znale\u017a\u0107 liczne opinie, kt\u00f3re potwierdzaj\u0105 skuteczno\u015b\u0107 Femi Style w walce z problemami hormonalnymi, stresem, zm\u0119czeniem czy w trudnym okresie menopauzy.<\/p>\n<p data-start=\"582\" data-end=\"862\">Wi\u0119kszo\u015b\u0107 u\u017cytkownik\u00f3w podkre\u015bla, \u017ce Femi Style nie tylko poprawia samopoczucie, ale r\u00f3wnie\u017c przyczynia si\u0119 do poprawy witalno\u015bci i zdrowia reprodukcyjnego. Co wa\u017cne, suplement cieszy si\u0119 uznaniem tak\u017ce za swoj\u0105 dost\u0119pno\u015b\u0107 i \u0142atwo\u015b\u0107 zakupu.<\/p>\n<ul>\n<li data-start=\"864\" data-end=\"1195\"><strong data-start=\"864\" data-end=\"880\">Anna, 36 lat<\/strong>: &#8222;Femi Style to naprawd\u0119 dobry wyb\u00f3r dla ka\u017cdej kobiety, kt\u00f3ra chce zadba\u0107 o swoje zdrowie naturalnie. Od kiedy zacz\u0119\u0142am stosowa\u0107 te kapsu\u0142ki, zauwa\u017cy\u0142am, \u017ce moje cykle sta\u0142y si\u0119 bardziej regularne, a ja czuj\u0119 si\u0119 mniej zm\u0119czona. Dodatkowo nie mam ju\u017c takich problem\u00f3w z nastrojem, jak wcze\u015bniej. Polecam ka\u017cdemu!&#8221;<\/li>\n<li data-start=\"1197\" data-end=\"1481\"><strong data-start=\"1197\" data-end=\"1215\">Monika, 45 lat<\/strong>: &#8222;Jestem po menopauzie i od d\u0142u\u017cszego czasu boryka\u0142am si\u0119 z uderzeniami gor\u0105ca i z\u0142ym samopoczuciem. Femi Style naprawd\u0119 mi pomog\u0142o. Objawy ust\u0105pi\u0142y, a ja mam wi\u0119cej energii do codziennych obowi\u0105zk\u00f3w. Suplement jest \u0142atwy do zdobycia i bardzo wygodny w stosowaniu.&#8221;<\/li>\n<\/ul>\n<p data-start=\"1483\" data-end=\"1632\">Warto zauwa\u017cy\u0107, \u017ce na forach u\u017cytkownicy cz\u0119sto podkre\u015blaj\u0105 r\u00f3wnie\u017c prostot\u0119 zakupu i brak problem\u00f3w z dostaw\u0105, co wp\u0142ywa na dalsze pozytywne opinie.<\/p>\n<h2 data-start=\"1634\" data-end=\"1666\">Spos\u00f3b podawania i dawkowanie<\/h2>\n<p data-start=\"1668\" data-end=\"2167\">Femi Style jest \u0142atwy w stosowaniu, co sprawia, \u017ce jest idealnym rozwi\u0105zaniem dla zapracowanych kobiet, kt\u00f3re chc\u0105 zadba\u0107 o swoje zdrowie bez skomplikowanej procedury. Zalecana dawka to 1 kapsu\u0142ka dziennie, najlepiej podczas posi\u0142ku, aby zapewni\u0107 optymalne wch\u0142anianie sk\u0142adnik\u00f3w aktywnych. Warto pami\u0119ta\u0107, \u017ce regularno\u015b\u0107 jest kluczowa, aby uzyska\u0107 najlepsze efekty. Suplementacja powinna by\u0107 prowadzona przez co najmniej kilka tygodni, aby zauwa\u017cy\u0107 pe\u0142ne korzy\u015bci wynikaj\u0105ce z dzia\u0142ania Femi Style.<\/p>\n<p data-start=\"2169\" data-end=\"2411\">W razie jakichkolwiek w\u0105tpliwo\u015bci co do dawkowania lub przeciwwskaza\u0144, zaleca si\u0119 skonsultowanie z lekarzem, zw\u0142aszcza w przypadku kobiet w ci\u0105\u017cy lub karmi\u0105cych piersi\u0105. Produkt jest dost\u0119pny bez recepty, co u\u0142atwia jego codzienne stosowanie.<\/p>\n<h2 data-start=\"2413\" data-end=\"2446\">Kup teraz Femi Style z dostaw\u0105<\/h2>\n<p data-start=\"2448\" data-end=\"2836\">Zakup Femi Style jest bardzo prosty i bezproblemowy. Produkt mo\u017cna kupi\u0107 wygodnie online, bez potrzeby wcze\u015bniejszego op\u0142acania zam\u00f3wienia. P\u0142atno\u015b\u0107 za suplement odbywa si\u0119 dopiero po dostarczeniu towaru, co sprawia, \u017ce nie musimy si\u0119 martwi\u0107 o przedp\u0142aty czy ewentualne ryzyko. Dzi\u0119ki temu mo\u017cemy mie\u0107 pewno\u015b\u0107, \u017ce otrzymamy oryginalny produkt, a proces zakupu jest ca\u0142kowicie bezpieczny.<\/p>\n<p data-start=\"2838\" data-end=\"3199\">Dostawa Femi Style trwa od 3 do 4 dni roboczych w Polsce, a zam\u00f3wienie jest potwierdzane telefonicznie przez specjalist\u0119, kt\u00f3ry mo\u017ce r\u00f3wnie\u017c udzieli\u0107 dodatkowych informacji na temat produktu. Ponadto, pracownik sklepu internetowego mo\u017ce doradzi\u0107 w kwestii odpowiedniego dawkowania oraz poinformowa\u0107 o aktualnych promocjach lub zni\u017ckach, kt\u00f3re mog\u0105 by\u0107 dost\u0119pne.<\/p>\n<p data-start=\"3201\" data-end=\"3411\">Zakup Femi Style przez internet to wygodna opcja, kt\u00f3ra pozwala zaoszcz\u0119dzi\u0107 czas i unikn\u0105\u0107 konieczno\u015bci wychodzenia z domu. Dzi\u0119ki temu mamy r\u00f3wnie\u017c pewno\u015b\u0107, \u017ce otrzymamy oryginalny produkt w najlepszej cenie.<\/p>\n<p style=\"text-align: center;\"><a href=\"https:\/\/tl-track.com\/tracker\/vudY\"><button>Zakup na stronie producenta (-50%)<\/button><\/a><\/p>\n<h2 data-start=\"3413\" data-end=\"3462\">Por\u00f3wnanie ofert: ceny i dost\u0119pno\u015b\u0107 Femi Style<\/h2>\n<p data-start=\"3464\" data-end=\"3888\">Producent Femi Style k\u0142adzie szczeg\u00f3lny nacisk na dost\u0119pno\u015b\u0107 swojego suplementu dla jak najszerszego grona klient\u00f3w. Dzi\u0119ki sprzeda\u017cy bezpo\u015bredniej na oficjalnej stronie internetowej, produkt jest dost\u0119pny bez po\u015brednik\u00f3w, co pozwala na utrzymanie atrakcyjnej ceny. Dzi\u0119ki temu klientki nie musz\u0105 martwi\u0107 si\u0119 o dodatkowe koszty zwi\u0105zane z mar\u017cami po\u015brednik\u00f3w, co jest cz\u0119stym problemem przy zakupach w tradycyjnych sklepach.<\/p>\n<p data-start=\"3890\" data-end=\"4332\">Warto tak\u017ce pami\u0119ta\u0107, \u017ce Femi Style nie jest dost\u0119pny w stacjonarnych aptekach, co jest cz\u0119\u015bci\u0105 strategii producenta, kt\u00f3ry chce zapewni\u0107 jak najkorzystniejsze ceny. Ceny mog\u0105 si\u0119 r\u00f3\u017cni\u0107 w zale\u017cno\u015bci od aktualnych promocji, dlatego warto regularnie sprawdza\u0107 oficjaln\u0105 stron\u0119, aby skorzysta\u0107 z atrakcyjnych ofert i rabat\u00f3w. Producent cz\u0119sto organizuje akcje promocyjne, kt\u00f3re pozwalaj\u0105 na zakup Femi Style w jeszcze bardziej korzystnej cenie.<\/p>\n<p data-start=\"4334\" data-end=\"4615\" data-is-last-node=\"\" data-is-only-node=\"\">Dzi\u0119ki sprzeda\u017cy online, klientki maj\u0105 r\u00f3wnie\u017c pewno\u015b\u0107, \u017ce zamawiaj\u0105 produkt prosto od producenta, co eliminuje ryzyko zakupu podr\u00f3bek. Warto regularnie monitorowa\u0107 oferty na stronie internetowej producenta, aby by\u0107 na bie\u017c\u0105co z nowymi zni\u017ckami i promocjami, kt\u00f3re mog\u0105 wyst\u0119powa\u0107.<\/p>\n","protected":false},"excerpt":{"rendered":"<p style=\"text-align: center;\"><a href=\"https:\/\/tl-track.com\/tracker\/vudY\"><button>Kup teraz<\/button><\/a><\/p>\n<p>SKU:\u00a0<span class=\"sku\">789.321.87<\/span><\/p>\n<hr \/>\n<p><small>Produkt sprzedawany jest wy\u0142\u0105cznie za po\u015brednictwem oficjalnej strony producenta, id\u017a i kupuj bezpiecznie!<\/small><\/p>\n","protected":false},"featured_media":1182,"comment_status":"open","ping_status":"closed","template":"","meta":[],"product_brand":[],"product_cat":[15],"product_tag":[],"class_list":{"0":"post-1181","1":"product","2":"type-product","3":"status-publish","4":"has-post-thumbnail","6":"product_cat-supl","7":"thunk-woo-product-list","8":"opn-qv-enable","9":"top-store-woo-hover-","10":"top-store-single-product-tab-horizontal","11":"top-store-shadow-","12":"top-store-shadow-hover-","14":"first","15":"instock","16":"sale","17":"shipping-taxable","18":"purchasable","19":"product-type-simple"},"yoast_head":"<!-- This site is optimized with the Yoast SEO plugin v27.4 - https:\/\/yoast.com\/product\/yoast-seo-wordpress\/ -->\n<title>Femi Style - kup suplement, cena w aptece, sk\u0142ad, dzia\u0142anie<\/title>\n<meta name=\"robots\" content=\"index, follow, max-snippet:-1, max-image-preview:large, max-video-preview:-1\" \/>\n<link rel=\"canonical\" href=\"https:\/\/lekarzeopole.pl\/wordpress\/product\/femi-style\/\" \/>\n<meta property=\"og:locale\" content=\"pl_PL\" \/>\n<meta property=\"og:type\" content=\"article\" \/>\n<meta property=\"og:title\" content=\"Femi Style - kup suplement, cena w aptece, sk\u0142ad, dzia\u0142anie\" \/>\n<meta property=\"og:description\" content=\"Kup teraz SKU:\u00a0789.321.87    Produkt sprzedawany jest wy\u0142\u0105cznie za po\u015brednictwem oficjalnej strony producenta, id\u017a i kupuj bezpiecznie!\" \/>\n<meta property=\"og:url\" content=\"https:\/\/lekarzeopole.pl\/wordpress\/product\/femi-style\/\" \/>\n<meta property=\"og:site_name\" content=\"Lekarze Opole\" \/>\n<meta property=\"og:image\" content=\"https:\/\/lekarzeopole.pl\/wordpress\/wp-content\/uploads\/2025\/02\/femi-style.png\" \/>\n\t<meta property=\"og:image:width\" content=\"900\" \/>\n\t<meta property=\"og:image:height\" content=\"903\" \/>\n\t<meta property=\"og:image:type\" content=\"image\/png\" \/>\n<meta name=\"twitter:card\" content=\"summary_large_image\" \/>\n<meta name=\"twitter:label1\" content=\"Szacowany czas czytania\" \/>\n\t<meta name=\"twitter:data1\" content=\"8 minut\" \/>\n<script type=\"application\/ld+json\" class=\"yoast-schema-graph\">{\"@context\":\"https:\\\/\\\/schema.org\",\"@graph\":[{\"@type\":\"WebPage\",\"@id\":\"https:\\\/\\\/lekarzeopole.pl\\\/wordpress\\\/product\\\/femi-style\\\/\",\"url\":\"https:\\\/\\\/lekarzeopole.pl\\\/wordpress\\\/product\\\/femi-style\\\/\",\"name\":\"Femi Style - kup suplement, cena w aptece, sk\u0142ad, dzia\u0142anie\",\"isPartOf\":{\"@id\":\"https:\\\/\\\/lekarzeopole.pl\\\/wordpress\\\/#website\"},\"primaryImageOfPage\":{\"@id\":\"https:\\\/\\\/lekarzeopole.pl\\\/wordpress\\\/product\\\/femi-style\\\/#primaryimage\"},\"image\":{\"@id\":\"https:\\\/\\\/lekarzeopole.pl\\\/wordpress\\\/product\\\/femi-style\\\/#primaryimage\"},\"thumbnailUrl\":\"https:\\\/\\\/lekarzeopole.pl\\\/wordpress\\\/wp-content\\\/uploads\\\/2025\\\/02\\\/femi-style.png\",\"datePublished\":\"2025-02-21T14:37:42+00:00\",\"breadcrumb\":{\"@id\":\"https:\\\/\\\/lekarzeopole.pl\\\/wordpress\\\/product\\\/femi-style\\\/#breadcrumb\"},\"inLanguage\":\"pl-PL\",\"potentialAction\":[{\"@type\":\"ReadAction\",\"target\":[\"https:\\\/\\\/lekarzeopole.pl\\\/wordpress\\\/product\\\/femi-style\\\/\"]}]},{\"@type\":\"ImageObject\",\"inLanguage\":\"pl-PL\",\"@id\":\"https:\\\/\\\/lekarzeopole.pl\\\/wordpress\\\/product\\\/femi-style\\\/#primaryimage\",\"url\":\"https:\\\/\\\/lekarzeopole.pl\\\/wordpress\\\/wp-content\\\/uploads\\\/2025\\\/02\\\/femi-style.png\",\"contentUrl\":\"https:\\\/\\\/lekarzeopole.pl\\\/wordpress\\\/wp-content\\\/uploads\\\/2025\\\/02\\\/femi-style.png\",\"width\":900,\"height\":903,\"caption\":\"Femi Style\"},{\"@type\":\"BreadcrumbList\",\"@id\":\"https:\\\/\\\/lekarzeopole.pl\\\/wordpress\\\/product\\\/femi-style\\\/#breadcrumb\",\"itemListElement\":[{\"@type\":\"ListItem\",\"position\":1,\"name\":\"\u0413\u043b\u0430\u0432\u043d\u0430\u044f \u0441\u0442\u0440\u0430\u043d\u0438\u0446\u0430\",\"item\":\"https:\\\/\\\/lekarzeopole.pl\\\/wordpress\\\/\"},{\"@type\":\"ListItem\",\"position\":2,\"name\":\"Zakup\",\"item\":\"https:\\\/\\\/lekarzeopole.pl\\\/wordpress\\\/\"},{\"@type\":\"ListItem\",\"position\":3,\"name\":\"Femi Style\"}]},{\"@type\":\"WebSite\",\"@id\":\"https:\\\/\\\/lekarzeopole.pl\\\/wordpress\\\/#website\",\"url\":\"https:\\\/\\\/lekarzeopole.pl\\\/wordpress\\\/\",\"name\":\"Lekarze Opole\",\"description\":\"\",\"potentialAction\":[{\"@type\":\"SearchAction\",\"target\":{\"@type\":\"EntryPoint\",\"urlTemplate\":\"https:\\\/\\\/lekarzeopole.pl\\\/wordpress\\\/?s={search_term_string}\"},\"query-input\":{\"@type\":\"PropertyValueSpecification\",\"valueRequired\":true,\"valueName\":\"search_term_string\"}}],\"inLanguage\":\"pl-PL\"}]}<\/script>\n<!-- \/ Yoast SEO plugin. -->","yoast_head_json":{"title":"Femi Style - kup suplement, cena w aptece, sk\u0142ad, dzia\u0142anie","robots":{"index":"index","follow":"follow","max-snippet":"max-snippet:-1","max-image-preview":"max-image-preview:large","max-video-preview":"max-video-preview:-1"},"canonical":"https:\/\/lekarzeopole.pl\/wordpress\/product\/femi-style\/","og_locale":"pl_PL","og_type":"article","og_title":"Femi Style - kup suplement, cena w aptece, sk\u0142ad, dzia\u0142anie","og_description":"Kup teraz SKU:\u00a0789.321.87    Produkt sprzedawany jest wy\u0142\u0105cznie za po\u015brednictwem oficjalnej strony producenta, id\u017a i kupuj bezpiecznie!","og_url":"https:\/\/lekarzeopole.pl\/wordpress\/product\/femi-style\/","og_site_name":"Lekarze Opole","og_image":[{"width":900,"height":903,"url":"https:\/\/lekarzeopole.pl\/wordpress\/wp-content\/uploads\/2025\/02\/femi-style.png","type":"image\/png"}],"twitter_card":"summary_large_image","twitter_misc":{"Szacowany czas czytania":"8 minut"},"schema":{"@context":"https:\/\/schema.org","@graph":[{"@type":"WebPage","@id":"https:\/\/lekarzeopole.pl\/wordpress\/product\/femi-style\/","url":"https:\/\/lekarzeopole.pl\/wordpress\/product\/femi-style\/","name":"Femi Style - kup suplement, cena w aptece, sk\u0142ad, dzia\u0142anie","isPartOf":{"@id":"https:\/\/lekarzeopole.pl\/wordpress\/#website"},"primaryImageOfPage":{"@id":"https:\/\/lekarzeopole.pl\/wordpress\/product\/femi-style\/#primaryimage"},"image":{"@id":"https:\/\/lekarzeopole.pl\/wordpress\/product\/femi-style\/#primaryimage"},"thumbnailUrl":"https:\/\/lekarzeopole.pl\/wordpress\/wp-content\/uploads\/2025\/02\/femi-style.png","datePublished":"2025-02-21T14:37:42+00:00","breadcrumb":{"@id":"https:\/\/lekarzeopole.pl\/wordpress\/product\/femi-style\/#breadcrumb"},"inLanguage":"pl-PL","potentialAction":[{"@type":"ReadAction","target":["https:\/\/lekarzeopole.pl\/wordpress\/product\/femi-style\/"]}]},{"@type":"ImageObject","inLanguage":"pl-PL","@id":"https:\/\/lekarzeopole.pl\/wordpress\/product\/femi-style\/#primaryimage","url":"https:\/\/lekarzeopole.pl\/wordpress\/wp-content\/uploads\/2025\/02\/femi-style.png","contentUrl":"https:\/\/lekarzeopole.pl\/wordpress\/wp-content\/uploads\/2025\/02\/femi-style.png","width":900,"height":903,"caption":"Femi Style"},{"@type":"BreadcrumbList","@id":"https:\/\/lekarzeopole.pl\/wordpress\/product\/femi-style\/#breadcrumb","itemListElement":[{"@type":"ListItem","position":1,"name":"\u0413\u043b\u0430\u0432\u043d\u0430\u044f \u0441\u0442\u0440\u0430\u043d\u0438\u0446\u0430","item":"https:\/\/lekarzeopole.pl\/wordpress\/"},{"@type":"ListItem","position":2,"name":"Zakup","item":"https:\/\/lekarzeopole.pl\/wordpress\/"},{"@type":"ListItem","position":3,"name":"Femi Style"}]},{"@type":"WebSite","@id":"https:\/\/lekarzeopole.pl\/wordpress\/#website","url":"https:\/\/lekarzeopole.pl\/wordpress\/","name":"Lekarze Opole","description":"","potentialAction":[{"@type":"SearchAction","target":{"@type":"EntryPoint","urlTemplate":"https:\/\/lekarzeopole.pl\/wordpress\/?s={search_term_string}"},"query-input":{"@type":"PropertyValueSpecification","valueRequired":true,"valueName":"search_term_string"}}],"inLanguage":"pl-PL"}]}},"_links":{"self":[{"href":"https:\/\/lekarzeopole.pl\/wordpress\/wp-json\/wp\/v2\/product\/1181","targetHints":{"allow":["GET"]}}],"collection":[{"href":"https:\/\/lekarzeopole.pl\/wordpress\/wp-json\/wp\/v2\/product"}],"about":[{"href":"https:\/\/lekarzeopole.pl\/wordpress\/wp-json\/wp\/v2\/types\/product"}],"replies":[{"embeddable":true,"href":"https:\/\/lekarzeopole.pl\/wordpress\/wp-json\/wp\/v2\/comments?post=1181"}],"wp:featuredmedia":[{"embeddable":true,"href":"https:\/\/lekarzeopole.pl\/wordpress\/wp-json\/wp\/v2\/media\/1182"}],"wp:attachment":[{"href":"https:\/\/lekarzeopole.pl\/wordpress\/wp-json\/wp\/v2\/media?parent=1181"}],"wp:term":[{"taxonomy":"product_brand","embeddable":true,"href":"https:\/\/lekarzeopole.pl\/wordpress\/wp-json\/wp\/v2\/product_brand?post=1181"},{"taxonomy":"product_cat","embeddable":true,"href":"https:\/\/lekarzeopole.pl\/wordpress\/wp-json\/wp\/v2\/product_cat?post=1181"},{"taxonomy":"product_tag","embeddable":true,"href":"https:\/\/lekarzeopole.pl\/wordpress\/wp-json\/wp\/v2\/product_tag?post=1181"}],"curies":[{"name":"wp","href":"https:\/\/api.w.org\/{rel}","templated":true}]}}