{"id":1175,"date":"2025-02-06T17:50:49","date_gmt":"2025-02-06T17:50:49","guid":{"rendered":"https:\/\/lekarzeopole.pl\/wordpress\/?post_type=product&#038;p=1175"},"modified":"2025-02-06T17:50:49","modified_gmt":"2025-02-06T17:50:49","slug":"ausen","status":"publish","type":"product","link":"https:\/\/lekarzeopole.pl\/wordpress\/product\/ausen\/","title":{"rendered":"Ausen"},"content":{"rendered":"<p>Wsp\u00f3\u0142czesny styl \u017cycia, ha\u0142as w miastach, stres i nieodpowiednia dieta wp\u0142ywaj\u0105 negatywnie na nasz organizm, w tym tak\u017ce na nasz s\u0142uch. Problemy ze s\u0142uchem s\u0105 coraz bardziej powszechne, a wiele os\u00f3b szuka skutecznych sposob\u00f3w na popraw\u0119 jako\u015bci s\u0142yszenia. Jednym z najnowszych i najbardziej naturalnych rozwi\u0105za\u0144 jest suplement diety w postaci kapsu\u0142ek Ausen. Te kapsu\u0142ki oferuj\u0105 wsparcie dla os\u00f3b borykaj\u0105cych si\u0119 z problemami ze s\u0142uchem, wykorzystuj\u0105c naturalne sk\u0142adniki, kt\u00f3re poprawiaj\u0105 funkcjonowanie uk\u0142adu s\u0142uchowego. W poni\u017cszym artykule przyjrzymy si\u0119 bli\u017cej temu suplementowi, jego dzia\u0142aniu oraz sk\u0142adnikom.<\/p>\n<h2>Wskazania do stosowania Ausen<\/h2>\n<p>Kapsu\u0142ki Ausen przeznaczone s\u0105 dla os\u00f3b, kt\u00f3re borykaj\u0105 si\u0119 z problemami ze s\u0142uchem lub chc\u0105 zadba\u0107 o zdrowie swojego uk\u0142adu s\u0142uchowego. Wskazania do stosowania tego preparatu obejmuj\u0105:<\/p>\n<ol>\n<li><strong>Problemy ze s\u0142uchem zwi\u0105zane z wiekiem<\/strong> \u2013 z wiekiem nasza zdolno\u015b\u0107 do s\u0142yszenia mo\u017ce stopniowo si\u0119 pogarsza\u0107. Kapsu\u0142ki Ausen mog\u0105 wspiera\u0107 popraw\u0119 ostro\u015bci s\u0142uchu, op\u00f3\u017aniaj\u0105c procesy starzenia si\u0119 uk\u0142adu s\u0142uchowego.<\/li>\n<li><strong>Zaburzenia s\u0142uchu zwi\u0105zane z ha\u0142asem<\/strong> \u2013 d\u0142ugotrwa\u0142e nara\u017cenie na ha\u0142as, zw\u0142aszcza w pracy lub w miastach, mo\u017ce prowadzi\u0107 do utraty s\u0142uchu. Kapsu\u0142ki Ausen pomagaj\u0105 chroni\u0107 kom\u00f3rki s\u0142uchowe przed uszkodzeniami spowodowanymi ha\u0142asem.<\/li>\n<li><strong>Problemy z szumem usznym (tinnitus)<\/strong> \u2013 szumy uszne to problem, kt\u00f3ry dotyczy wielu os\u00f3b, zw\u0142aszcza w starszym wieku. Preparat mo\u017ce pom\u00f3c w z\u0142agodzeniu objaw\u00f3w tego schorzenia.<\/li>\n<li><strong>Os\u0142abienie s\u0142uchu zwi\u0105zane z chorobami uk\u0142adu kr\u0105\u017cenia<\/strong> \u2013 nieprawid\u0142owe funkcjonowanie uk\u0142adu kr\u0105\u017cenia mo\u017ce wp\u0142ywa\u0107 na jako\u015b\u0107 s\u0142yszenia. Kapsu\u0142ki Ausen wspieraj\u0105 zdrowie uk\u0142adu kr\u0105\u017cenia, co ma pozytywny wp\u0142yw na s\u0142uch.<\/li>\n<li><strong>Prewencja uszkodze\u0144 s\u0142uchu<\/strong> \u2013 dla os\u00f3b, kt\u00f3re chc\u0105 zadba\u0107 o zdrowie swoich uszu, szczeg\u00f3lnie w kontek\u015bcie nara\u017cenia na ha\u0142as, d\u0142ugotrwa\u0142e u\u017cywanie s\u0142uchawek czy stresu.<\/li>\n<\/ol>\n<h2>Sk\u0142ad i dzia\u0142anie sk\u0142adnik\u00f3w Ausen<\/h2>\n<p>Kapsu\u0142ki Ausen zawieraj\u0105 wy\u0142\u0105cznie naturalne sk\u0142adniki, kt\u00f3re zosta\u0142y dobrane z my\u015bl\u0105 o wspieraniu zdrowia s\u0142uchu. W sk\u0142ad preparatu wchodz\u0105:<\/p>\n<ol>\n<li><strong>Ginkgo biloba<\/strong> \u2013 ekstrakt z mi\u0142orz\u0119bu japo\u0144skiego to jeden z najstarszych i najskuteczniejszych sk\u0142adnik\u00f3w w medycynie naturalnej. Ma dzia\u0142anie wspieraj\u0105ce mikrokr\u0105\u017cenie, co jest niezwykle wa\u017cne dla zdrowia s\u0142uchu, poniewa\u017c poprawia ukrwienie ucha wewn\u0119trznego, a tym samym wspomaga jego funkcjonowanie.<\/li>\n<li><strong>Cynk<\/strong> \u2013 minera\u0142 ten odgrywa istotn\u0105 rol\u0119 w wielu procesach biochemicznych w organizmie, w tym w utrzymaniu zdrowia kom\u00f3rek s\u0142uchowych. Cynk pomaga w regeneracji tkanek i ma w\u0142a\u015bciwo\u015bci przeciwzapalne, co jest korzystne dla os\u00f3b z problemami ze s\u0142uchem.<\/li>\n<li><strong>Witamina B12<\/strong> \u2013 witamina ta ma kluczowe znaczenie dla zdrowia uk\u0142adu nerwowego, w tym nerw\u00f3w s\u0142uchowych. Niedob\u00f3r witaminy B12 mo\u017ce prowadzi\u0107 do problem\u00f3w ze s\u0142uchem, dlatego jej obecno\u015b\u0107 w preparacie jest szczeg\u00f3lnie istotna.<\/li>\n<li><strong>Magnez<\/strong> \u2013 jest to minera\u0142, kt\u00f3ry wspiera dzia\u0142anie uk\u0142adu nerwowego oraz ma w\u0142a\u015bciwo\u015bci rozkurczowe, co jest przydatne w przypadku os\u00f3b zmagaj\u0105cych si\u0119 z szumami usznymi i napi\u0119ciem w obr\u0119bie g\u0142owy i uszu.<\/li>\n<li><strong>Ekstrakt z zielonej herbaty<\/strong> \u2013 zawiera silne przeciwutleniacze, kt\u00f3re chroni\u0105 kom\u00f3rki przed stresem oksydacyjnym i wspieraj\u0105 ich regeneracj\u0119. Zawarte w nim polifenole pomagaj\u0105 w walce z wolnymi rodnikami, kt\u00f3re mog\u0105 uszkadza\u0107 kom\u00f3rki s\u0142uchowe.<\/li>\n<li><strong>L-karnityna<\/strong> \u2013 substancja wspomagaj\u0105ca metabolizm kom\u00f3rek, w tym tak\u017ce kom\u00f3rek nerwowych w obr\u0119bie ucha wewn\u0119trznego. Pomaga poprawi\u0107 ich funkcjonowanie i regeneracj\u0119.<\/li>\n<\/ol>\n<p style=\"text-align: center;\"><a href=\"https:\/\/kshop2.biz\/culHQy\/\"><button>www.ausen.pl<\/button><\/a><\/p>\n<h2>Efekty Ausen i ich charakterystyka<\/h2>\n<p>Kapsu\u0142ki Ausen dzia\u0142aj\u0105 kompleksowo, wspieraj\u0105c zdrowie uk\u0142adu s\u0142uchowego na kilku poziomach. Oto efekty, jakie mo\u017cna osi\u0105gn\u0105\u0107 dzi\u0119ki regularnemu stosowaniu preparatu:<\/p>\n<ol>\n<li><strong>Poprawa ostro\u015bci s\u0142uchu<\/strong> \u2013 dzi\u0119ki poprawie kr\u0105\u017cenia krwi w obr\u0119bie ucha wewn\u0119trznego i dostarczaniu kom\u00f3rkom s\u0142uchowym odpowiednich sk\u0142adnik\u00f3w od\u017cywczych, s\u0142uch mo\u017ce sta\u0107 si\u0119 bardziej wyra\u017any, a reakcje na d\u017awi\u0119ki szybsze.<\/li>\n<li><strong>Redukcja szum\u00f3w usznych<\/strong> \u2013 osoby zmagaj\u0105ce si\u0119 z uporczywym szumem w uszach mog\u0105 zauwa\u017cy\u0107 znaczn\u0105 popraw\u0119. Preparat wp\u0142ywa na z\u0142agodzenie objaw\u00f3w tinnitus, co przynosi ulg\u0119 i poprawia jako\u015b\u0107 \u017cycia.<\/li>\n<li><strong>Ochrona przed uszkodzeniami s\u0142uchu<\/strong> \u2013 regularne stosowanie kapsu\u0142ek mo\u017ce dzia\u0142a\u0107 prewencyjnie, chroni\u0105c przed uszkodzeniami s\u0142uchu spowodowanymi ha\u0142asem, stresem lub starzeniem si\u0119 organizmu.<\/li>\n<li><strong>Wspomaganie regeneracji kom\u00f3rek s\u0142uchowych<\/strong> \u2013 dzi\u0119ki zawarto\u015bci sk\u0142adnik\u00f3w takich jak cynk, witamina B12 czy L-karnityna, kapsu\u0142ki wspieraj\u0105 regeneracj\u0119 uszkodzonych kom\u00f3rek s\u0142uchowych, co przyczynia si\u0119 do poprawy jako\u015bci s\u0142uchu.<\/li>\n<\/ol>\n<h2>Ryzyko skutk\u00f3w ubocznych<\/h2>\n<p>Kapsu\u0142ki Ausen zawieraj\u0105 wy\u0142\u0105cznie naturalne sk\u0142adniki, dlatego ryzyko wyst\u0105pienia skutk\u00f3w ubocznych jest minimalne. Dzi\u0119ki temu, \u017ce preparat opiera si\u0119 na zio\u0142ach i minera\u0142ach, ryzyko alergii czy innych niepo\u017c\u0105danych reakcji organizmu jest znikome. Niemniej jednak, jak w przypadku ka\u017cdego suplementu diety, nale\u017cy pami\u0119ta\u0107 o przestrzeganiu zalecanych dawek.<\/p>\n<p>Dzi\u0119ki temu, \u017ce preparat nie zawiera sztucznych dodatk\u00f3w ani substancji chemicznych, jest bezpieczny dla organizmu i odpowiedni do d\u0142ugotrwa\u0142ego stosowania. Jednak\u017ce, osoby z indywidualn\u0105 nietolerancj\u0105 na kt\u00f3rykolwiek ze sk\u0142adnik\u00f3w powinny skonsultowa\u0107 si\u0119 z lekarzem przed rozpocz\u0119ciem stosowania kapsu\u0142ek Ausen.<\/p>\n<h2>Opinie klient\u00f3w o Ausen: fora po\u015bwi\u0119cone zdrowiu<\/h2>\n<p>W Polsce coraz wi\u0119cej os\u00f3b decyduje si\u0119 na stosowanie suplement\u00f3w diety wspieraj\u0105cych zdrowie, a jednym z najnowszych hit\u00f3w w tej kategorii sta\u0142y si\u0119 kapsu\u0142ki Ausen. Produkt zyskuje na popularno\u015bci, a w Internecie pojawia si\u0119 coraz wi\u0119cej wzmianek o jego skuteczno\u015bci. Fora internetowe po\u015bwi\u0119cone zdrowiu, takie jak \u201eZdrowie i Uroda\u201d czy \u201ePorady zdrowotne\u201d, sta\u0142y si\u0119 miejscem, gdzie u\u017cytkownicy dziel\u0105 si\u0119 swoimi do\u015bwiadczeniami dotycz\u0105cymi suplement\u00f3w diety, w tym tak\u017ce Ausen.<\/p>\n<p>Wi\u0119kszo\u015b\u0107 u\u017cytkownik\u00f3w podkre\u015bla pozytywne efekty stosowania kapsu\u0142ek. Osoby, kt\u00f3re borykaj\u0105 si\u0119 z problemami ze s\u0142uchem, zauwa\u017caj\u0105 popraw\u0119 ostro\u015bci s\u0142uchu oraz z\u0142agodzenie objaw\u00f3w szum\u00f3w usznych. Cz\u0119\u015b\u0107 u\u017cytkownik\u00f3w wskazuje na to, \u017ce preparat jest \u0142atwy do stosowania, a jego naturalne sk\u0142adniki nie wywo\u0142uj\u0105 skutk\u00f3w ubocznych.<\/p>\n<ul>\n<li><strong>Marek, 58 lat, Krak\u00f3w<\/strong><br \/>\n\u201eOd d\u0142u\u017cszego czasu mia\u0142em problemy ze s\u0142uchem. Zacz\u0119\u0142y si\u0119 pojawia\u0107 szumy uszne, kt\u00f3re bardzo utrudnia\u0142y mi \u017cycie. Pr\u00f3bowa\u0142em r\u00f3\u017cnych metod, ale dopiero kapsu\u0142ki Ausen naprawd\u0119 pomog\u0142y. Zauwa\u017cy\u0142em znaczn\u0105 popraw\u0119 \u2013 szumy s\u0105 du\u017co mniej dokuczliwe, a s\u0142ysz\u0119 wyra\u017aniej. Zdecydowanie polecam ten produkt!\u201d<\/li>\n<li><strong>Anna, 42 lata, Gda\u0144sk<\/strong><br \/>\n\u201eZdecydowa\u0142am si\u0119 na Ausen, poniewa\u017c mia\u0142am problemy z koncentracj\u0105 przez ci\u0105g\u0142e szumy w uszach. Po kilku tygodniach stosowania zauwa\u017cy\u0142am, \u017ce szumy ust\u0105pi\u0142y, a moje s\u0142uchy sta\u0142y si\u0119 wyra\u017aniejsze. Produkt jest bezpieczny, a co najwa\u017cniejsze \u2013 naturalny, co daje mi poczucie komfortu.\u201d<\/li>\n<\/ul>\n<h2>Spos\u00f3b podawania i dawkowanie<\/h2>\n<p>Kapsu\u0142ki Ausen s\u0105 bardzo \u0142atwe w stosowaniu. Produkt nale\u017cy za\u017cywa\u0107 zgodnie z zaleceniami producenta, co zapewnia pe\u0142ne wykorzystanie potencja\u0142u suplementu. Zwykle zalecana dzienna dawka to <strong>2 kapsu\u0142ki<\/strong>, kt\u00f3re nale\u017cy przyj\u0105\u0107 w trakcie posi\u0142ku, popijaj\u0105c je du\u017c\u0105 ilo\u015bci\u0105 wody. Dzi\u0119ki temu sk\u0142adniki aktywne \u0142atwiej si\u0119 wch\u0142aniaj\u0105 i dzia\u0142aj\u0105 w spos\u00f3b bardziej efektywny.<\/p>\n<p>Zaleca si\u0119 regularne stosowanie kapsu\u0142ek przez co najmniej 30 dni, aby zauwa\u017cy\u0107 znaczn\u0105 popraw\u0119 w zakresie s\u0142uchu i z\u0142agodzenia objaw\u00f3w szum\u00f3w usznych. Czasami, aby uzyska\u0107 jeszcze lepsze efekty, mo\u017cna przed\u0142u\u017cy\u0107 stosowanie suplementu przez kilka miesi\u0119cy.<\/p>\n<p>W przypadku w\u0105tpliwo\u015bci dotycz\u0105cych dawkowania lub og\u00f3lnego stosowania preparatu warto skonsultowa\u0107 si\u0119 z lekarzem lub farmaceut\u0105.<\/p>\n<h2>Kup teraz Ausen z dostaw\u0105<\/h2>\n<p>Zakup kapsu\u0142ek Ausen jest bardzo prosty i dost\u0119pny online. Dzi\u0119ki nowoczesnemu systemowi sprzeda\u017cy, mo\u017cna zam\u00f3wi\u0107 produkt z wygod\u0105 dostawy prosto do domu. Co istotne, <strong>op\u0142ata za produkt nie jest wymagana z g\u00f3ry<\/strong> \u2013 p\u0142acisz za produkt <strong>dopiero po jego dostarczeniu<\/strong>. Dzi\u0119ki temu masz pewno\u015b\u0107, \u017ce otrzymasz oryginalny produkt, bez ryzyka, jakie mog\u0142oby si\u0119 wi\u0105za\u0107 z zakupami u niepewnych po\u015brednik\u00f3w.<\/p>\n<p><strong>Czas oczekiwania na dostaw\u0119 to zazwyczaj 3-4 dni robocze w Polsce<\/strong>. Zakup potwierdzany jest telefonicznie przez specjalist\u0119, kt\u00f3ry dzwoni, aby upewni\u0107 si\u0119, \u017ce zam\u00f3wienie zosta\u0142o zrealizowane poprawnie, oraz dostarcza szczeg\u00f3\u0142owe informacje na temat produktu. Specjalista ch\u0119tnie odpowie na pytania dotycz\u0105ce suplementu oraz pomo\u017ce dobra\u0107 odpowiedni\u0105 ilo\u015b\u0107 kapsu\u0142ek, jak r\u00f3wnie\u017c udzieli informacji o bie\u017c\u0105cych promocjach i zni\u017ckach. Dzi\u0119ki temu ca\u0142y proces zakupu staje si\u0119 szybki, bezpieczny i wygodny.<\/p>\n<p style=\"text-align: center;\"><a href=\"https:\/\/kshop2.biz\/culHQy\/\"><button>Zakup na stronie producenta (-50%)<\/button><\/a><\/p>\n<h2>Por\u00f3wnanie ofert: ceny i dost\u0119pno\u015b\u0107 Ausen<\/h2>\n<p>Producent kapsu\u0142ek Ausen stawia na dost\u0119pno\u015b\u0107 swojego produktu dla jak najszerszej grupy odbiorc\u00f3w. Dlatego suplement diety mo\u017cna kupi\u0107 bezpo\u015brednio na <strong>oficjalnej stronie producenta<\/strong>, co pozwala unikn\u0105\u0107 po\u015brednik\u00f3w i dodatkowych koszt\u00f3w zwi\u0105zanych z na\u0142o\u017ceniem mar\u017cy przez apteki czy sklepy internetowe. Dzi\u0119ki temu cena kapsu\u0142ek jest bardzo atrakcyjna, a produkt dost\u0119pny w pe\u0142nej ofercie.<\/p>\n<p>Producent cz\u0119sto wprowadza <strong>promocje i zni\u017cki<\/strong>, kt\u00f3re zmieniaj\u0105 si\u0119 w zale\u017cno\u015bci od okresu. Dlatego warto regularnie sprawdza\u0107 stron\u0119 internetow\u0105, aby skorzysta\u0107 z najnowszych ofert. Dzi\u0119ki temu klienci mog\u0105 kupowa\u0107 kapsu\u0142ki Ausen w atrakcyjnych cenach.<\/p>\n<p><strong>Dlaczego Ausen nie jest dost\u0119pny w aptekach stacjonarnych?<\/strong> To wynik polityki producenta, kt\u00f3ry chce oferowa\u0107 produkt bez po\u015brednik\u00f3w, zapewniaj\u0105c tym samym ni\u017csze ceny dla klient\u00f3w oraz gwarancj\u0119, \u017ce produkt jest oryginalny. Kupuj\u0105c na stronie producenta, masz pewno\u015b\u0107, \u017ce otrzymujesz suplement diety najwy\u017cszej jako\u015bci, bez \u017cadnych ryzyk zwi\u0105zanych z zakupem od nieautoryzowanych sprzedawc\u00f3w.<\/p>\n<p>Kapsu\u0142ki Ausen to naturalne wsparcie dla os\u00f3b borykaj\u0105cych si\u0119 z problemami ze s\u0142uchem. Dzi\u0119ki starannie dobranym sk\u0142adnikom, takim jak mi\u0142orz\u0105b japo\u0144ski, cynk, witamina B12, magnez i inne, preparat poprawia funkcjonowanie uk\u0142adu s\u0142uchowego, wspomaga regeneracj\u0119 kom\u00f3rek s\u0142uchowych oraz chroni przed uszkodzeniami. Jego naturalne sk\u0142adniki sprawiaj\u0105, \u017ce ryzyko wyst\u0105pienia skutk\u00f3w ubocznych jest minimalne, co czyni ten suplement bezpiecznym rozwi\u0105zaniem dla os\u00f3b w ka\u017cdym wieku. Je\u015bli chcesz zadba\u0107 o zdrowie swojego s\u0142uchu, kapsu\u0142ki Ausen mog\u0105 okaza\u0107 si\u0119 skutecznym i naturalnym wsparciem.<\/p>\n","protected":false},"excerpt":{"rendered":"<p style=\"text-align: center;\"><a href=\"https:\/\/kshop2.biz\/culHQy\/\"><button>Kup teraz<\/button><\/a><\/p>\n<p>SKU:\u00a0<span class=\"sku\">789.005.637<\/span><\/p>\n<hr \/>\n<p><small>Produkt sprzedawany jest wy\u0142\u0105cznie za po\u015brednictwem oficjalnej strony producenta, id\u017a i kupuj bezpiecznie!<\/small><\/p>\n","protected":false},"featured_media":1176,"comment_status":"open","ping_status":"closed","template":"","meta":[],"product_brand":[],"product_cat":[15],"product_tag":[],"class_list":{"0":"post-1175","1":"product","2":"type-product","3":"status-publish","4":"has-post-thumbnail","6":"product_cat-supl","7":"thunk-woo-product-list","8":"opn-qv-enable","9":"top-store-woo-hover-","10":"top-store-single-product-tab-horizontal","11":"top-store-shadow-","12":"top-store-shadow-hover-","14":"first","15":"instock","16":"sale","17":"shipping-taxable","18":"purchasable","19":"product-type-simple"},"yoast_head":"<!-- This site is optimized with the Yoast SEO plugin v27.4 - https:\/\/yoast.com\/product\/yoast-seo-wordpress\/ -->\n<title>Ausen - kup suplement, cena w aptece, sk\u0142ad, dzia\u0142anie<\/title>\n<meta name=\"robots\" content=\"index, follow, max-snippet:-1, max-image-preview:large, max-video-preview:-1\" \/>\n<link rel=\"canonical\" href=\"https:\/\/lekarzeopole.pl\/wordpress\/product\/ausen\/\" \/>\n<meta property=\"og:locale\" content=\"pl_PL\" \/>\n<meta property=\"og:type\" content=\"article\" \/>\n<meta property=\"og:title\" content=\"Ausen - kup suplement, cena w aptece, sk\u0142ad, dzia\u0142anie\" \/>\n<meta property=\"og:description\" content=\"Kup teraz SKU:\u00a0789.005.637    Produkt sprzedawany jest wy\u0142\u0105cznie za po\u015brednictwem oficjalnej strony producenta, id\u017a i kupuj bezpiecznie!\" \/>\n<meta property=\"og:url\" content=\"https:\/\/lekarzeopole.pl\/wordpress\/product\/ausen\/\" \/>\n<meta property=\"og:site_name\" content=\"Lekarze Opole\" \/>\n<meta property=\"og:image\" content=\"https:\/\/lekarzeopole.pl\/wordpress\/wp-content\/uploads\/2025\/02\/ausen.webp\" \/>\n\t<meta property=\"og:image:width\" content=\"400\" \/>\n\t<meta property=\"og:image:height\" content=\"400\" \/>\n\t<meta property=\"og:image:type\" content=\"image\/webp\" \/>\n<meta name=\"twitter:card\" content=\"summary_large_image\" \/>\n<meta name=\"twitter:label1\" content=\"Szacowany czas czytania\" \/>\n\t<meta name=\"twitter:data1\" content=\"9 minut\" \/>\n<script type=\"application\/ld+json\" class=\"yoast-schema-graph\">{\"@context\":\"https:\\\/\\\/schema.org\",\"@graph\":[{\"@type\":\"WebPage\",\"@id\":\"https:\\\/\\\/lekarzeopole.pl\\\/wordpress\\\/product\\\/ausen\\\/\",\"url\":\"https:\\\/\\\/lekarzeopole.pl\\\/wordpress\\\/product\\\/ausen\\\/\",\"name\":\"Ausen - kup suplement, cena w aptece, sk\u0142ad, dzia\u0142anie\",\"isPartOf\":{\"@id\":\"https:\\\/\\\/lekarzeopole.pl\\\/wordpress\\\/#website\"},\"primaryImageOfPage\":{\"@id\":\"https:\\\/\\\/lekarzeopole.pl\\\/wordpress\\\/product\\\/ausen\\\/#primaryimage\"},\"image\":{\"@id\":\"https:\\\/\\\/lekarzeopole.pl\\\/wordpress\\\/product\\\/ausen\\\/#primaryimage\"},\"thumbnailUrl\":\"https:\\\/\\\/lekarzeopole.pl\\\/wordpress\\\/wp-content\\\/uploads\\\/2025\\\/02\\\/ausen.webp\",\"datePublished\":\"2025-02-06T17:50:49+00:00\",\"breadcrumb\":{\"@id\":\"https:\\\/\\\/lekarzeopole.pl\\\/wordpress\\\/product\\\/ausen\\\/#breadcrumb\"},\"inLanguage\":\"pl-PL\",\"potentialAction\":[{\"@type\":\"ReadAction\",\"target\":[\"https:\\\/\\\/lekarzeopole.pl\\\/wordpress\\\/product\\\/ausen\\\/\"]}]},{\"@type\":\"ImageObject\",\"inLanguage\":\"pl-PL\",\"@id\":\"https:\\\/\\\/lekarzeopole.pl\\\/wordpress\\\/product\\\/ausen\\\/#primaryimage\",\"url\":\"https:\\\/\\\/lekarzeopole.pl\\\/wordpress\\\/wp-content\\\/uploads\\\/2025\\\/02\\\/ausen.webp\",\"contentUrl\":\"https:\\\/\\\/lekarzeopole.pl\\\/wordpress\\\/wp-content\\\/uploads\\\/2025\\\/02\\\/ausen.webp\",\"width\":400,\"height\":400,\"caption\":\"Ausen\"},{\"@type\":\"BreadcrumbList\",\"@id\":\"https:\\\/\\\/lekarzeopole.pl\\\/wordpress\\\/product\\\/ausen\\\/#breadcrumb\",\"itemListElement\":[{\"@type\":\"ListItem\",\"position\":1,\"name\":\"\u0413\u043b\u0430\u0432\u043d\u0430\u044f \u0441\u0442\u0440\u0430\u043d\u0438\u0446\u0430\",\"item\":\"https:\\\/\\\/lekarzeopole.pl\\\/wordpress\\\/\"},{\"@type\":\"ListItem\",\"position\":2,\"name\":\"Zakup\",\"item\":\"https:\\\/\\\/lekarzeopole.pl\\\/wordpress\\\/\"},{\"@type\":\"ListItem\",\"position\":3,\"name\":\"Ausen\"}]},{\"@type\":\"WebSite\",\"@id\":\"https:\\\/\\\/lekarzeopole.pl\\\/wordpress\\\/#website\",\"url\":\"https:\\\/\\\/lekarzeopole.pl\\\/wordpress\\\/\",\"name\":\"Lekarze Opole\",\"description\":\"\",\"potentialAction\":[{\"@type\":\"SearchAction\",\"target\":{\"@type\":\"EntryPoint\",\"urlTemplate\":\"https:\\\/\\\/lekarzeopole.pl\\\/wordpress\\\/?s={search_term_string}\"},\"query-input\":{\"@type\":\"PropertyValueSpecification\",\"valueRequired\":true,\"valueName\":\"search_term_string\"}}],\"inLanguage\":\"pl-PL\"}]}<\/script>\n<!-- \/ Yoast SEO plugin. -->","yoast_head_json":{"title":"Ausen - kup suplement, cena w aptece, sk\u0142ad, dzia\u0142anie","robots":{"index":"index","follow":"follow","max-snippet":"max-snippet:-1","max-image-preview":"max-image-preview:large","max-video-preview":"max-video-preview:-1"},"canonical":"https:\/\/lekarzeopole.pl\/wordpress\/product\/ausen\/","og_locale":"pl_PL","og_type":"article","og_title":"Ausen - kup suplement, cena w aptece, sk\u0142ad, dzia\u0142anie","og_description":"Kup teraz SKU:\u00a0789.005.637    Produkt sprzedawany jest wy\u0142\u0105cznie za po\u015brednictwem oficjalnej strony producenta, id\u017a i kupuj bezpiecznie!","og_url":"https:\/\/lekarzeopole.pl\/wordpress\/product\/ausen\/","og_site_name":"Lekarze Opole","og_image":[{"width":400,"height":400,"url":"https:\/\/lekarzeopole.pl\/wordpress\/wp-content\/uploads\/2025\/02\/ausen.webp","type":"image\/webp"}],"twitter_card":"summary_large_image","twitter_misc":{"Szacowany czas czytania":"9 minut"},"schema":{"@context":"https:\/\/schema.org","@graph":[{"@type":"WebPage","@id":"https:\/\/lekarzeopole.pl\/wordpress\/product\/ausen\/","url":"https:\/\/lekarzeopole.pl\/wordpress\/product\/ausen\/","name":"Ausen - kup suplement, cena w aptece, sk\u0142ad, dzia\u0142anie","isPartOf":{"@id":"https:\/\/lekarzeopole.pl\/wordpress\/#website"},"primaryImageOfPage":{"@id":"https:\/\/lekarzeopole.pl\/wordpress\/product\/ausen\/#primaryimage"},"image":{"@id":"https:\/\/lekarzeopole.pl\/wordpress\/product\/ausen\/#primaryimage"},"thumbnailUrl":"https:\/\/lekarzeopole.pl\/wordpress\/wp-content\/uploads\/2025\/02\/ausen.webp","datePublished":"2025-02-06T17:50:49+00:00","breadcrumb":{"@id":"https:\/\/lekarzeopole.pl\/wordpress\/product\/ausen\/#breadcrumb"},"inLanguage":"pl-PL","potentialAction":[{"@type":"ReadAction","target":["https:\/\/lekarzeopole.pl\/wordpress\/product\/ausen\/"]}]},{"@type":"ImageObject","inLanguage":"pl-PL","@id":"https:\/\/lekarzeopole.pl\/wordpress\/product\/ausen\/#primaryimage","url":"https:\/\/lekarzeopole.pl\/wordpress\/wp-content\/uploads\/2025\/02\/ausen.webp","contentUrl":"https:\/\/lekarzeopole.pl\/wordpress\/wp-content\/uploads\/2025\/02\/ausen.webp","width":400,"height":400,"caption":"Ausen"},{"@type":"BreadcrumbList","@id":"https:\/\/lekarzeopole.pl\/wordpress\/product\/ausen\/#breadcrumb","itemListElement":[{"@type":"ListItem","position":1,"name":"\u0413\u043b\u0430\u0432\u043d\u0430\u044f \u0441\u0442\u0440\u0430\u043d\u0438\u0446\u0430","item":"https:\/\/lekarzeopole.pl\/wordpress\/"},{"@type":"ListItem","position":2,"name":"Zakup","item":"https:\/\/lekarzeopole.pl\/wordpress\/"},{"@type":"ListItem","position":3,"name":"Ausen"}]},{"@type":"WebSite","@id":"https:\/\/lekarzeopole.pl\/wordpress\/#website","url":"https:\/\/lekarzeopole.pl\/wordpress\/","name":"Lekarze Opole","description":"","potentialAction":[{"@type":"SearchAction","target":{"@type":"EntryPoint","urlTemplate":"https:\/\/lekarzeopole.pl\/wordpress\/?s={search_term_string}"},"query-input":{"@type":"PropertyValueSpecification","valueRequired":true,"valueName":"search_term_string"}}],"inLanguage":"pl-PL"}]}},"_links":{"self":[{"href":"https:\/\/lekarzeopole.pl\/wordpress\/wp-json\/wp\/v2\/product\/1175","targetHints":{"allow":["GET"]}}],"collection":[{"href":"https:\/\/lekarzeopole.pl\/wordpress\/wp-json\/wp\/v2\/product"}],"about":[{"href":"https:\/\/lekarzeopole.pl\/wordpress\/wp-json\/wp\/v2\/types\/product"}],"replies":[{"embeddable":true,"href":"https:\/\/lekarzeopole.pl\/wordpress\/wp-json\/wp\/v2\/comments?post=1175"}],"wp:featuredmedia":[{"embeddable":true,"href":"https:\/\/lekarzeopole.pl\/wordpress\/wp-json\/wp\/v2\/media\/1176"}],"wp:attachment":[{"href":"https:\/\/lekarzeopole.pl\/wordpress\/wp-json\/wp\/v2\/media?parent=1175"}],"wp:term":[{"taxonomy":"product_brand","embeddable":true,"href":"https:\/\/lekarzeopole.pl\/wordpress\/wp-json\/wp\/v2\/product_brand?post=1175"},{"taxonomy":"product_cat","embeddable":true,"href":"https:\/\/lekarzeopole.pl\/wordpress\/wp-json\/wp\/v2\/product_cat?post=1175"},{"taxonomy":"product_tag","embeddable":true,"href":"https:\/\/lekarzeopole.pl\/wordpress\/wp-json\/wp\/v2\/product_tag?post=1175"}],"curies":[{"name":"wp","href":"https:\/\/api.w.org\/{rel}","templated":true}]}}