{"id":1111,"date":"2024-12-06T13:44:21","date_gmt":"2024-12-06T13:44:21","guid":{"rendered":"https:\/\/lekarzeopole.pl\/wordpress\/?post_type=product&#038;p=1111"},"modified":"2024-12-21T12:01:44","modified_gmt":"2024-12-21T12:01:44","slug":"nicotinol","status":"publish","type":"product","link":"https:\/\/lekarzeopole.pl\/wordpress\/product\/nicotinol\/","title":{"rendered":"Nicotinol"},"content":{"rendered":"<p>Palenie papieros\u00f3w to jeden z g\u0142\u00f3wnych powod\u00f3w powa\u017cnych chor\u00f3b i przedwczesnych zgon\u00f3w na ca\u0142ym \u015bwiecie. Pomimo licznych kampanii edukacyjnych, wielu palaczy zmaga si\u0119 z uzale\u017cnieniem, kt\u00f3re trudno pokona\u0107. Jednak w ostatnich latach pojawi\u0142y si\u0119 nowe, skuteczne metody wspomagaj\u0105ce walk\u0119 z tym na\u0142ogiem, w tym suplementy diety, takie jak <em>Nicotinol<\/em> \u2013 kapsu\u0142ki oparte na naturalnych sk\u0142adnikach, kt\u00f3re pomagaj\u0105 w rzuceniu palenia. W artykule przedstawimy, jak dzia\u0142a ten preparat, jakie ma sk\u0142adniki, a tak\u017ce jak mo\u017ce pom\u00f3c w zerwaniu z na\u0142ogiem.<\/p>\n<h2>Wskazania do stosowania Nicotinol<\/h2>\n<p>Nicotinol jest suplementem diety stworzonym z my\u015bl\u0105 o osobach, kt\u00f3re chc\u0105 rzuci\u0107 palenie. Jego sk\u0142ad i dzia\u0142anie zosta\u0142y opracowane tak, aby wspiera\u0107 organizm w walce z uzale\u017cnieniem od nikotyny. Wskazania do stosowania tego preparatu obejmuj\u0105:<\/p>\n<ol>\n<li><strong>Pomoc w rzuceniu palenia<\/strong> \u2013 Nicotinol pomaga w redukcji ch\u0119ci palenia, a tak\u017ce w \u0142agodzeniu objaw\u00f3w odstawienia nikotyny, takich jak dra\u017cliwo\u015b\u0107, nerwowo\u015b\u0107, czy zaburzenia koncentracji.<\/li>\n<li><strong>Zmniejszenie g\u0142odu nikotynowego<\/strong> \u2013 Dzi\u0119ki naturalnym sk\u0142adnikom, kapsu\u0142ki mog\u0105 zmniejszy\u0107 fizyczn\u0105 i psychiczn\u0105 potrzeb\u0119 si\u0119gania po papierosa.<\/li>\n<li><strong>Oczyszczanie organizmu<\/strong> \u2013 Substancje zawarte w Nicotinolu wspomagaj\u0105 detoksykacj\u0119 organizmu, co jest szczeg\u00f3lnie istotne po d\u0142ugotrwa\u0142ym paleniu.<\/li>\n<li><strong>Poprawa samopoczucia<\/strong> \u2013 Wspomaga popraw\u0119 stanu psychicznego, co jest wa\u017cnym elementem w procesie rzucania palenia.<\/li>\n<\/ol>\n<p>Nicotinol mo\u017ce by\u0107 stosowany zar\u00f3wno przez osoby, kt\u00f3re dopiero zaczynaj\u0105 swoj\u0105 drog\u0119 do rzucenia palenia, jak i przez te, kt\u00f3re pr\u00f3bowa\u0142y ju\u017c innych metod, ale nie uda\u0142o im si\u0119 skutecznie zerwa\u0107 z na\u0142ogiem.<\/p>\n<h2>Sk\u0142ad i dzia\u0142anie sk\u0142adnik\u00f3w Nicotinol<\/h2>\n<p>Nicotinol to preparat oparty na naturalnych sk\u0142adnikach, kt\u00f3re wspieraj\u0105 organizm w walce z uzale\u017cnieniem od nikotyny. Poni\u017cej przedstawiamy najwa\u017cniejsze sk\u0142adniki, kt\u00f3re znalaz\u0142y si\u0119 w formule tego suplementu:<\/p>\n<ol>\n<li><strong>Ekstrakt z zielonej herbaty<\/strong> \u2013 Zielona herbata jest bogata w polifenole, kt\u00f3re maj\u0105 silne w\u0142a\u015bciwo\u015bci przeciwutleniaj\u0105ce. Pomaga to oczy\u015bci\u0107 organizm z toksyn, w tym z pozosta\u0142o\u015bci nikotyny. Dodatkowo, zielona herbata mo\u017ce wspiera\u0107 procesy metaboliczne, co jest istotne w czasie rzucania palenia, gdy organizm przechodzi intensywn\u0105 regeneracj\u0119.<\/li>\n<li><strong>Ekstrakt z korzenia lukrecji<\/strong> \u2013 Lukrecja dzia\u0142a koj\u0105co na uk\u0142ad nerwowy, co jest pomocne w walce z objawami odstawienia nikotyny, takimi jak l\u0119k, stres czy dra\u017cliwo\u015b\u0107. Korze\u0144 lukrecji wspomaga r\u00f3wnie\u017c proces oczyszczania organizmu z toksyn.<\/li>\n<li><strong>Cholina<\/strong> \u2013 Jest to sk\u0142adnik, kt\u00f3ry wspiera prawid\u0142owe funkcjonowanie uk\u0142adu nerwowego, a tak\u017ce pomaga w redukcji stresu i napi\u0119cia. Dzi\u0119ki cholinie, Nicotinol mo\u017ce zmniejszy\u0107 objawy uzale\u017cnienia zwi\u0105zane z na\u0142ogiem nikotynowym.<\/li>\n<li><strong>Witamina B6 i B12<\/strong> \u2013 Te witaminy odgrywaj\u0105 kluczow\u0105 rol\u0119 w procesach metabolicznych, wspieraj\u0105 uk\u0142ad nerwowy i pomagaj\u0105 w regeneracji organizmu po d\u0142ugotrwa\u0142ym paleniu. Ponadto witamina B6 pomaga w redukcji uczucia zm\u0119czenia, kt\u00f3re mo\u017ce wyst\u0119powa\u0107 podczas procesu rzucania palenia.<\/li>\n<li><strong>Ekstrakt z owocu dzikiej r\u00f3\u017cy<\/strong> \u2013 Jest \u017ar\u00f3d\u0142em witaminy C, kt\u00f3ra wspomaga uk\u0142ad odporno\u015bciowy i dzia\u0142a przeciwzapalnie. Dodatkowo, dzika r\u00f3\u017ca wspiera procesy detoksykacyjne w organizmie.<\/li>\n<\/ol>\n<p>Dzi\u0119ki synergicznemu dzia\u0142aniu tych sk\u0142adnik\u00f3w, Nicotinol mo\u017ce pom\u00f3c w skutecznym pozbyciu si\u0119 uzale\u017cnienia od nikotyny, \u0142agodz\u0105c objawy odstawienia, oczyszczaj\u0105c organizm i wspieraj\u0105c zdrowie psychiczne.<\/p>\n<p style=\"text-align: center;\"><a href=\"https:\/\/tl-track.com\/tracker\/uTCe\"><button>www.nicotinol.pl<\/button><\/a><\/p>\n<h2>Efekty Nicotinol i ich charakterystyka<\/h2>\n<p>Regularne stosowanie kapsu\u0142ek Nicotinol prowadzi do wielu korzy\u015bci zdrowotnych. Oto najwa\u017cniejsze efekty, kt\u00f3re mo\u017cna zaobserwowa\u0107 po kilku tygodniach stosowania tego suplementu:<\/p>\n<ol>\n<li><strong>Zmniejszenie g\u0142odu nikotynowego<\/strong> \u2013 Zmniejsza si\u0119 potrzeba palenia, co jest efektem dzia\u0142ania sk\u0142adnik\u00f3w, kt\u00f3re pomagaj\u0105 w \u0142agodzeniu objaw\u00f3w odstawienia nikotyny.<\/li>\n<li><strong>\u0141agodzenie objaw\u00f3w odstawienia<\/strong> \u2013 Dzia\u0142a koj\u0105co na uk\u0142ad nerwowy, zmniejszaj\u0105c objawy takie jak nerwowo\u015b\u0107, dra\u017cliwo\u015b\u0107 czy trudno\u015bci w koncentracji, kt\u00f3re s\u0105 cz\u0119sto zwi\u0105zane z pr\u00f3b\u0105 zerwania z na\u0142ogiem.<\/li>\n<li><strong>Detoksykacja organizmu<\/strong> \u2013 Sk\u0142adniki Nicotinol wspomagaj\u0105 usuwanie toksyn z organizmu, w tym resztek nikotyny i innych szkodliwych substancji zawartych w dymie papierosowym.<\/li>\n<li><strong>Poprawa stanu psychicznego<\/strong> \u2013 Suplement wspiera uk\u0142ad nerwowy, co pomaga w walce ze stresem i l\u0119kiem, kt\u00f3re cz\u0119sto pojawiaj\u0105 si\u0119 u os\u00f3b rzucaj\u0105cych palenie.<\/li>\n<li><strong>Poprawa og\u00f3lnego samopoczucia<\/strong> \u2013 Dzia\u0142anie przeciwutleniaj\u0105ce i wspomagaj\u0105ce metabolizm sk\u0142adnik\u00f3w Nicotinol prowadzi do poprawy og\u00f3lnej kondycji fizycznej i psychicznej.<\/li>\n<\/ol>\n<p>Efekty te pojawiaj\u0105 si\u0119 stopniowo, a regularne stosowanie kapsu\u0142ek przyczynia si\u0119 do coraz wi\u0119kszego zmniejszenia potrzeby palenia i poprawy zdrowia.<\/p>\n<h2>Ryzyko skutk\u00f3w ubocznych<\/h2>\n<p>Nicotinol jest suplementem opartym na naturalnych sk\u0142adnikach, co sprawia, \u017ce ryzyko wyst\u0105pienia skutk\u00f3w ubocznych jest minimalne. W odr\u00f3\u017cnieniu od farmakologicznych \u015brodk\u00f3w wspomagaj\u0105cych rzucenie palenia, Nicotinol nie zawiera nikotyny ani innych substancji chemicznych, kt\u00f3re mog\u0142yby powodowa\u0107 dzia\u0142ania niepo\u017c\u0105dane.<\/p>\n<p>Jednak jak w przypadku ka\u017cdego suplementu diety, warto pami\u0119ta\u0107 o kilku kwestiach:<\/p>\n<ul>\n<li>Osoby uczulone na jakikolwiek sk\u0142adnik preparatu powinny unika\u0107 jego stosowania.<\/li>\n<li>Kobiety w ci\u0105\u017cy, karmi\u0105ce piersi\u0105 oraz osoby z powa\u017cnymi schorzeniami zdrowotnymi (np. chorobami serca, w\u0105troby, nerek) przed rozpocz\u0119ciem stosowania Nicotinol powinny skonsultowa\u0107 si\u0119 z lekarzem.<\/li>\n<\/ul>\n<p>Wszystkie sk\u0142adniki Nicotinol s\u0105 pochodzenia naturalnego, co minimalizuje ryzyko wyst\u0105pienia dzia\u0142a\u0144 niepo\u017c\u0105danych. Dzi\u0119ki temu preparat jest bezpiecznym wsparciem w walce z na\u0142ogiem nikotynowym.<\/p>\n<h2>Opinie klient\u00f3w o Nicotinol: fora po\u015bwi\u0119cone zdrowiu<\/h2>\n<p>W Polsce temat rzucania palenia jest cz\u0119sto poruszany na forach internetowych i w grupach dyskusyjnych, kt\u00f3re skupiaj\u0105 si\u0119 na zdrowiu, suplementach diety i naturalnych metodach leczenia. Nicotinol, jako preparat wspomagaj\u0105cy walk\u0119 z uzale\u017cnieniem od nikotyny, zyskuje coraz wi\u0119ksz\u0105 popularno\u015b\u0107 w\u015br\u00f3d u\u017cytkownik\u00f3w internetu. Na forach zdrowotnych, takich jak <strong>Forum Palenie Papieros\u00f3w<\/strong>, <strong>Forum Rzucam Palenie<\/strong>, czy <strong>Zdrowie i Suplementacja<\/strong>, mo\u017cna znale\u017a\u0107 liczne w\u0105tki po\u015bwi\u0119cone temu produktowi.<\/p>\n<p>Wi\u0119kszo\u015b\u0107 u\u017cytkownik\u00f3w opisuje pozytywne do\u015bwiadczenia zwi\u0105zane ze stosowaniem Nicotinol, wskazuj\u0105c na popraw\u0119 samopoczucia, zmniejszenie g\u0142odu nikotynowego i brak efekt\u00f3w ubocznych. Co wa\u017cne, wielu z nich podkre\u015bla r\u00f3wnie\u017c \u0142atwo\u015b\u0107 zakupu i dost\u0119pno\u015b\u0107 preparatu. Poni\u017cej przedstawiamy dwa przyk\u0142ady opinii u\u017cytkownik\u00f3w:<\/p>\n<ul>\n<li><strong>Agnieszka, 32 lata, Gda\u0144sk:<\/strong><br \/>\n\u201eZdecydowa\u0142am si\u0119 na Nicotinol po wielu nieudanych pr\u00f3bach rzucenia palenia. Ju\u017c po kilku dniach stosowania poczu\u0142am znaczn\u0105 r\u00f3\u017cnic\u0119 \u2013 nie mia\u0142am ju\u017c ochoty na papierosa, a stres i dra\u017cliwo\u015b\u0107 znikn\u0119\u0142y. Uwa\u017cam, \u017ce to \u015bwietna alternatywa dla plastr\u00f3w nikotynowych i innych metod. Dodatkowo, cena jest bardzo przyst\u0119pna, a dostawa odbywa si\u0119 szybko i bezproblemowo.\u201d<\/li>\n<li><strong>Tomasz, 45 lat, Krak\u00f3w:<\/strong><br \/>\n\u201eNigdy nie wierzy\u0142em w suplementy diety na rzucenie palenia, ale Nicotinol naprawd\u0119 mnie zaskoczy\u0142. Preparat nie tylko pom\u00f3g\u0142 mi zredukowa\u0107 ch\u0119\u0107 palenia, ale r\u00f3wnie\u017c poprawi\u0142 moje samopoczucie. Najlepsze jest to, \u017ce nie mia\u0142em \u017cadnych skutk\u00f3w ubocznych, co zdarza\u0142o si\u0119 przy innych metodach. Dodatkowo, proces zakupu i dostawy przebieg\u0142 bardzo sprawnie.\u201d<\/li>\n<\/ul>\n<p>Warto doda\u0107, \u017ce na forach u\u017cytkownicy cz\u0119sto dziel\u0105 si\u0119 swoimi do\u015bwiadczeniami z leczeniem uzale\u017cnienia od nikotyny, a ich opinie na temat Nicotinol s\u0105 w zdecydowanej wi\u0119kszo\u015bci pozytywne, co \u015bwiadczy o jego skuteczno\u015bci i wysokiej jako\u015bci.<\/p>\n<h2>Spos\u00f3b podawania i dawkowanie<\/h2>\n<p>Aby osi\u0105gn\u0105\u0107 najlepsze efekty, nale\u017cy przestrzega\u0107 zalece\u0144 dotycz\u0105cych dawkowania Nicotinol. Suplement jest dost\u0119pny w formie kapsu\u0142ek, kt\u00f3re nale\u017cy przyjmowa\u0107 regularnie, zgodnie z instrukcj\u0105 producenta. Zalecane dawkowanie to:<\/p>\n<ul>\n<li><strong>1 kapsu\u0142ka dziennie<\/strong> \u2013 najlepiej rano, przed posi\u0142kiem, popijaj\u0105c du\u017c\u0105 ilo\u015bci\u0105 wody. Mo\u017cna r\u00f3wnie\u017c przyj\u0105\u0107 kapsu\u0142k\u0119 w po\u0142udnie lub wieczorem, je\u015bli taka forma jest bardziej dogodna.<\/li>\n<li><strong>Czas stosowania<\/strong> \u2013 zaleca si\u0119 stosowanie preparatu przez co najmniej 3 tygodnie, aby odczu\u0107 pe\u0142ne efekty. W przypadku os\u00f3b, kt\u00f3re borykaj\u0105 si\u0119 z silnym uzale\u017cnieniem od nikotyny, kuracj\u0119 mo\u017cna wyd\u0142u\u017cy\u0107 do 2-3 miesi\u0119cy.<\/li>\n<\/ul>\n<p>Warto pami\u0119ta\u0107, \u017ce Nicotinol dzia\u0142a najlepiej w po\u0142\u0105czeniu z odpowiedni\u0105 motywacj\u0105 i wsparciem, a tak\u017ce zdrowym trybem \u017cycia. Regularno\u015b\u0107 w przyjmowaniu kapsu\u0142ek oraz zachowanie odpowiedniej diety i aktywno\u015bci fizycznej wspomagaj\u0105 proces detoksykacji i regeneracji organizmu.<\/p>\n<p style=\"text-align: center;\"><a href=\"https:\/\/tl-track.com\/tracker\/uTCe\"><button>Zakup na stronie producenta (-50%)<\/button><\/a><\/p>\n<h2>Kup teraz Nicotinol z dostaw\u0105<\/h2>\n<p>Zakup Nicotinol jest szybki i wygodny, dzi\u0119ki mo\u017cliwo\u015bci zam\u00f3wienia produktu online. Jednym z g\u0142\u00f3wnych atut\u00f3w tego suplementu jest to, \u017ce <strong>nie trzeba p\u0142aci\u0107 za produkt z g\u00f3ry<\/strong> \u2013 op\u0142ata jest realizowana dopiero przy dostawie, co zapewnia pe\u0142ne bezpiecze\u0144stwo transakcji. Dzi\u0119ki temu unikamy ryzyka zakupu podr\u00f3bek, a tak\u017ce mamy pewno\u015b\u0107, \u017ce otrzymamy oryginalny produkt.<\/p>\n<p>Proces zakupu odbywa si\u0119 bezproblemowo:<\/p>\n<ol>\n<li>Wystarczy przej\u015b\u0107 na <strong>oficjaln\u0105 stron\u0119 producenta<\/strong>, gdzie mo\u017cna dokona\u0107 zam\u00f3wienia.<\/li>\n<li>Po z\u0142o\u017ceniu zam\u00f3wienia, potwierdzenie transakcji otrzymujemy za po\u015brednictwem telefonu, a konsultant pomo\u017ce w wyborze odpowiedniej ilo\u015bci produktu oraz informuje o aktualnych promocjach.<\/li>\n<li>Produkt zostaje wys\u0142any w ci\u0105gu 3-4 dni roboczych w obr\u0119bie Polski, a dostawa jest realizowana bezpo\u015brednio pod wskazany adres.<\/li>\n<\/ol>\n<p>Zalet\u0105 takiej formy zakupu jest r\u00f3wnie\u017c \u0142atwo\u015b\u0107 kontaktu z konsultantem, kt\u00f3ry udzieli odpowiedzi na wszelkie pytania dotycz\u0105ce dzia\u0142ania Nicotinol oraz pomo\u017ce dobra\u0107 odpowiedni\u0105 ilo\u015b\u0107 kapsu\u0142ek w zale\u017cno\u015bci od stopnia uzale\u017cnienia. Ponadto, dzi\u0119ki tej formule, mo\u017cliwe jest skorzystanie z r\u00f3\u017cnych <strong>promocji<\/strong> i <strong>zni\u017cek<\/strong>, kt\u00f3re s\u0105 dost\u0119pne tylko na stronie producenta.<\/p>\n<h2>Por\u00f3wnanie ofert: ceny i dost\u0119pno\u015b\u0107 Nicotinol<\/h2>\n<p>Producent Nicotinol stawia na <strong>dost\u0119pno\u015b\u0107<\/strong> swojego produktu, eliminuj\u0105c po\u015brednik\u00f3w i dodatkowe koszty zwi\u0105zane z zakupem w aptekach stacjonarnych. Dzi\u0119ki temu cena suplementu jest bardziej <strong>przyst\u0119pna<\/strong> dla klient\u00f3w, a produkt dost\u0119pny jest bezpo\u015brednio na <strong>oficjalnej stronie<\/strong> producenta, bez dodatkowych mar\u017cy.<\/p>\n<ul>\n<li><strong>Dost\u0119pno\u015b\u0107<\/strong> \u2013 Nicotinol mo\u017cna kupi\u0107 <strong>tylko na oficjalnej stronie producenta<\/strong>, co zapewnia pewno\u015b\u0107 zakupu oryginalnego produktu bez obawy o podr\u00f3bki. Dzi\u0119ki eliminacji po\u015brednik\u00f3w, cena jest ni\u017csza, a transakcja bardziej korzystna dla konsumenta.<\/li>\n<li><strong>Promocje<\/strong> \u2013 Na stronie producenta cz\u0119sto pojawiaj\u0105 si\u0119 <strong>oferty specjalne<\/strong>, takie jak zni\u017cki na wi\u0119ksze zam\u00f3wienia lub promocje sezonowe. Z tego wzgl\u0119du warto regularnie sprawdza\u0107 dost\u0119pno\u015b\u0107 produkt\u00f3w i aktualne oferty, aby skorzysta\u0107 z najlepszej ceny.<\/li>\n<li><strong>Brak sprzeda\u017cy w aptekach<\/strong> \u2013 Nicotinol nie jest dost\u0119pny w tradycyjnych aptekach, co pozwala producentowi unikn\u0105\u0107 dodatkowych koszt\u00f3w zwi\u0105zanych z dystrybucj\u0105 i sprzeda\u017c\u0105 przez po\u015brednik\u00f3w.<\/li>\n<\/ul>\n<p>Dzi\u0119ki takiej polityce sprzeda\u017cy, <strong>Nicotinol<\/strong> jest dost\u0119pny w atrakcyjnej cenie, a ka\u017cdy u\u017cytkownik ma pewno\u015b\u0107, \u017ce kupuje produkt najwy\u017cszej jako\u015bci, bez ryzyka zakupu podr\u00f3bek. Je\u015bli chcesz skorzysta\u0107 z tej skutecznej metody rzucania palenia, najlepszym rozwi\u0105zaniem jest zakup bezpo\u015brednio przez oficjaln\u0105 stron\u0119 producenta.<\/p>\n<h3>Podsumowanie<\/h3>\n<p>Nicotinol to skuteczny, naturalny suplement diety, kt\u00f3ry zdoby\u0142 zaufanie wielu u\u017cytkownik\u00f3w w Polsce. Dzi\u0119ki pozytywnym opiniom na forach zdrowotnych, \u0142atwej dost\u0119pno\u015bci, atrakcyjnej cenie i wygodnej formie zakupu, jest to jedno z najlepszych rozwi\u0105za\u0144 wspomagaj\u0105cych rzucenie palenia. Dzi\u0119ki mo\u017cliwo\u015bci zakupu online, bez konieczno\u015bci wcze\u015bniejszej zap\u0142aty, oraz dostawie bezpo\u015brednio do domu, preparat jest wygodny w u\u017cyciu i bezpieczny. Regularne stosowanie Nicotinol w po\u0142\u0105czeniu z motywacj\u0105 i wsparciem pozwala skutecznie pozby\u0107 si\u0119 na\u0142ogu nikotynowego i poprawi\u0107 og\u00f3lne zdrowie.<\/p>\n","protected":false},"excerpt":{"rendered":"<p style=\"text-align: center;\"><a href=\"https:\/\/tl-track.com\/tracker\/uTCe\"><button>Kup teraz<\/button><\/a><\/p>\n<p>SKU:\u00a0<span class=\"sku\">789.005.843<\/span><\/p>\n<hr \/>\n<p><small>Produkt sprzedawany jest wy\u0142\u0105cznie za po\u015brednictwem oficjalnej strony producenta, id\u017a i kupuj bezpiecznie!<\/small><\/p>\n","protected":false},"featured_media":1112,"comment_status":"open","ping_status":"closed","template":"","meta":[],"product_brand":[],"product_cat":[15],"product_tag":[],"class_list":{"0":"post-1111","1":"product","2":"type-product","3":"status-publish","4":"has-post-thumbnail","6":"product_cat-supl","7":"thunk-woo-product-list","8":"opn-qv-enable","9":"top-store-woo-hover-","10":"top-store-single-product-tab-horizontal","11":"top-store-shadow-","12":"top-store-shadow-hover-","14":"first","15":"instock","16":"sale","17":"shipping-taxable","18":"purchasable","19":"product-type-simple"},"yoast_head":"<!-- This site is optimized with the Yoast SEO plugin v27.4 - https:\/\/yoast.com\/product\/yoast-seo-wordpress\/ -->\n<title>Nicotinol - kup suplement, cena w aptece, sk\u0142ad, dzia\u0142anie<\/title>\n<meta name=\"robots\" content=\"index, follow, max-snippet:-1, max-image-preview:large, max-video-preview:-1\" \/>\n<link rel=\"canonical\" href=\"https:\/\/lekarzeopole.pl\/wordpress\/product\/nicotinol\/\" \/>\n<meta property=\"og:locale\" content=\"pl_PL\" \/>\n<meta property=\"og:type\" content=\"article\" \/>\n<meta property=\"og:title\" content=\"Nicotinol - kup suplement, cena w aptece, sk\u0142ad, dzia\u0142anie\" \/>\n<meta property=\"og:description\" content=\"Kup teraz SKU:\u00a0789.005.843    Produkt sprzedawany jest wy\u0142\u0105cznie za po\u015brednictwem oficjalnej strony producenta, id\u017a i kupuj bezpiecznie!\" \/>\n<meta property=\"og:url\" content=\"https:\/\/lekarzeopole.pl\/wordpress\/product\/nicotinol\/\" \/>\n<meta property=\"og:site_name\" content=\"Lekarze Opole\" \/>\n<meta property=\"article:modified_time\" content=\"2024-12-21T12:01:44+00:00\" \/>\n<meta property=\"og:image\" content=\"https:\/\/lekarzeopole.pl\/wordpress\/wp-content\/uploads\/2024\/12\/nicotinol.png\" \/>\n\t<meta property=\"og:image:width\" content=\"400\" \/>\n\t<meta property=\"og:image:height\" content=\"400\" \/>\n\t<meta property=\"og:image:type\" content=\"image\/png\" \/>\n<meta name=\"twitter:card\" content=\"summary_large_image\" \/>\n<meta name=\"twitter:label1\" content=\"Szacowany czas czytania\" \/>\n\t<meta name=\"twitter:data1\" content=\"10 minut\" \/>\n<script type=\"application\/ld+json\" class=\"yoast-schema-graph\">{\"@context\":\"https:\\\/\\\/schema.org\",\"@graph\":[{\"@type\":\"WebPage\",\"@id\":\"https:\\\/\\\/lekarzeopole.pl\\\/wordpress\\\/product\\\/nicotinol\\\/\",\"url\":\"https:\\\/\\\/lekarzeopole.pl\\\/wordpress\\\/product\\\/nicotinol\\\/\",\"name\":\"Nicotinol - kup suplement, cena w aptece, sk\u0142ad, dzia\u0142anie\",\"isPartOf\":{\"@id\":\"https:\\\/\\\/lekarzeopole.pl\\\/wordpress\\\/#website\"},\"primaryImageOfPage\":{\"@id\":\"https:\\\/\\\/lekarzeopole.pl\\\/wordpress\\\/product\\\/nicotinol\\\/#primaryimage\"},\"image\":{\"@id\":\"https:\\\/\\\/lekarzeopole.pl\\\/wordpress\\\/product\\\/nicotinol\\\/#primaryimage\"},\"thumbnailUrl\":\"https:\\\/\\\/lekarzeopole.pl\\\/wordpress\\\/wp-content\\\/uploads\\\/2024\\\/12\\\/nicotinol.png\",\"datePublished\":\"2024-12-06T13:44:21+00:00\",\"dateModified\":\"2024-12-21T12:01:44+00:00\",\"breadcrumb\":{\"@id\":\"https:\\\/\\\/lekarzeopole.pl\\\/wordpress\\\/product\\\/nicotinol\\\/#breadcrumb\"},\"inLanguage\":\"pl-PL\",\"potentialAction\":[{\"@type\":\"ReadAction\",\"target\":[\"https:\\\/\\\/lekarzeopole.pl\\\/wordpress\\\/product\\\/nicotinol\\\/\"]}]},{\"@type\":\"ImageObject\",\"inLanguage\":\"pl-PL\",\"@id\":\"https:\\\/\\\/lekarzeopole.pl\\\/wordpress\\\/product\\\/nicotinol\\\/#primaryimage\",\"url\":\"https:\\\/\\\/lekarzeopole.pl\\\/wordpress\\\/wp-content\\\/uploads\\\/2024\\\/12\\\/nicotinol.png\",\"contentUrl\":\"https:\\\/\\\/lekarzeopole.pl\\\/wordpress\\\/wp-content\\\/uploads\\\/2024\\\/12\\\/nicotinol.png\",\"width\":400,\"height\":400,\"caption\":\"Nicotinol\"},{\"@type\":\"BreadcrumbList\",\"@id\":\"https:\\\/\\\/lekarzeopole.pl\\\/wordpress\\\/product\\\/nicotinol\\\/#breadcrumb\",\"itemListElement\":[{\"@type\":\"ListItem\",\"position\":1,\"name\":\"\u0413\u043b\u0430\u0432\u043d\u0430\u044f \u0441\u0442\u0440\u0430\u043d\u0438\u0446\u0430\",\"item\":\"https:\\\/\\\/lekarzeopole.pl\\\/wordpress\\\/\"},{\"@type\":\"ListItem\",\"position\":2,\"name\":\"Zakup\",\"item\":\"https:\\\/\\\/lekarzeopole.pl\\\/wordpress\\\/\"},{\"@type\":\"ListItem\",\"position\":3,\"name\":\"Nicotinol\"}]},{\"@type\":\"WebSite\",\"@id\":\"https:\\\/\\\/lekarzeopole.pl\\\/wordpress\\\/#website\",\"url\":\"https:\\\/\\\/lekarzeopole.pl\\\/wordpress\\\/\",\"name\":\"Lekarze Opole\",\"description\":\"\",\"potentialAction\":[{\"@type\":\"SearchAction\",\"target\":{\"@type\":\"EntryPoint\",\"urlTemplate\":\"https:\\\/\\\/lekarzeopole.pl\\\/wordpress\\\/?s={search_term_string}\"},\"query-input\":{\"@type\":\"PropertyValueSpecification\",\"valueRequired\":true,\"valueName\":\"search_term_string\"}}],\"inLanguage\":\"pl-PL\"}]}<\/script>\n<!-- \/ Yoast SEO plugin. -->","yoast_head_json":{"title":"Nicotinol - kup suplement, cena w aptece, sk\u0142ad, dzia\u0142anie","robots":{"index":"index","follow":"follow","max-snippet":"max-snippet:-1","max-image-preview":"max-image-preview:large","max-video-preview":"max-video-preview:-1"},"canonical":"https:\/\/lekarzeopole.pl\/wordpress\/product\/nicotinol\/","og_locale":"pl_PL","og_type":"article","og_title":"Nicotinol - kup suplement, cena w aptece, sk\u0142ad, dzia\u0142anie","og_description":"Kup teraz SKU:\u00a0789.005.843    Produkt sprzedawany jest wy\u0142\u0105cznie za po\u015brednictwem oficjalnej strony producenta, id\u017a i kupuj bezpiecznie!","og_url":"https:\/\/lekarzeopole.pl\/wordpress\/product\/nicotinol\/","og_site_name":"Lekarze Opole","article_modified_time":"2024-12-21T12:01:44+00:00","og_image":[{"width":400,"height":400,"url":"https:\/\/lekarzeopole.pl\/wordpress\/wp-content\/uploads\/2024\/12\/nicotinol.png","type":"image\/png"}],"twitter_card":"summary_large_image","twitter_misc":{"Szacowany czas czytania":"10 minut"},"schema":{"@context":"https:\/\/schema.org","@graph":[{"@type":"WebPage","@id":"https:\/\/lekarzeopole.pl\/wordpress\/product\/nicotinol\/","url":"https:\/\/lekarzeopole.pl\/wordpress\/product\/nicotinol\/","name":"Nicotinol - kup suplement, cena w aptece, sk\u0142ad, dzia\u0142anie","isPartOf":{"@id":"https:\/\/lekarzeopole.pl\/wordpress\/#website"},"primaryImageOfPage":{"@id":"https:\/\/lekarzeopole.pl\/wordpress\/product\/nicotinol\/#primaryimage"},"image":{"@id":"https:\/\/lekarzeopole.pl\/wordpress\/product\/nicotinol\/#primaryimage"},"thumbnailUrl":"https:\/\/lekarzeopole.pl\/wordpress\/wp-content\/uploads\/2024\/12\/nicotinol.png","datePublished":"2024-12-06T13:44:21+00:00","dateModified":"2024-12-21T12:01:44+00:00","breadcrumb":{"@id":"https:\/\/lekarzeopole.pl\/wordpress\/product\/nicotinol\/#breadcrumb"},"inLanguage":"pl-PL","potentialAction":[{"@type":"ReadAction","target":["https:\/\/lekarzeopole.pl\/wordpress\/product\/nicotinol\/"]}]},{"@type":"ImageObject","inLanguage":"pl-PL","@id":"https:\/\/lekarzeopole.pl\/wordpress\/product\/nicotinol\/#primaryimage","url":"https:\/\/lekarzeopole.pl\/wordpress\/wp-content\/uploads\/2024\/12\/nicotinol.png","contentUrl":"https:\/\/lekarzeopole.pl\/wordpress\/wp-content\/uploads\/2024\/12\/nicotinol.png","width":400,"height":400,"caption":"Nicotinol"},{"@type":"BreadcrumbList","@id":"https:\/\/lekarzeopole.pl\/wordpress\/product\/nicotinol\/#breadcrumb","itemListElement":[{"@type":"ListItem","position":1,"name":"\u0413\u043b\u0430\u0432\u043d\u0430\u044f \u0441\u0442\u0440\u0430\u043d\u0438\u0446\u0430","item":"https:\/\/lekarzeopole.pl\/wordpress\/"},{"@type":"ListItem","position":2,"name":"Zakup","item":"https:\/\/lekarzeopole.pl\/wordpress\/"},{"@type":"ListItem","position":3,"name":"Nicotinol"}]},{"@type":"WebSite","@id":"https:\/\/lekarzeopole.pl\/wordpress\/#website","url":"https:\/\/lekarzeopole.pl\/wordpress\/","name":"Lekarze Opole","description":"","potentialAction":[{"@type":"SearchAction","target":{"@type":"EntryPoint","urlTemplate":"https:\/\/lekarzeopole.pl\/wordpress\/?s={search_term_string}"},"query-input":{"@type":"PropertyValueSpecification","valueRequired":true,"valueName":"search_term_string"}}],"inLanguage":"pl-PL"}]}},"_links":{"self":[{"href":"https:\/\/lekarzeopole.pl\/wordpress\/wp-json\/wp\/v2\/product\/1111","targetHints":{"allow":["GET"]}}],"collection":[{"href":"https:\/\/lekarzeopole.pl\/wordpress\/wp-json\/wp\/v2\/product"}],"about":[{"href":"https:\/\/lekarzeopole.pl\/wordpress\/wp-json\/wp\/v2\/types\/product"}],"replies":[{"embeddable":true,"href":"https:\/\/lekarzeopole.pl\/wordpress\/wp-json\/wp\/v2\/comments?post=1111"}],"wp:featuredmedia":[{"embeddable":true,"href":"https:\/\/lekarzeopole.pl\/wordpress\/wp-json\/wp\/v2\/media\/1112"}],"wp:attachment":[{"href":"https:\/\/lekarzeopole.pl\/wordpress\/wp-json\/wp\/v2\/media?parent=1111"}],"wp:term":[{"taxonomy":"product_brand","embeddable":true,"href":"https:\/\/lekarzeopole.pl\/wordpress\/wp-json\/wp\/v2\/product_brand?post=1111"},{"taxonomy":"product_cat","embeddable":true,"href":"https:\/\/lekarzeopole.pl\/wordpress\/wp-json\/wp\/v2\/product_cat?post=1111"},{"taxonomy":"product_tag","embeddable":true,"href":"https:\/\/lekarzeopole.pl\/wordpress\/wp-json\/wp\/v2\/product_tag?post=1111"}],"curies":[{"name":"wp","href":"https:\/\/api.w.org\/{rel}","templated":true}]}}