{"id":105,"date":"2024-02-02T11:06:23","date_gmt":"2024-02-02T11:06:23","guid":{"rendered":"https:\/\/lekarzeopole.pl\/wordpress\/?post_type=product&#038;p=105"},"modified":"2024-06-06T16:29:50","modified_gmt":"2024-06-06T16:29:50","slug":"cardiominal","status":"publish","type":"product","link":"https:\/\/lekarzeopole.pl\/wordpress\/product\/cardiominal\/","title":{"rendered":"Cardiominal"},"content":{"rendered":"<div class=\"w-full text-token-text-primary\" data-testid=\"conversation-turn-3\">\n<div class=\"px-4 py-2 justify-center text-base md:gap-6 m-auto\">\n<div class=\"flex flex-1 text-base mx-auto gap-3 md:px-5 lg:px-1 xl:px-5 md:max-w-3xl lg:max-w-[40rem] xl:max-w-[48rem] group\">\n<div class=\"relative flex w-full flex-col lg:w-[calc(100%-115px)] agent-turn\">\n<div class=\"flex-col gap-1 md:gap-3\">\n<div class=\"flex flex-grow flex-col max-w-full\">\n<div class=\"min-h-[20px] text-message flex flex-col items-start gap-3 whitespace-pre-wrap break-words [.text-message+&amp;]:mt-5 overflow-x-auto\" data-message-author-role=\"assistant\" data-message-id=\"26414292-0d3d-461f-8071-19278bf1bee0\">\n<div class=\"markdown prose w-full break-words dark:prose-invert light\">\n<p>Cardiominal to rewolucyjny suplement diety, kt\u00f3ry zdobywa uznanie w\u015br\u00f3d os\u00f3b borykaj\u0105cych si\u0119 z problemami z kr\u0105\u017ceniem. Skuteczno\u015b\u0107 tego produktu opiera si\u0119 na naturalnych sk\u0142adnikach, kt\u00f3re pomagaj\u0105 w udro\u017cnieniu t\u0119tnic i regeneracji uk\u0142adu sercowo-naczyniowego.<\/p>\n<h2>Wskazania do stosowania suplementu diety Cardiominal<\/h2>\n<table style=\"height: 183px;\" width=\"1256\">\n<thead>\n<tr>\n<th>Wskazania<\/th>\n<th>Opis<\/th>\n<\/tr>\n<\/thead>\n<tbody>\n<tr>\n<td>Problemy z kr\u0105\u017ceniem<\/td>\n<td>Cardiominal to skuteczny spos\u00f3b na pozbycie si\u0119 problem\u00f3w z kr\u0105\u017ceniem i udro\u017cnienie t\u0119tnic.<\/td>\n<\/tr>\n<tr>\n<td>Niski poziom energii<\/td>\n<td>Suplement poprawia przep\u0142yw krwi, co wp\u0142ywa na zwi\u0119kszenie poziomu energii.<\/td>\n<\/tr>\n<tr>\n<td>Problemy z sercem<\/td>\n<td>Pomaga w regeneracji serca i zapobiega wyst\u0119powaniu chor\u00f3b sercowo-naczyniowych.<\/td>\n<\/tr>\n<tr>\n<td>Z\u0142e samopoczucie<\/td>\n<td>Dzi\u0119ki naturalnym sk\u0142adnikom Cardiominal poprawia og\u00f3ln\u0105 kondycj\u0119 organizmu.<\/td>\n<\/tr>\n<tr>\n<td>Obrz\u0119ki i b\u00f3le n\u00f3g<\/td>\n<td>Redukuje obrz\u0119ki i b\u00f3le n\u00f3g dzi\u0119ki poprawie kr\u0105\u017cenia.<\/td>\n<\/tr>\n<\/tbody>\n<\/table>\n<h2>Sk\u0142ad i Dzia\u0142anie Sk\u0142adnik\u00f3w Cardiominal<\/h2>\n<p>Sk\u0142adniki zawarte w Cardiominal zosta\u0142y starannie wyselekcjonowane, aby zapewni\u0107 maksymaln\u0105 skuteczno\u015b\u0107 i bezpiecze\u0144stwo u\u017cytkowania. Oto g\u0142\u00f3wne sk\u0142adniki i ich dzia\u0142anie:<\/p>\n<ol>\n<li><strong>Ekstrakt z czosnku<\/strong> &#8211; Znany ze swoich w\u0142a\u015bciwo\u015bci rozszerzaj\u0105cych naczynia krwiono\u015bne, pomaga w obni\u017ceniu ci\u015bnienia krwi i poprawie kr\u0105\u017cenia.<\/li>\n<li><strong>Ekstrakt z mi\u0142orz\u0119bu japo\u0144skiego<\/strong> &#8211; Wzmacnia naczynia krwiono\u015bne, zmniejsza ryzyko wyst\u0105pienia zakrzep\u00f3w i pomaga w utrzymaniu elastyczno\u015bci t\u0119tnic.<\/li>\n<li><strong>Koenzym Q10<\/strong> &#8211; Wspomaga prac\u0119 serca, zwi\u0119ksza produkcj\u0119 energii w kom\u00f3rkach i redukuje oznaki starzenia si\u0119 uk\u0142adu sercowo-naczyniowego.<\/li>\n<li><strong>Ekstrakt z owoc\u00f3w dzikiej r\u00f3\u017cy<\/strong> &#8211; Bogaty w witamin\u0119 C i antyoksydanty, wspiera odporno\u015b\u0107 organizmu i zapobiega uszkodzeniom naczy\u0144 krwiono\u015bnych.<\/li>\n<li><strong>Ekstrakt z winogron<\/strong> &#8211; Poprawia elastyczno\u015b\u0107 t\u0119tnic, chroni przed oksydacyjnym stresem i pomaga w utrzymaniu zdrowego serca.<\/li>\n<\/ol>\n<p style=\"text-align: center;\"><a href=\"http:\/\/tl-track.com\/tracker\/u5yV\"><button>www.cardiominal.pl<\/button><\/a><\/p>\n<h2>Efekty Cardiominal i Ich Charakterystyka<\/h2>\n<p>Suplement Cardiominal ma zdumiewaj\u0105ce efekty, kt\u00f3re przek\u0142adaj\u0105 si\u0119 na popraw\u0119 zdrowia i samopoczucia. Oto niekt\u00f3re z g\u0142\u00f3wnych efekt\u00f3w:<\/p>\n<ul>\n<li>Udro\u017cnienie t\u0119tnic i poprawa kr\u0105\u017cenia krwi w ca\u0142ym ciele.<\/li>\n<li>Zwi\u0119kszenie poziomu energii i wytrzyma\u0142o\u015bci.<\/li>\n<li>Redukcja b\u00f3lu n\u00f3g i obrz\u0119k\u00f3w.<\/li>\n<li>Zapobieganie chorobom sercowo-naczyniowym.<\/li>\n<li>Poprawa og\u00f3lnego stanu zdrowia i samopoczucia.<\/li>\n<\/ul>\n<h2>Ryzyko Skutk\u00f3w Ubocznych<\/h2>\n<p>Cardiominal to suplement oparty na naturalnych sk\u0142adnikach, co minimalizuje ryzyko wyst\u0105pienia skutk\u00f3w ubocznych. Dzi\u0119ki temu jest bezpieczny w stosowaniu i nie powoduje \u017cadnych problem\u00f3w z uk\u0142adem trawiennym. Jednak zawsze zaleca si\u0119 skonsultowanie si\u0119 z lekarzem przed rozpocz\u0119ciem kuracji, zw\u0142aszcza je\u015bli pacjent przyjmuje inne leki.<\/p>\n<h2>Opinie Klient\u00f3w o Cardiominal: Fora Po\u015bwi\u0119cone Zdrowiu<\/h2>\n<p>Fora internetowe w Polsce zdobywaj\u0105 popularno\u015b\u0107 w\u015br\u00f3d os\u00f3b poszukuj\u0105cych informacji na temat suplement\u00f3w diety i sposob\u00f3w poprawy zdrowia. Cardiominal r\u00f3wnie\u017c nie pozosta\u0142 niezauwa\u017cony i zyska\u0142 liczne pozytywne recenzje.<\/p>\n<p>Klienci, kt\u00f3rzy korzystali z Cardiominal, opisuj\u0105 przede wszystkim jego pozytywny wp\u0142yw na popraw\u0119 kr\u0105\u017cenia i og\u00f3lnego samopoczucia. Wielu z nich zauwa\u017cy\u0142o, \u017ce po kuracji czuj\u0105 si\u0119 o wiele lepiej, maj\u0105 wi\u0119cej energii i przede wszystkim, nie odczuwaj\u0105 ju\u017c problem\u00f3w z kr\u0105\u017ceniem.<\/p>\n<p>Suplement ten cieszy si\u0119 zaufaniem u\u017cytkownik\u00f3w, a jego skuteczno\u015b\u0107 zosta\u0142a potwierdzona badaniami naukowymi. Cardiominal to niezawodna pomoc naturalnych sk\u0142adnik\u00f3w w walce z problemami z kr\u0105\u017ceniem i utrzymaniu zdrowego serca. Dzi\u0119ki niemu mo\u017cna cieszy\u0107 si\u0119 aktywnym i zdrowym \u017cyciem przez wiele lat.<\/p>\n<\/div>\n<\/div>\n<\/div>\n<\/div>\n<\/div>\n<\/div>\n<\/div>\n<\/div>\n<div class=\"w-full text-token-text-primary\" data-testid=\"conversation-turn-5\">\n<div class=\"px-4 py-2 justify-center text-base md:gap-6 m-auto\">\n<div class=\"flex flex-1 text-base mx-auto gap-3 md:px-5 lg:px-1 xl:px-5 md:max-w-3xl lg:max-w-[40rem] xl:max-w-[48rem] group final-completion\">\n<div class=\"relative flex w-full flex-col lg:w-[calc(100%-115px)] agent-turn\">\n<div class=\"flex-col gap-1 md:gap-3\">\n<div class=\"flex flex-grow flex-col max-w-full\">\n<div class=\"text-message flex flex-col items-start gap-3 whitespace-pre-wrap break-words [.text-message+&amp;]:mt-5 overflow-x-auto\" data-message-author-role=\"assistant\" data-message-id=\"5da1a20d-231c-49d9-9886-a29b780e26d3\">\n<div class=\"markdown prose w-full break-words dark:prose-invert light\">\n<h2>Wskazania i Przeciwwskazania<\/h2>\n<p>Cardiominal jest przeznaczony dla os\u00f3b borykaj\u0105cych si\u0119 z problemami sercowo-naczyniowymi, b\u00f3lami w klatce piersiowej, obrz\u0119kiem n\u00f3g oraz nadci\u015bnieniem t\u0119tniczym. Jest to suplement diety, kt\u00f3ry mo\u017ce by\u0107 stosowany przez osoby doros\u0142e.<\/p>\n<p>Przeciwwskazania do stosowania Cardiominal s\u0105 minimalne, ale w razie jakichkolwiek w\u0105tpliwo\u015bci, zawsze warto skonsultowa\u0107 si\u0119 z lekarzem.<\/p>\n<h2>Spos\u00f3b Podawania i Dawkowanie<\/h2>\n<p>Dawkowanie Cardiominal jest proste i wygodne. Wystarczy przyjmowa\u0107 2 razy dziennie po 1 kapsu\u0142ce, najlepiej przed posi\u0142kami. Kapsu\u0142ki nale\u017cy popi\u0107 szklank\u0105 wody.<\/p>\n<h2>Porady od Lekarzy<\/h2>\n<p>Dodatkowo, lekarze zalecaj\u0105 regularne kontrolowanie ci\u015bnienia krwi, prowadzenie zdrowego stylu \u017cycia, a tak\u017ce unikanie nadmiernego stresu i palenia papieros\u00f3w. Dbaj\u0105c o siebie w ca\u0142o\u015bci, mo\u017cna zwi\u0119kszy\u0107 skuteczno\u015b\u0107 Cardiominal i osi\u0105gn\u0105\u0107 jeszcze lepsze efekty.<\/p>\n<p style=\"text-align: center;\"><a href=\"http:\/\/tl-track.com\/tracker\/u5yV\"><button>Zakup na stronie producenta (-50%)<\/button><\/a><\/p>\n<h2>Kup Teraz Cardiominal z Dostaw\u0105<\/h2>\n<p>Zam\u00f3wienie Cardiominal jest proste i bezpieczne. Wystarczy klikn\u0105\u0107 przycisk &#8222;Kup Teraz&#8221;, a nast\u0119pnie wype\u0142ni\u0107 formularz zam\u00f3wienia podaj\u0105c jedynie swoje imi\u0119 i numer telefonu. P\u0142atno\u015b\u0107 odbywa si\u0119 przy odbiorze produktu, co eliminuje ryzyko przedp\u0142at i gwarantuje dostarczenie oryginalnego produktu. Dostawa zajmuje zazwyczaj 3-4 dni w Polsce, a zam\u00f3wienie jest dodatkowo potwierdzane przez specjalist\u0119, kt\u00f3ry mo\u017ce udzieli\u0107 rad dotycz\u0105cych ilo\u015bci i dost\u0119pno\u015bci promocji.<\/p>\n<h2>Por\u00f3wnanie Ofert: Ceny i Dost\u0119pno\u015b\u0107 Cardiominal<\/h2>\n<p>Producenci Cardiominal priorytetowo dbaj\u0105 o dost\u0119pno\u015b\u0107 dla klient\u00f3w, dlatego suplement mo\u017cna naby\u0107 bezpo\u015brednio na oficjalnej stronie producenta, bez po\u015brednik\u00f3w i dodatkowych op\u0142at. Regularnie dost\u0119pne s\u0105 tak\u017ce promocje, kt\u00f3rych aktualno\u015b\u0107 warto sprawdza\u0107 okresowo. Dlatego te\u017c suplement nie jest dost\u0119pny w stacjonarnych aptekach.<\/p>\n<p>Cardiominal to skuteczne rozwi\u0105zanie dla os\u00f3b borykaj\u0105cych si\u0119 z problemami kr\u0105\u017cenia i sercowo-naczyniowymi. Jego naturalna formu\u0142a, pozytywne opinie klient\u00f3w oraz dost\u0119pno\u015b\u0107 bez ryzyka przedp\u0142at sprawiaj\u0105, \u017ce jest to idealny wyb\u00f3r dla tych, kt\u00f3rzy chc\u0105 zadba\u0107 o swoje zdrowie serca. Nie czekaj, zainwestuj w swoje zdrowie ju\u017c teraz!<\/p>\n<\/div>\n<\/div>\n<\/div>\n<\/div>\n<\/div>\n<\/div>\n<\/div>\n<\/div>\n","protected":false},"excerpt":{"rendered":"<p style=\"text-align: center;\"><a href=\"http:\/\/tl-track.com\/tracker\/u5yV\"><button>Kup teraz<\/button><\/a><\/p>\n<p>SKU:\u00a0<span class=\"sku\">739.878.019<\/span><\/p>\n<hr \/>\n<p><small>Produkt sprzedawany jest wy\u0142\u0105cznie za po\u015brednictwem oficjalnej strony producenta, id\u017a i kupuj bezpiecznie!<\/small><\/p>\n","protected":false},"featured_media":107,"comment_status":"open","ping_status":"closed","template":"","meta":[],"product_brand":[],"product_cat":[15],"product_tag":[],"class_list":{"0":"post-105","1":"product","2":"type-product","3":"status-publish","4":"has-post-thumbnail","6":"product_cat-supl","7":"thunk-woo-product-list","8":"opn-qv-enable","9":"top-store-woo-hover-","10":"top-store-single-product-tab-horizontal","11":"top-store-shadow-","12":"top-store-shadow-hover-","14":"first","15":"instock","16":"sale","17":"shipping-taxable","18":"purchasable","19":"product-type-simple"},"yoast_head":"<!-- This site is optimized with the Yoast SEO plugin v27.4 - https:\/\/yoast.com\/product\/yoast-seo-wordpress\/ -->\n<title>Cardiominal - kup suplement, cena w aptece, sk\u0142ad, dzia\u0142anie<\/title>\n<meta name=\"robots\" content=\"index, follow, max-snippet:-1, max-image-preview:large, max-video-preview:-1\" \/>\n<link rel=\"canonical\" href=\"https:\/\/lekarzeopole.pl\/wordpress\/product\/cardiominal\/\" \/>\n<meta property=\"og:locale\" content=\"pl_PL\" \/>\n<meta property=\"og:type\" content=\"article\" \/>\n<meta property=\"og:title\" content=\"Cardiominal - kup suplement, cena w aptece, sk\u0142ad, dzia\u0142anie\" \/>\n<meta property=\"og:description\" content=\"Kup teraz SKU:\u00a0739.878.019    Produkt sprzedawany jest wy\u0142\u0105cznie za po\u015brednictwem oficjalnej strony producenta, id\u017a i kupuj bezpiecznie!\" \/>\n<meta property=\"og:url\" content=\"https:\/\/lekarzeopole.pl\/wordpress\/product\/cardiominal\/\" \/>\n<meta property=\"og:site_name\" content=\"Lekarze Opole\" \/>\n<meta property=\"article:modified_time\" content=\"2024-06-06T16:29:50+00:00\" \/>\n<meta property=\"og:image\" content=\"https:\/\/lekarzeopole.pl\/wordpress\/wp-content\/uploads\/2024\/02\/cardiominal-1.png\" \/>\n\t<meta property=\"og:image:width\" content=\"300\" \/>\n\t<meta property=\"og:image:height\" content=\"300\" \/>\n\t<meta property=\"og:image:type\" content=\"image\/png\" \/>\n<meta name=\"twitter:card\" content=\"summary_large_image\" \/>\n<meta name=\"twitter:label1\" content=\"Szacowany czas czytania\" \/>\n\t<meta name=\"twitter:data1\" content=\"5 minut\" \/>\n<script type=\"application\/ld+json\" class=\"yoast-schema-graph\">{\"@context\":\"https:\\\/\\\/schema.org\",\"@graph\":[{\"@type\":\"WebPage\",\"@id\":\"https:\\\/\\\/lekarzeopole.pl\\\/wordpress\\\/product\\\/cardiominal\\\/\",\"url\":\"https:\\\/\\\/lekarzeopole.pl\\\/wordpress\\\/product\\\/cardiominal\\\/\",\"name\":\"Cardiominal - kup suplement, cena w aptece, sk\u0142ad, dzia\u0142anie\",\"isPartOf\":{\"@id\":\"https:\\\/\\\/lekarzeopole.pl\\\/wordpress\\\/#website\"},\"primaryImageOfPage\":{\"@id\":\"https:\\\/\\\/lekarzeopole.pl\\\/wordpress\\\/product\\\/cardiominal\\\/#primaryimage\"},\"image\":{\"@id\":\"https:\\\/\\\/lekarzeopole.pl\\\/wordpress\\\/product\\\/cardiominal\\\/#primaryimage\"},\"thumbnailUrl\":\"https:\\\/\\\/lekarzeopole.pl\\\/wordpress\\\/wp-content\\\/uploads\\\/2024\\\/02\\\/cardiominal-1.png\",\"datePublished\":\"2024-02-02T11:06:23+00:00\",\"dateModified\":\"2024-06-06T16:29:50+00:00\",\"breadcrumb\":{\"@id\":\"https:\\\/\\\/lekarzeopole.pl\\\/wordpress\\\/product\\\/cardiominal\\\/#breadcrumb\"},\"inLanguage\":\"pl-PL\",\"potentialAction\":[{\"@type\":\"ReadAction\",\"target\":[\"https:\\\/\\\/lekarzeopole.pl\\\/wordpress\\\/product\\\/cardiominal\\\/\"]}]},{\"@type\":\"ImageObject\",\"inLanguage\":\"pl-PL\",\"@id\":\"https:\\\/\\\/lekarzeopole.pl\\\/wordpress\\\/product\\\/cardiominal\\\/#primaryimage\",\"url\":\"https:\\\/\\\/lekarzeopole.pl\\\/wordpress\\\/wp-content\\\/uploads\\\/2024\\\/02\\\/cardiominal-1.png\",\"contentUrl\":\"https:\\\/\\\/lekarzeopole.pl\\\/wordpress\\\/wp-content\\\/uploads\\\/2024\\\/02\\\/cardiominal-1.png\",\"width\":300,\"height\":300,\"caption\":\"Cardiominal\"},{\"@type\":\"BreadcrumbList\",\"@id\":\"https:\\\/\\\/lekarzeopole.pl\\\/wordpress\\\/product\\\/cardiominal\\\/#breadcrumb\",\"itemListElement\":[{\"@type\":\"ListItem\",\"position\":1,\"name\":\"\u0413\u043b\u0430\u0432\u043d\u0430\u044f \u0441\u0442\u0440\u0430\u043d\u0438\u0446\u0430\",\"item\":\"https:\\\/\\\/lekarzeopole.pl\\\/wordpress\\\/\"},{\"@type\":\"ListItem\",\"position\":2,\"name\":\"Zakup\",\"item\":\"https:\\\/\\\/lekarzeopole.pl\\\/wordpress\\\/\"},{\"@type\":\"ListItem\",\"position\":3,\"name\":\"Cardiominal\"}]},{\"@type\":\"WebSite\",\"@id\":\"https:\\\/\\\/lekarzeopole.pl\\\/wordpress\\\/#website\",\"url\":\"https:\\\/\\\/lekarzeopole.pl\\\/wordpress\\\/\",\"name\":\"Lekarze Opole\",\"description\":\"\",\"potentialAction\":[{\"@type\":\"SearchAction\",\"target\":{\"@type\":\"EntryPoint\",\"urlTemplate\":\"https:\\\/\\\/lekarzeopole.pl\\\/wordpress\\\/?s={search_term_string}\"},\"query-input\":{\"@type\":\"PropertyValueSpecification\",\"valueRequired\":true,\"valueName\":\"search_term_string\"}}],\"inLanguage\":\"pl-PL\"}]}<\/script>\n<!-- \/ Yoast SEO plugin. -->","yoast_head_json":{"title":"Cardiominal - kup suplement, cena w aptece, sk\u0142ad, dzia\u0142anie","robots":{"index":"index","follow":"follow","max-snippet":"max-snippet:-1","max-image-preview":"max-image-preview:large","max-video-preview":"max-video-preview:-1"},"canonical":"https:\/\/lekarzeopole.pl\/wordpress\/product\/cardiominal\/","og_locale":"pl_PL","og_type":"article","og_title":"Cardiominal - kup suplement, cena w aptece, sk\u0142ad, dzia\u0142anie","og_description":"Kup teraz SKU:\u00a0739.878.019    Produkt sprzedawany jest wy\u0142\u0105cznie za po\u015brednictwem oficjalnej strony producenta, id\u017a i kupuj bezpiecznie!","og_url":"https:\/\/lekarzeopole.pl\/wordpress\/product\/cardiominal\/","og_site_name":"Lekarze Opole","article_modified_time":"2024-06-06T16:29:50+00:00","og_image":[{"width":300,"height":300,"url":"https:\/\/lekarzeopole.pl\/wordpress\/wp-content\/uploads\/2024\/02\/cardiominal-1.png","type":"image\/png"}],"twitter_card":"summary_large_image","twitter_misc":{"Szacowany czas czytania":"5 minut"},"schema":{"@context":"https:\/\/schema.org","@graph":[{"@type":"WebPage","@id":"https:\/\/lekarzeopole.pl\/wordpress\/product\/cardiominal\/","url":"https:\/\/lekarzeopole.pl\/wordpress\/product\/cardiominal\/","name":"Cardiominal - kup suplement, cena w aptece, sk\u0142ad, dzia\u0142anie","isPartOf":{"@id":"https:\/\/lekarzeopole.pl\/wordpress\/#website"},"primaryImageOfPage":{"@id":"https:\/\/lekarzeopole.pl\/wordpress\/product\/cardiominal\/#primaryimage"},"image":{"@id":"https:\/\/lekarzeopole.pl\/wordpress\/product\/cardiominal\/#primaryimage"},"thumbnailUrl":"https:\/\/lekarzeopole.pl\/wordpress\/wp-content\/uploads\/2024\/02\/cardiominal-1.png","datePublished":"2024-02-02T11:06:23+00:00","dateModified":"2024-06-06T16:29:50+00:00","breadcrumb":{"@id":"https:\/\/lekarzeopole.pl\/wordpress\/product\/cardiominal\/#breadcrumb"},"inLanguage":"pl-PL","potentialAction":[{"@type":"ReadAction","target":["https:\/\/lekarzeopole.pl\/wordpress\/product\/cardiominal\/"]}]},{"@type":"ImageObject","inLanguage":"pl-PL","@id":"https:\/\/lekarzeopole.pl\/wordpress\/product\/cardiominal\/#primaryimage","url":"https:\/\/lekarzeopole.pl\/wordpress\/wp-content\/uploads\/2024\/02\/cardiominal-1.png","contentUrl":"https:\/\/lekarzeopole.pl\/wordpress\/wp-content\/uploads\/2024\/02\/cardiominal-1.png","width":300,"height":300,"caption":"Cardiominal"},{"@type":"BreadcrumbList","@id":"https:\/\/lekarzeopole.pl\/wordpress\/product\/cardiominal\/#breadcrumb","itemListElement":[{"@type":"ListItem","position":1,"name":"\u0413\u043b\u0430\u0432\u043d\u0430\u044f \u0441\u0442\u0440\u0430\u043d\u0438\u0446\u0430","item":"https:\/\/lekarzeopole.pl\/wordpress\/"},{"@type":"ListItem","position":2,"name":"Zakup","item":"https:\/\/lekarzeopole.pl\/wordpress\/"},{"@type":"ListItem","position":3,"name":"Cardiominal"}]},{"@type":"WebSite","@id":"https:\/\/lekarzeopole.pl\/wordpress\/#website","url":"https:\/\/lekarzeopole.pl\/wordpress\/","name":"Lekarze Opole","description":"","potentialAction":[{"@type":"SearchAction","target":{"@type":"EntryPoint","urlTemplate":"https:\/\/lekarzeopole.pl\/wordpress\/?s={search_term_string}"},"query-input":{"@type":"PropertyValueSpecification","valueRequired":true,"valueName":"search_term_string"}}],"inLanguage":"pl-PL"}]}},"_links":{"self":[{"href":"https:\/\/lekarzeopole.pl\/wordpress\/wp-json\/wp\/v2\/product\/105","targetHints":{"allow":["GET"]}}],"collection":[{"href":"https:\/\/lekarzeopole.pl\/wordpress\/wp-json\/wp\/v2\/product"}],"about":[{"href":"https:\/\/lekarzeopole.pl\/wordpress\/wp-json\/wp\/v2\/types\/product"}],"replies":[{"embeddable":true,"href":"https:\/\/lekarzeopole.pl\/wordpress\/wp-json\/wp\/v2\/comments?post=105"}],"wp:featuredmedia":[{"embeddable":true,"href":"https:\/\/lekarzeopole.pl\/wordpress\/wp-json\/wp\/v2\/media\/107"}],"wp:attachment":[{"href":"https:\/\/lekarzeopole.pl\/wordpress\/wp-json\/wp\/v2\/media?parent=105"}],"wp:term":[{"taxonomy":"product_brand","embeddable":true,"href":"https:\/\/lekarzeopole.pl\/wordpress\/wp-json\/wp\/v2\/product_brand?post=105"},{"taxonomy":"product_cat","embeddable":true,"href":"https:\/\/lekarzeopole.pl\/wordpress\/wp-json\/wp\/v2\/product_cat?post=105"},{"taxonomy":"product_tag","embeddable":true,"href":"https:\/\/lekarzeopole.pl\/wordpress\/wp-json\/wp\/v2\/product_tag?post=105"}],"curies":[{"name":"wp","href":"https:\/\/api.w.org\/{rel}","templated":true}]}}