{"id":1025,"date":"2024-08-01T18:58:13","date_gmt":"2024-08-01T18:58:13","guid":{"rendered":"https:\/\/lekarzeopole.pl\/wordpress\/?post_type=product&#038;p=1025"},"modified":"2024-08-01T18:58:15","modified_gmt":"2024-08-01T18:58:15","slug":"viarex","status":"publish","type":"product","link":"https:\/\/lekarzeopole.pl\/wordpress\/product\/viarex\/","title":{"rendered":"VIAREX"},"content":{"rendered":"<div class=\"w-full text-token-text-primary\" dir=\"auto\" data-testid=\"conversation-turn-3\" data-scroll-anchor=\"false\">\n<div class=\"text-base py-[18px] px-3 md:px-4 m-auto md:px-5 lg:px-1 xl:px-5\">\n<div class=\"mx-auto flex flex-1 gap-4 text-base md:gap-5 lg:gap-6 md:max-w-3xl lg:max-w-[40rem] xl:max-w-[48rem]\">\n<div class=\"group\/conversation-turn relative flex w-full min-w-0 flex-col agent-turn\">\n<div class=\"flex-col gap-1 md:gap-3\">\n<div class=\"flex flex-grow flex-col max-w-full\">\n<div class=\"min-h-[20px] text-message flex w-full flex-col items-end gap-2 whitespace-pre-wrap break-words [.text-message+&amp;]:mt-5 overflow-x-auto\" dir=\"auto\" data-message-author-role=\"assistant\" data-message-id=\"95f11121-fc99-431b-9667-41fe7e661b27\">\n<div class=\"flex w-full flex-col gap-1 empty:hidden first:pt-[3px]\">\n<div class=\"markdown prose w-full break-words dark:prose-invert light\">\n<p>VIAREX to innowacyjne kapsu\u0142y przeznaczone dla m\u0119\u017cczyzn, kt\u00f3re wspomagaj\u0105 zdrowie seksualne i og\u00f3ln\u0105 kondycj\u0119 organizmu. Preparat jest szczeg\u00f3lnie polecany m\u0119\u017cczyznom, kt\u00f3rzy borykaj\u0105 si\u0119 z problemami z erekcj\u0105, niskim libido, obni\u017conym poziomem testosteronu oraz chc\u0105 poprawi\u0107 swoj\u0105 wydolno\u015b\u0107 fizyczn\u0105 i psychiczn\u0105. Stosowanie VIAREX mo\u017ce przynie\u015b\u0107 korzy\u015bci r\u00f3wnie\u017c tym, kt\u00f3rzy pragn\u0105 zwi\u0119kszy\u0107 mas\u0119 mi\u0119\u015bniow\u0105 oraz zredukowa\u0107 tkank\u0119 t\u0142uszczow\u0105.<\/p>\n<h2>Sk\u0142ad i dzia\u0142anie sk\u0142adnik\u00f3w VIAREX<\/h2>\n<h3>Buzdyganek naziemny<\/h3>\n<p>Buzdyganek naziemny (Tribulus terrestris) jest znanym zio\u0142em, kt\u00f3re od wiek\u00f3w stosowane jest w medycynie naturalnej, szczeg\u00f3lnie w Azji i Europie. Ro\u015blina ta jest ceniona za swoje w\u0142a\u015bciwo\u015bci wspomagaj\u0105ce wzrost poziomu testosteronu, poprawiaj\u0105ce libido oraz wspieraj\u0105ce erekcj\u0119. Buzdyganek naziemny dzia\u0142a poprzez stymulacj\u0119 wydzielania hormonu luteinizuj\u0105cego (LH), kt\u00f3ry z kolei zwi\u0119ksza produkcj\u0119 testosteronu w organizmie.<\/p>\n<h3>Cynk<\/h3>\n<p>Cynk to niezwykle wa\u017cny minera\u0142, kt\u00f3ry odgrywa kluczow\u0105 rol\u0119 w wielu procesach metabolicznych. Przyczynia si\u0119 do utrzymania dobrej kondycji sk\u00f3ry, w\u0142os\u00f3w i paznokci, a tak\u017ce wp\u0142ywa na prawid\u0142owe funkcjonowanie uk\u0142adu immunologicznego. Cynk jest r\u00f3wnie\u017c niezb\u0119dny do syntezy bia\u0142ek i DNA, co ma istotne znaczenie dla regeneracji tkanek oraz utrzymania zdrowia prostaty.<\/p>\n<h3>L-arginina<\/h3>\n<p>L-arginina jest aminokwasem, kt\u00f3ry mo\u017ce poprawi\u0107 kr\u0105\u017cenie krwi poprzez zwi\u0119kszenie produkcji tlenku azotu (NO). NO jest zwi\u0105zkiem chemicznym, kt\u00f3ry rozszerza naczynia krwiono\u015bne, co prowadzi do lepszego ukrwienia mi\u0119\u015bni i tkanek. Dzi\u0119ki temu L-arginina mo\u017ce zwi\u0119ksza\u0107 mas\u0119 mi\u0119\u015bniow\u0105 oraz pomaga\u0107 w spalaniu t\u0142uszczu. Ponadto, poprawa kr\u0105\u017cenia krwi ma pozytywny wp\u0142yw na erekcj\u0119 i og\u00f3ln\u0105 wydolno\u015b\u0107 fizyczn\u0105.<\/p>\n<h3>Ekstrakt z \u017ce\u0144-szenia<\/h3>\n<p>\u017be\u0144-sze\u0144 (Panax ginseng) to ro\u015blina o szerokim spektrum dzia\u0142ania, znana ze swoich w\u0142a\u015bciwo\u015bci adaptogennych. Ekstrakt z \u017ce\u0144-szenia pomaga spowolni\u0107 proces starzenia si\u0119, poprawia witalno\u015b\u0107 i energi\u0119, a tak\u017ce wspomaga uk\u0142ad odporno\u015bciowy. Dodatkowo, \u017ce\u0144-sze\u0144 mo\u017ce przeciwdzia\u0142a\u0107 rozwojowi raka prostaty poprzez swoje dzia\u0142anie antyoksydacyjne i przeciwzapalne.<\/p>\n<h2>Efekty VIAREX i ich charakterystyka<\/h2>\n<p>Stosowanie kapsu\u0142ek VIAREX przynosi szereg korzy\u015bci zdrowotnych dla m\u0119\u017cczyzn:<\/p>\n<ol>\n<li><strong>Poprawa erekcji<\/strong> &#8211; Sk\u0142adniki aktywne zawarte w VIAREX, takie jak Buzdyganek naziemny i L-arginina, wspieraj\u0105 zdrowe funkcje erekcyjne poprzez popraw\u0119 kr\u0105\u017cenia krwi i zwi\u0119kszenie poziomu testosteronu.<\/li>\n<li><strong>Zwi\u0119kszenie libido<\/strong> &#8211; Naturalne ekstrakty ro\u015blinne, w tym \u017ce\u0144-sze\u0144, wspomagaj\u0105 libido, co prowadzi do zwi\u0119kszenia ochoty na seks i poprawy \u017cycia seksualnego.<\/li>\n<li><strong>Wzrost poziomu testosteronu<\/strong> &#8211; Regularne stosowanie VIAREX mo\u017ce przyczyni\u0107 si\u0119 do wzrostu poziomu testosteronu, co ma kluczowe znaczenie dla utrzymania m\u0119skiej witalno\u015bci, si\u0142y mi\u0119\u015bniowej oraz og\u00f3lnej energii.<\/li>\n<li><strong>Lepsza kondycja fizyczna<\/strong> &#8211; Dzi\u0119ki zawarto\u015bci L-argininy i cynku, VIAREX wspiera regeneracj\u0119 mi\u0119\u015bni, co przek\u0142ada si\u0119 na lepsz\u0105 wydolno\u015b\u0107 fizyczn\u0105 i efektywniejsze treningi.<\/li>\n<li><strong>Poprawa samopoczucia<\/strong> &#8211; VIAREX, dzi\u0119ki zawarto\u015bci \u017ce\u0144-szenia, dzia\u0142a jako adaptogen, pomagaj\u0105c organizmowi radzi\u0107 sobie ze stresem i poprawiaj\u0105c og\u00f3lne samopoczucie.<\/li>\n<\/ol>\n<h2>Ryzyko skutk\u00f3w ubocznych<\/h2>\n<p>Jednym z kluczowych atut\u00f3w kapsu\u0142ek VIAREX jest ich naturalny sk\u0142ad, kt\u00f3ry minimalizuje ryzyko wyst\u0105pienia skutk\u00f3w ubocznych. Wszystkie sk\u0142adniki s\u0105 starannie wyselekcjonowane i pochodz\u0105 z naturalnych \u017ar\u00f3de\u0142, co czyni preparat bezpiecznym do stosowania. Mimo to, jak przy ka\u017cdym suplementie, zaleca si\u0119 konsultacj\u0119 z lekarzem przed rozpocz\u0119ciem kuracji, szczeg\u00f3lnie w przypadku os\u00f3b z istniej\u0105cymi schorzeniami lub przyjmuj\u0105cych inne leki.<\/p>\n<p>VIAREX jest produktem stworzonym z my\u015bl\u0105 o m\u0119\u017cczyznach, kt\u00f3rzy pragn\u0105 zadba\u0107 o swoje zdrowie seksualne i og\u00f3ln\u0105 kondycj\u0119 fizyczn\u0105. Dzi\u0119ki unikalnej kompozycji naturalnych sk\u0142adnik\u00f3w, kapsu\u0142ki te oferuj\u0105 kompleksowe wsparcie, minimalizuj\u0105c jednocze\u015bnie ryzyko skutk\u00f3w ubocznych. Regularne stosowanie VIAREX mo\u017ce przyczyni\u0107 si\u0119 do poprawy jako\u015bci \u017cycia, zwi\u0119kszenia witalno\u015bci i osi\u0105gni\u0119cia lepszej formy fizycznej oraz psychicznej.<\/p>\n<\/div>\n<\/div>\n<\/div>\n<\/div>\n<div class=\"mt-1 flex gap-3 empty:hidden -ml-2\">\n<div class=\"items-center justify-start rounded-xl p-1 z-10 -mt-1 bg-token-main-surface-primary md:absolute md:border md:border-token-border-light flex\"><\/div>\n<\/div>\n<\/div>\n<\/div>\n<\/div>\n<\/div>\n<\/div>\n<div class=\"w-full text-token-text-primary\" dir=\"auto\" data-testid=\"conversation-turn-5\" data-scroll-anchor=\"true\">\n<div class=\"text-base py-[18px] px-3 md:px-4 m-auto md:px-5 lg:px-1 xl:px-5\">\n<div class=\"mx-auto flex flex-1 gap-4 text-base md:gap-5 lg:gap-6 md:max-w-3xl lg:max-w-[40rem] xl:max-w-[48rem]\">\n<div class=\"flex-shrink-0 flex flex-col relative items-end\">\n<div>\n<div class=\"pt-0\">\n<div class=\"gizmo-bot-avatar flex h-8 w-8 items-center justify-center overflow-hidden rounded-full\">\n<div class=\"relative p-1 rounded-sm flex items-center justify-center bg-token-main-surface-primary text-token-text-primary h-8 w-8\" style=\"text-align: center;\"><a href=\"https:\/\/liebnhpo.prodliffe.com\/\"><button>www.viarex.pl<\/button><\/a><\/div>\n<\/div>\n<\/div>\n<\/div>\n<\/div>\n<div class=\"group\/conversation-turn relative flex w-full min-w-0 flex-col agent-turn\">\n<div class=\"flex-col gap-1 md:gap-3\">\n<div class=\"flex flex-grow flex-col max-w-full\">\n<div class=\"min-h-[20px] text-message flex w-full flex-col items-end gap-2 whitespace-pre-wrap break-words [.text-message+&amp;]:mt-5 overflow-x-auto\" dir=\"auto\" data-message-author-role=\"assistant\" data-message-id=\"1b0c527b-c2f6-4119-99e5-aea2127ca854\">\n<div class=\"flex w-full flex-col gap-1 empty:hidden first:pt-[3px]\">\n<div class=\"markdown prose w-full break-words dark:prose-invert light\">\n<h2>Opinie klient\u00f3w o VIAREX: fora po\u015bwi\u0119cone zdrowiu<\/h2>\n<p>W Polsce fora internetowe po\u015bwi\u0119cone zdrowiu i suplementom diety ciesz\u0105 si\u0119 du\u017c\u0105 popularno\u015bci\u0105. VIAREX zdobywa coraz wi\u0119ksze uznanie w\u015br\u00f3d u\u017cytkownik\u00f3w, co sprawia, \u017ce w sieci mo\u017cna znale\u017a\u0107 wiele opinii na temat tego preparatu. Wi\u0119kszo\u015b\u0107 u\u017cytkownik\u00f3w opisuje pozytywne dzia\u0142anie VIAREX, podkre\u015blaj\u0105c jego skuteczno\u015b\u0107 oraz dost\u0119pno\u015b\u0107. Oto dwa przyk\u0142adowe opinie od u\u017cytkownik\u00f3w:<\/p>\n<ol>\n<li><strong>Piotr, 45 lat:<\/strong> &#8222;Od kiedy zacz\u0105\u0142em stosowa\u0107 VIAREX, zauwa\u017cy\u0142em znaczn\u0105 popraw\u0119 swojej kondycji fizycznej oraz \u017cycia seksualnego. Kapsu\u0142ki s\u0105 \u0142atwe do po\u0142kni\u0119cia, a efekty pojawi\u0142y si\u0119 ju\u017c po kilku dniach stosowania. Polecam ka\u017cdemu, kto chce poprawi\u0107 swoj\u0105 witalno\u015b\u0107!&#8221;<\/li>\n<li><strong>Marek, 52 lata:<\/strong> &#8222;Dzi\u0119ki VIAREX odzyska\u0142em pewno\u015b\u0107 siebie i energi\u0119. Preparat dzia\u0142a naprawd\u0119 skutecznie, a jego naturalny sk\u0142ad daje mi pewno\u015b\u0107, \u017ce nie szkodz\u0119 swojemu zdrowiu. Zakup by\u0142 prosty, a dostawa szybka. Zdecydowanie polecam!&#8221;<\/li>\n<\/ol>\n<h2>Spos\u00f3b podawania i dawkowanie<\/h2>\n<p>Aby uzyska\u0107 najlepsze efekty, zaleca si\u0119 stosowanie VIAREX zgodnie z instrukcj\u0105 producenta. Standardowa dawka to dwie kapsu\u0142ki dziennie \u2013 jedna rano i jedna wieczorem, popijaj\u0105c du\u017c\u0105 ilo\u015bci\u0105 wody. Regularno\u015b\u0107 w przyjmowaniu suplementu jest kluczowa dla osi\u0105gni\u0119cia optymalnych wynik\u00f3w. Przed rozpocz\u0119ciem kuracji warto skonsultowa\u0107 si\u0119 z lekarzem, szczeg\u00f3lnie je\u015bli przyjmujesz inne leki lub masz istniej\u0105ce schorzenia.<\/p>\n<h2>Kup teraz VIAREX z dostaw\u0105<\/h2>\n<p>Zakup VIAREX jest niezwykle prosty i wygodny. Mo\u017cna go \u0142atwo zam\u00f3wi\u0107 online, bez potrzeby wcze\u015bniejszej p\u0142atno\u015bci. P\u0142atno\u015b\u0107 odbywa si\u0119 dopiero po otrzymaniu przesy\u0142ki, co eliminuje ryzyko zwi\u0105zane z zakupami internetowymi. Dostawa zazwyczaj trwa 3-4 dni robocze na terenie ca\u0142ej Polski. Po z\u0142o\u017ceniu zam\u00f3wienia, specjalista skontaktuje si\u0119 z Tob\u0105 telefonicznie, aby potwierdzi\u0107 zam\u00f3wienie i odpowiedzie\u0107 na wszelkie pytania dotycz\u0105ce ilo\u015bci oraz dost\u0119pnych promocji.<\/p>\n<p style=\"text-align: center;\"><a href=\"https:\/\/liebnhpo.prodliffe.com\/\"><button>Zakup na stronie producenta (-50%)<\/button><\/a><\/p>\n<h2>Por\u00f3wnanie ofert: ceny i dost\u0119pno\u015b\u0107 VIAREX<\/h2>\n<p>Producent VIAREX k\u0142adzie du\u017cy nacisk na dost\u0119pno\u015b\u0107 swojego produktu dla szerokiego grona klient\u00f3w. Dlatego suplement mo\u017cna zakupi\u0107 bezpo\u015brednio na oficjalnej stronie producenta, co eliminuje koszty po\u015brednik\u00f3w i dodatkowe mar\u017ce. Dzi\u0119ki temu, VIAREX jest dost\u0119pny w atrakcyjnej cenie. Na stronie regularnie pojawiaj\u0105 si\u0119 tak\u017ce promocje i rabaty, kt\u00f3re warto \u015bledzi\u0107 na bie\u017c\u0105co. W\u0142a\u015bnie dlatego VIAREX nie jest dost\u0119pny w stacjonarnych aptekach \u2013 zakup online gwarantuje najlepsze warunki finansowe i oryginalno\u015b\u0107 produktu.<\/p>\n<p>VIAREX to sprawdzony i ceniony suplement diety, kt\u00f3ry dzi\u0119ki naturalnym sk\u0142adnikom wspiera zdrowie m\u0119\u017cczyzn na wielu p\u0142aszczyznach. Jego zakup jest prosty i bezpieczny, a efekty zauwa\u017calne ju\u017c po kilku dniach stosowania. Warto do\u0142\u0105czy\u0107 do grona zadowolonych u\u017cytkownik\u00f3w i zadba\u0107 o swoje zdrowie w spos\u00f3b naturalny i efektywny.<\/p>\n<\/div>\n<\/div>\n<\/div>\n<\/div>\n<\/div>\n<\/div>\n<\/div>\n<\/div>\n<\/div>\n","protected":false},"excerpt":{"rendered":"<p style=\"text-align: center;\"><a href=\"https:\/\/liebnhpo.prodliffe.com\/\"><button>Kup teraz<\/button><\/a><\/p>\n<p>SKU:\u00a0<span class=\"sku\">789.005.888<\/span><\/p>\n<hr \/>\n<p><small>Produkt sprzedawany jest wy\u0142\u0105cznie za po\u015brednictwem oficjalnej strony producenta, id\u017a i kupuj bezpiecznie!<\/small><\/p>\n","protected":false},"featured_media":1026,"comment_status":"open","ping_status":"closed","template":"","meta":[],"product_brand":[],"product_cat":[15],"product_tag":[],"class_list":{"0":"post-1025","1":"product","2":"type-product","3":"status-publish","4":"has-post-thumbnail","6":"product_cat-supl","7":"thunk-woo-product-list","8":"opn-qv-enable","9":"top-store-woo-hover-","10":"top-store-single-product-tab-horizontal","11":"top-store-shadow-","12":"top-store-shadow-hover-","14":"first","15":"instock","16":"sale","17":"shipping-taxable","18":"purchasable","19":"product-type-simple"},"yoast_head":"<!-- This site is optimized with the Yoast SEO plugin v27.4 - https:\/\/yoast.com\/product\/yoast-seo-wordpress\/ -->\n<title>VIAREX - kup suplement, cena w aptece, sk\u0142ad, dzia\u0142anie<\/title>\n<meta name=\"robots\" content=\"index, follow, max-snippet:-1, max-image-preview:large, max-video-preview:-1\" \/>\n<link rel=\"canonical\" href=\"https:\/\/lekarzeopole.pl\/wordpress\/product\/viarex\/\" \/>\n<meta property=\"og:locale\" content=\"pl_PL\" \/>\n<meta property=\"og:type\" content=\"article\" \/>\n<meta property=\"og:title\" content=\"VIAREX - kup suplement, cena w aptece, sk\u0142ad, dzia\u0142anie\" \/>\n<meta property=\"og:description\" content=\"Kup teraz SKU:\u00a0789.005.888    Produkt sprzedawany jest wy\u0142\u0105cznie za po\u015brednictwem oficjalnej strony producenta, id\u017a i kupuj bezpiecznie!\" \/>\n<meta property=\"og:url\" content=\"https:\/\/lekarzeopole.pl\/wordpress\/product\/viarex\/\" \/>\n<meta property=\"og:site_name\" content=\"Lekarze Opole\" \/>\n<meta property=\"article:modified_time\" content=\"2024-08-01T18:58:15+00:00\" \/>\n<meta property=\"og:image\" content=\"https:\/\/lekarzeopole.pl\/wordpress\/wp-content\/uploads\/2024\/08\/viarex.png\" \/>\n\t<meta property=\"og:image:width\" content=\"350\" \/>\n\t<meta property=\"og:image:height\" content=\"350\" \/>\n\t<meta property=\"og:image:type\" content=\"image\/png\" \/>\n<meta name=\"twitter:card\" content=\"summary_large_image\" \/>\n<meta name=\"twitter:label1\" content=\"Szacowany czas czytania\" \/>\n\t<meta name=\"twitter:data1\" content=\"6 minut\" \/>\n<script type=\"application\/ld+json\" class=\"yoast-schema-graph\">{\"@context\":\"https:\\\/\\\/schema.org\",\"@graph\":[{\"@type\":\"WebPage\",\"@id\":\"https:\\\/\\\/lekarzeopole.pl\\\/wordpress\\\/product\\\/viarex\\\/\",\"url\":\"https:\\\/\\\/lekarzeopole.pl\\\/wordpress\\\/product\\\/viarex\\\/\",\"name\":\"VIAREX - kup suplement, cena w aptece, sk\u0142ad, dzia\u0142anie\",\"isPartOf\":{\"@id\":\"https:\\\/\\\/lekarzeopole.pl\\\/wordpress\\\/#website\"},\"primaryImageOfPage\":{\"@id\":\"https:\\\/\\\/lekarzeopole.pl\\\/wordpress\\\/product\\\/viarex\\\/#primaryimage\"},\"image\":{\"@id\":\"https:\\\/\\\/lekarzeopole.pl\\\/wordpress\\\/product\\\/viarex\\\/#primaryimage\"},\"thumbnailUrl\":\"https:\\\/\\\/lekarzeopole.pl\\\/wordpress\\\/wp-content\\\/uploads\\\/2024\\\/08\\\/viarex.png\",\"datePublished\":\"2024-08-01T18:58:13+00:00\",\"dateModified\":\"2024-08-01T18:58:15+00:00\",\"breadcrumb\":{\"@id\":\"https:\\\/\\\/lekarzeopole.pl\\\/wordpress\\\/product\\\/viarex\\\/#breadcrumb\"},\"inLanguage\":\"pl-PL\",\"potentialAction\":[{\"@type\":\"ReadAction\",\"target\":[\"https:\\\/\\\/lekarzeopole.pl\\\/wordpress\\\/product\\\/viarex\\\/\"]}]},{\"@type\":\"ImageObject\",\"inLanguage\":\"pl-PL\",\"@id\":\"https:\\\/\\\/lekarzeopole.pl\\\/wordpress\\\/product\\\/viarex\\\/#primaryimage\",\"url\":\"https:\\\/\\\/lekarzeopole.pl\\\/wordpress\\\/wp-content\\\/uploads\\\/2024\\\/08\\\/viarex.png\",\"contentUrl\":\"https:\\\/\\\/lekarzeopole.pl\\\/wordpress\\\/wp-content\\\/uploads\\\/2024\\\/08\\\/viarex.png\",\"width\":350,\"height\":350,\"caption\":\"VIAREX\"},{\"@type\":\"BreadcrumbList\",\"@id\":\"https:\\\/\\\/lekarzeopole.pl\\\/wordpress\\\/product\\\/viarex\\\/#breadcrumb\",\"itemListElement\":[{\"@type\":\"ListItem\",\"position\":1,\"name\":\"\u0413\u043b\u0430\u0432\u043d\u0430\u044f \u0441\u0442\u0440\u0430\u043d\u0438\u0446\u0430\",\"item\":\"https:\\\/\\\/lekarzeopole.pl\\\/wordpress\\\/\"},{\"@type\":\"ListItem\",\"position\":2,\"name\":\"Zakup\",\"item\":\"https:\\\/\\\/lekarzeopole.pl\\\/wordpress\\\/\"},{\"@type\":\"ListItem\",\"position\":3,\"name\":\"VIAREX\"}]},{\"@type\":\"WebSite\",\"@id\":\"https:\\\/\\\/lekarzeopole.pl\\\/wordpress\\\/#website\",\"url\":\"https:\\\/\\\/lekarzeopole.pl\\\/wordpress\\\/\",\"name\":\"Lekarze Opole\",\"description\":\"\",\"potentialAction\":[{\"@type\":\"SearchAction\",\"target\":{\"@type\":\"EntryPoint\",\"urlTemplate\":\"https:\\\/\\\/lekarzeopole.pl\\\/wordpress\\\/?s={search_term_string}\"},\"query-input\":{\"@type\":\"PropertyValueSpecification\",\"valueRequired\":true,\"valueName\":\"search_term_string\"}}],\"inLanguage\":\"pl-PL\"}]}<\/script>\n<!-- \/ Yoast SEO plugin. -->","yoast_head_json":{"title":"VIAREX - kup suplement, cena w aptece, sk\u0142ad, dzia\u0142anie","robots":{"index":"index","follow":"follow","max-snippet":"max-snippet:-1","max-image-preview":"max-image-preview:large","max-video-preview":"max-video-preview:-1"},"canonical":"https:\/\/lekarzeopole.pl\/wordpress\/product\/viarex\/","og_locale":"pl_PL","og_type":"article","og_title":"VIAREX - kup suplement, cena w aptece, sk\u0142ad, dzia\u0142anie","og_description":"Kup teraz SKU:\u00a0789.005.888    Produkt sprzedawany jest wy\u0142\u0105cznie za po\u015brednictwem oficjalnej strony producenta, id\u017a i kupuj bezpiecznie!","og_url":"https:\/\/lekarzeopole.pl\/wordpress\/product\/viarex\/","og_site_name":"Lekarze Opole","article_modified_time":"2024-08-01T18:58:15+00:00","og_image":[{"width":350,"height":350,"url":"https:\/\/lekarzeopole.pl\/wordpress\/wp-content\/uploads\/2024\/08\/viarex.png","type":"image\/png"}],"twitter_card":"summary_large_image","twitter_misc":{"Szacowany czas czytania":"6 minut"},"schema":{"@context":"https:\/\/schema.org","@graph":[{"@type":"WebPage","@id":"https:\/\/lekarzeopole.pl\/wordpress\/product\/viarex\/","url":"https:\/\/lekarzeopole.pl\/wordpress\/product\/viarex\/","name":"VIAREX - kup suplement, cena w aptece, sk\u0142ad, dzia\u0142anie","isPartOf":{"@id":"https:\/\/lekarzeopole.pl\/wordpress\/#website"},"primaryImageOfPage":{"@id":"https:\/\/lekarzeopole.pl\/wordpress\/product\/viarex\/#primaryimage"},"image":{"@id":"https:\/\/lekarzeopole.pl\/wordpress\/product\/viarex\/#primaryimage"},"thumbnailUrl":"https:\/\/lekarzeopole.pl\/wordpress\/wp-content\/uploads\/2024\/08\/viarex.png","datePublished":"2024-08-01T18:58:13+00:00","dateModified":"2024-08-01T18:58:15+00:00","breadcrumb":{"@id":"https:\/\/lekarzeopole.pl\/wordpress\/product\/viarex\/#breadcrumb"},"inLanguage":"pl-PL","potentialAction":[{"@type":"ReadAction","target":["https:\/\/lekarzeopole.pl\/wordpress\/product\/viarex\/"]}]},{"@type":"ImageObject","inLanguage":"pl-PL","@id":"https:\/\/lekarzeopole.pl\/wordpress\/product\/viarex\/#primaryimage","url":"https:\/\/lekarzeopole.pl\/wordpress\/wp-content\/uploads\/2024\/08\/viarex.png","contentUrl":"https:\/\/lekarzeopole.pl\/wordpress\/wp-content\/uploads\/2024\/08\/viarex.png","width":350,"height":350,"caption":"VIAREX"},{"@type":"BreadcrumbList","@id":"https:\/\/lekarzeopole.pl\/wordpress\/product\/viarex\/#breadcrumb","itemListElement":[{"@type":"ListItem","position":1,"name":"\u0413\u043b\u0430\u0432\u043d\u0430\u044f \u0441\u0442\u0440\u0430\u043d\u0438\u0446\u0430","item":"https:\/\/lekarzeopole.pl\/wordpress\/"},{"@type":"ListItem","position":2,"name":"Zakup","item":"https:\/\/lekarzeopole.pl\/wordpress\/"},{"@type":"ListItem","position":3,"name":"VIAREX"}]},{"@type":"WebSite","@id":"https:\/\/lekarzeopole.pl\/wordpress\/#website","url":"https:\/\/lekarzeopole.pl\/wordpress\/","name":"Lekarze Opole","description":"","potentialAction":[{"@type":"SearchAction","target":{"@type":"EntryPoint","urlTemplate":"https:\/\/lekarzeopole.pl\/wordpress\/?s={search_term_string}"},"query-input":{"@type":"PropertyValueSpecification","valueRequired":true,"valueName":"search_term_string"}}],"inLanguage":"pl-PL"}]}},"_links":{"self":[{"href":"https:\/\/lekarzeopole.pl\/wordpress\/wp-json\/wp\/v2\/product\/1025","targetHints":{"allow":["GET"]}}],"collection":[{"href":"https:\/\/lekarzeopole.pl\/wordpress\/wp-json\/wp\/v2\/product"}],"about":[{"href":"https:\/\/lekarzeopole.pl\/wordpress\/wp-json\/wp\/v2\/types\/product"}],"replies":[{"embeddable":true,"href":"https:\/\/lekarzeopole.pl\/wordpress\/wp-json\/wp\/v2\/comments?post=1025"}],"wp:featuredmedia":[{"embeddable":true,"href":"https:\/\/lekarzeopole.pl\/wordpress\/wp-json\/wp\/v2\/media\/1026"}],"wp:attachment":[{"href":"https:\/\/lekarzeopole.pl\/wordpress\/wp-json\/wp\/v2\/media?parent=1025"}],"wp:term":[{"taxonomy":"product_brand","embeddable":true,"href":"https:\/\/lekarzeopole.pl\/wordpress\/wp-json\/wp\/v2\/product_brand?post=1025"},{"taxonomy":"product_cat","embeddable":true,"href":"https:\/\/lekarzeopole.pl\/wordpress\/wp-json\/wp\/v2\/product_cat?post=1025"},{"taxonomy":"product_tag","embeddable":true,"href":"https:\/\/lekarzeopole.pl\/wordpress\/wp-json\/wp\/v2\/product_tag?post=1025"}],"curies":[{"name":"wp","href":"https:\/\/api.w.org\/{rel}","templated":true}]}}