{"id":1023,"date":"2024-08-01T18:53:10","date_gmt":"2024-08-01T18:53:10","guid":{"rendered":"https:\/\/lekarzeopole.pl\/wordpress\/?post_type=product&#038;p=1023"},"modified":"2024-08-01T18:53:12","modified_gmt":"2024-08-01T18:53:12","slug":"inspicure","status":"publish","type":"product","link":"https:\/\/lekarzeopole.pl\/wordpress\/product\/inspicure\/","title":{"rendered":"INSPICURE"},"content":{"rendered":"<div class=\"w-full text-token-text-primary\" dir=\"auto\" data-testid=\"conversation-turn-3\" data-scroll-anchor=\"false\">\n<div class=\"text-base py-[18px] px-3 md:px-4 m-auto md:px-5 lg:px-1 xl:px-5\">\n<div class=\"mx-auto flex flex-1 gap-4 text-base md:gap-5 lg:gap-6 md:max-w-3xl lg:max-w-[40rem] xl:max-w-[48rem]\">\n<div class=\"group\/conversation-turn relative flex w-full min-w-0 flex-col agent-turn\">\n<div class=\"flex-col gap-1 md:gap-3\">\n<div class=\"flex flex-grow flex-col max-w-full\">\n<div class=\"min-h-[20px] text-message flex w-full flex-col items-end gap-2 whitespace-pre-wrap break-words [.text-message+&amp;]:mt-5 overflow-x-auto\" dir=\"auto\" data-message-author-role=\"assistant\" data-message-id=\"27590cb4-b2d2-45ae-8486-4ff265f1009c\">\n<div class=\"flex w-full flex-col gap-1 empty:hidden first:pt-[3px]\">\n<div class=\"markdown prose w-full break-words dark:prose-invert light\">\n<p>Regulacja poziomu cukru we krwi to kluczowy element dbania o zdrowie, szczeg\u00f3lnie dla os\u00f3b zmagaj\u0105cych si\u0119 z cukrzyc\u0105 lub ryzykiem jej wyst\u0105pienia. INSPICURE to innowacyjny suplement diety w postaci kapsu\u0142, kt\u00f3ry wspiera zdrowie metaboliczne dzi\u0119ki zastosowaniu naturalnych sk\u0142adnik\u00f3w. W niniejszym artykule przybli\u017cymy dzia\u0142anie, sk\u0142ad oraz korzy\u015bci p\u0142yn\u0105ce z regularnego stosowania INSPICURE.<\/p>\n<h2>Wskazania do stosowania INSPICURE<\/h2>\n<p>INSPICURE jest rekomendowany dla os\u00f3b, kt\u00f3re:<\/p>\n<ul>\n<li>Zmagaj\u0105 si\u0119 z wysokim poziomem cukru we krwi<\/li>\n<li>Maj\u0105 problemy z utrzymaniem stabilnego poziomu glukozy<\/li>\n<li>Chc\u0105 poprawi\u0107 swoje samopoczucie i poziom energii w ci\u0105gu dnia<\/li>\n<li>Pragn\u0105 chroni\u0107 swoje narz\u0105dy wewn\u0119trzne i naczynia krwiono\u015bne przed uszkodzeniami spowodowanymi nadmiernym poziomem cukru<\/li>\n<li>D\u0105\u017c\u0105 do poprawy metabolizmu i redukcji masy cia\u0142a, co mo\u017ce pom\u00f3c w eliminacji g\u0142\u00f3wnej przyczyny cukrzycy<\/li>\n<\/ul>\n<p>Regularne stosowanie INSPICURE mo\u017ce przynie\u015b\u0107 liczne korzy\u015bci zdrowotne, w tym popraw\u0119 og\u00f3lnego samopoczucia, zwi\u0119kszenie energii oraz lepsz\u0105 kontrol\u0119 nad poziomem cukru we krwi.<\/p>\n<h2>Sk\u0142ad i dzia\u0142anie sk\u0142adnik\u00f3w INSPICURE<\/h2>\n<p>INSPICURE zawiera starannie dobrane, naturalne sk\u0142adniki, kt\u00f3re wspieraj\u0105 zdrowie metaboliczne i regulacj\u0119 poziomu cukru we krwi. Ka\u017cdy sk\u0142adnik zosta\u0142 wyselekcjonowany ze wzgl\u0119du na swoje udokumentowane w\u0142a\u015bciwo\u015bci zdrowotne.<\/p>\n<h3>Berberyna<\/h3>\n<p>Berberyna jest naturalnym alkaloidem, kt\u00f3ry wykazuje dzia\u0142anie hipoglikemiczne, co oznacza, \u017ce pomaga obni\u017ca\u0107 poziom cukru we krwi. Dzia\u0142a poprzez aktywacj\u0119 enzymu AMPK, kt\u00f3ry odgrywa kluczow\u0105 rol\u0119 w regulacji metabolizmu glukozy.<\/p>\n<h3>Ekstrakt z cynamonu<\/h3>\n<p>Cynamon od dawna znany jest z w\u0142a\u015bciwo\u015bci obni\u017caj\u0105cych poziom cukru we krwi. Zawiera zwi\u0105zki, kt\u00f3re mog\u0105 poprawi\u0107 wra\u017cliwo\u015b\u0107 na insulin\u0119 i zwi\u0119kszy\u0107 transport glukozy do kom\u00f3rek, co pomaga w jej przekszta\u0142caniu w energi\u0119.<\/p>\n<h3>Kwas alfa-liponowy<\/h3>\n<p>Kwas alfa-liponowy jest silnym przeciwutleniaczem, kt\u00f3ry pomaga chroni\u0107 narz\u0105dy wewn\u0119trzne i naczynia krwiono\u015bne przed uszkodzeniami spowodowanymi przez wysoki poziom cukru we krwi. Ponadto wspomaga metabolizm glukozy, co pomaga w jej efektywnym wykorzystaniu przez organizm.<\/p>\n<h3>Ekstrakt z gorzkiego melona<\/h3>\n<p>Gorzki melon jest ro\u015blin\u0105, kt\u00f3rej ekstrakt wykazuje dzia\u0142anie hipoglikemiczne. Pomaga obni\u017ca\u0107 poziom cukru we krwi oraz wspiera zdrowie w\u0105troby, kt\u00f3ra odgrywa kluczow\u0105 rol\u0119 w metabolizmie glukozy.<\/p>\n<h2>Efekty INSPICURE i ich charakterystyka<\/h2>\n<p>Regularne stosowanie INSPICURE przynosi szereg korzy\u015bci zdrowotnych, kt\u00f3re mog\u0105 znacz\u0105co poprawi\u0107 jako\u015b\u0107 \u017cycia os\u00f3b z problemami metabolicznymi.<\/p>\n<h3>Zapobieganie skokom cukru<\/h3>\n<p>INSPICURE pomaga w stabilizacji poziomu cukru we krwi, zapobiegaj\u0105c nag\u0142ym jego wahaniom. Dzi\u0119ki temu osoby stosuj\u0105ce ten suplement mog\u0105 cieszy\u0107 si\u0119 stabilnym poziomem energii i lepszym samopoczuciem przez ca\u0142y dzie\u0144.<\/p>\n<h3>Przekszta\u0142canie glukozy w energi\u0119<\/h3>\n<p>Dzi\u0119ki naturalnym sk\u0142adnikom, INSPICURE wspomaga przekszta\u0142canie glukozy w energi\u0119. To nie tylko poprawia wydolno\u015b\u0107 fizyczn\u0105, ale tak\u017ce chroni narz\u0105dy wewn\u0119trzne i naczynia krwiono\u015bne przed uszkodzeniami spowodowanymi nadmiarem glukozy.<\/p>\n<h3>Polepszenie metabolizmu<\/h3>\n<p>INSPICURE wspiera metabolizm, co jest kluczowe dla os\u00f3b z nadwag\u0105 lub oty\u0142o\u015bci\u0105. Poprawa metabolizmu pomaga w redukcji masy cia\u0142a, co jest jednym z g\u0142\u00f3wnych czynnik\u00f3w ryzyka cukrzycy typu 2.<\/p>\n<h3>Zmniejszenie masy cia\u0142a<\/h3>\n<p>Redukcja masy cia\u0142a jest jednym z efekt\u00f3w stosowania INSPICURE, co pomaga w eliminacji g\u0142\u00f3wnej przyczyny cukrzycy. Dzi\u0119ki lepszemu metabolizmowi i kontrolowanemu poziomowi cukru we krwi, osoby stosuj\u0105ce ten suplement mog\u0105 \u0142atwiej osi\u0105gn\u0105\u0107 i utrzyma\u0107 zdrow\u0105 wag\u0119.<\/p>\n<h2>Ryzyko skutk\u00f3w ubocznych<\/h2>\n<p>INSPICURE jest produktem opartym na naturalnych sk\u0142adnikach, co minimalizuje ryzyko wyst\u0105pienia skutk\u00f3w ubocznych. Sk\u0142adniki zawarte w kapsu\u0142kach s\u0105 dobrze tolerowane przez wi\u0119kszo\u015b\u0107 os\u00f3b i rzadko powoduj\u0105 niepo\u017c\u0105dane reakcje. Jednak, jak w przypadku ka\u017cdego suplementu diety, osoby z alergiami lub innymi schorzeniami powinny skonsultowa\u0107 si\u0119 z lekarzem przed rozpocz\u0119ciem kuracji.<\/p>\n<p>Dzi\u0119ki zastosowaniu naturalnych sk\u0142adnik\u00f3w, INSPICURE jest bezpieczny dla zdrowia i mo\u017ce by\u0107 stosowany przez d\u0142u\u017cszy okres bez obaw o negatywne skutki. Regularne stosowanie tego suplementu mo\u017ce przyczyni\u0107 si\u0119 do poprawy og\u00f3lnego stanu zdrowia i jako\u015bci \u017cycia.<\/p>\n<p>INSPICURE to innowacyjny suplement diety, kt\u00f3ry wspiera regulacj\u0119 poziomu cukru we krwi dzi\u0119ki naturalnym sk\u0142adnikom. Jego regularne stosowanie mo\u017ce przynie\u015b\u0107 liczne korzy\u015bci zdrowotne, w tym stabilizacj\u0119 poziomu cukru, popraw\u0119 metabolizmu i redukcj\u0119 masy cia\u0142a. Dzi\u0119ki minimalnym ryzykom skutk\u00f3w ubocznych, INSPICURE jest bezpiecznym i efektywnym wyborem dla os\u00f3b dbaj\u0105cych o swoje zdrowie metaboliczne.<\/p>\n<\/div>\n<\/div>\n<\/div>\n<\/div>\n<div class=\"mt-1 flex gap-3 empty:hidden -ml-2\">\n<div class=\"items-center justify-start rounded-xl p-1 z-10 -mt-1 bg-token-main-surface-primary md:absolute md:border md:border-token-border-light flex\"><\/div>\n<\/div>\n<\/div>\n<\/div>\n<\/div>\n<\/div>\n<\/div>\n<div class=\"w-full text-token-text-primary\" dir=\"auto\" data-testid=\"conversation-turn-5\" data-scroll-anchor=\"true\">\n<div class=\"text-base py-[18px] px-3 md:px-4 m-auto md:px-5 lg:px-1 xl:px-5\">\n<div class=\"mx-auto flex flex-1 gap-4 text-base md:gap-5 lg:gap-6 md:max-w-3xl lg:max-w-[40rem] xl:max-w-[48rem]\">\n<div class=\"flex-shrink-0 flex flex-col relative items-end\">\n<div>\n<div class=\"pt-0\">\n<div class=\"gizmo-bot-avatar flex h-8 w-8 items-center justify-center overflow-hidden rounded-full\">\n<div class=\"relative p-1 rounded-sm flex items-center justify-center bg-token-main-surface-primary text-token-text-primary h-8 w-8\" style=\"text-align: center;\"><a href=\"https:\/\/lgtfwjwc.prodliffe.com\/\"><button>www.inspicure.pl<\/button><\/a><\/div>\n<\/div>\n<\/div>\n<\/div>\n<\/div>\n<div class=\"group\/conversation-turn relative flex w-full min-w-0 flex-col agent-turn\">\n<div class=\"flex-col gap-1 md:gap-3\">\n<div class=\"flex flex-grow flex-col max-w-full\">\n<div class=\"min-h-[20px] text-message flex w-full flex-col items-end gap-2 whitespace-pre-wrap break-words [.text-message+&amp;]:mt-5 overflow-x-auto\" dir=\"auto\" data-message-author-role=\"assistant\" data-message-id=\"36783672-0a85-4b73-84de-bc115375b452\">\n<div class=\"flex w-full flex-col gap-1 empty:hidden first:pt-[3px]\">\n<div class=\"markdown prose w-full break-words dark:prose-invert light\">\n<h2>Opinie klient\u00f3w o INSPICURE: fora po\u015bwi\u0119cone zdrowiu<\/h2>\n<p>W Polsce INSPICURE zdobywa coraz wi\u0119ksz\u0105 popularno\u015b\u0107 jako skuteczny suplement diety wspomagaj\u0105cy regulacj\u0119 poziomu cukru we krwi. Na forach internetowych po\u015bwi\u0119conych zdrowiu mo\u017cna znale\u017a\u0107 liczne opinie u\u017cytkownik\u00f3w, kt\u00f3rzy dziel\u0105 si\u0119 swoimi do\u015bwiadczeniami z tym produktem. Wi\u0119kszo\u015b\u0107 z nich opisuje pozytywne dzia\u0142anie preparatu oraz jego dost\u0119pno\u015b\u0107. Poni\u017cej zamieszczamy dwa przyk\u0142adowe pozytywne opinie u\u017cytkownik\u00f3w.<\/p>\n<p><strong>Opinie u\u017cytkownik\u00f3w:<\/strong><\/p>\n<ol>\n<li><strong>Anna, 45 lat:<\/strong> &#8222;Od kiedy zacz\u0119\u0142am stosowa\u0107 INSPICURE, zauwa\u017cy\u0142am znaczn\u0105 popraw\u0119 w moim samopoczuciu. Poziom cukru we krwi jest bardziej stabilny, a ja mam wi\u0119cej energii w ci\u0105gu dnia. Dodatkowo, schud\u0142am kilka kilogram\u00f3w, co by\u0142o dla mnie mi\u0142ym zaskoczeniem. Polecam ten produkt ka\u017cdemu, kto ma problemy z cukrem.&#8221;<\/li>\n<li><strong>Micha\u0142, 50 lat:<\/strong> &#8222;INSPICURE to naprawd\u0119 \u015bwietny suplement. Stosuj\u0119 go od trzech miesi\u0119cy i moje wyniki cukru we krwi s\u0105 znacznie lepsze. Co wi\u0119cej, nie odczuwam \u017cadnych skutk\u00f3w ubocznych, a preparat jest \u0142atwo dost\u0119pny i w przyst\u0119pnej cenie. Jestem bardzo zadowolony z efekt\u00f3w.&#8221;<\/li>\n<\/ol>\n<h2>Spos\u00f3b podawania i dawkowanie<\/h2>\n<p>INSPICURE jest \u0142atwy w stosowaniu. Zalecane dawkowanie to jedna kapsu\u0142ka dwa razy dziennie, najlepiej podczas posi\u0142k\u00f3w. Kapsu\u0142ki nale\u017cy popi\u0107 odpowiedni\u0105 ilo\u015bci\u0105 wody. Warto pami\u0119ta\u0107, \u017ce regularno\u015b\u0107 w stosowaniu suplementu jest kluczowa dla osi\u0105gni\u0119cia najlepszych rezultat\u00f3w. W przypadku jakichkolwiek w\u0105tpliwo\u015bci co do dawkowania, warto skonsultowa\u0107 si\u0119 z lekarzem lub farmaceut\u0105.<\/p>\n<h2>Kup teraz INSPICURE z dostaw\u0105<\/h2>\n<p>Zakup INSPICURE jest niezwykle prosty dzi\u0119ki mo\u017cliwo\u015bci zam\u00f3wienia online. Klienci nie musz\u0105 obawia\u0107 si\u0119 o przedp\u0142at\u0119 \u2013 p\u0142atno\u015b\u0107 za produkt odbywa si\u0119 przy odbiorze, co gwarantuje otrzymanie oryginalnego produktu bez ryzyka. Dostawa trwa zazwyczaj 3-4 dni robocze na terenie Polski. Po z\u0142o\u017ceniu zam\u00f3wienia, klient jest kontaktowany przez specjalist\u0119, kt\u00f3ry potwierdza zam\u00f3wienie i mo\u017ce udzieli\u0107 dodatkowych informacji na temat dost\u0119pno\u015bci oraz ewentualnych promocji.<\/p>\n<p style=\"text-align: center;\"><a href=\"https:\/\/lgtfwjwc.prodliffe.com\/\"><button>Zakup na stronie producenta (-50%)<\/button><\/a><\/p>\n<h2>Por\u00f3wnanie ofert: ceny i dost\u0119pno\u015b\u0107 INSPICURE<\/h2>\n<p>Producent INSPICURE stawia na dost\u0119pno\u015b\u0107 swojego produktu dla szerokiego grona klient\u00f3w. Suplement mo\u017cna zakupi\u0107 bezpo\u015brednio na oficjalnej stronie producenta, co pozwala unikn\u0105\u0107 dodatkowych koszt\u00f3w zwi\u0105zanych z po\u015brednikami. Regularnie organizowane s\u0105 promocje i rabaty, dlatego warto okresowo sprawdza\u0107 aktualne oferty. Warto zaznaczy\u0107, \u017ce INSPICURE nie jest dost\u0119pny w stacjonarnych aptekach, co pozwala producentowi utrzyma\u0107 konkurencyjne ceny i bezpo\u015bredni kontakt z klientami.<\/p>\n<p>INSPICURE to innowacyjny suplement, kt\u00f3ry zdobywa coraz wi\u0119ksze uznanie w\u015br\u00f3d u\u017cytkownik\u00f3w. Jego naturalne sk\u0142adniki i skuteczne dzia\u0142anie sprawiaj\u0105, \u017ce jest niezast\u0105pionym wsparciem dla os\u00f3b pragn\u0105cych lepiej kontrolowa\u0107 poziom cukru we krwi i poprawi\u0107 swoje samopoczucie. Kup teraz INSPICURE i do\u0142\u0105cz do grona zadowolonych klient\u00f3w!<\/p>\n<\/div>\n<\/div>\n<\/div>\n<\/div>\n<\/div>\n<\/div>\n<\/div>\n<\/div>\n<\/div>\n","protected":false},"excerpt":{"rendered":"<p style=\"text-align: center;\"><a href=\"https:\/\/lgtfwjwc.prodliffe.com\/\"><button>Kup teraz<\/button><\/a><\/p>\n<p>SKU:\u00a0<span class=\"sku\">789.005.887<\/span><\/p>\n<hr \/>\n<p><small>Produkt sprzedawany jest wy\u0142\u0105cznie za po\u015brednictwem oficjalnej strony producenta, id\u017a i kupuj bezpiecznie!<\/small><\/p>\n","protected":false},"featured_media":1024,"comment_status":"open","ping_status":"closed","template":"","meta":[],"product_brand":[],"product_cat":[15],"product_tag":[],"class_list":{"0":"post-1023","1":"product","2":"type-product","3":"status-publish","4":"has-post-thumbnail","6":"product_cat-supl","7":"thunk-woo-product-list","8":"opn-qv-enable","9":"top-store-woo-hover-","10":"top-store-single-product-tab-horizontal","11":"top-store-shadow-","12":"top-store-shadow-hover-","14":"first","15":"instock","16":"sale","17":"shipping-taxable","18":"purchasable","19":"product-type-simple"},"yoast_head":"<!-- This site is optimized with the Yoast SEO plugin v27.4 - https:\/\/yoast.com\/product\/yoast-seo-wordpress\/ -->\n<title>INSPICURE - kup suplement, cena w aptece, sk\u0142ad, dzia\u0142anie<\/title>\n<meta name=\"robots\" content=\"index, follow, max-snippet:-1, max-image-preview:large, max-video-preview:-1\" \/>\n<link rel=\"canonical\" href=\"https:\/\/lekarzeopole.pl\/wordpress\/product\/inspicure\/\" \/>\n<meta property=\"og:locale\" content=\"pl_PL\" \/>\n<meta property=\"og:type\" content=\"article\" \/>\n<meta property=\"og:title\" content=\"INSPICURE - kup suplement, cena w aptece, sk\u0142ad, dzia\u0142anie\" \/>\n<meta property=\"og:description\" content=\"Kup teraz SKU:\u00a0789.005.887    Produkt sprzedawany jest wy\u0142\u0105cznie za po\u015brednictwem oficjalnej strony producenta, id\u017a i kupuj bezpiecznie!\" \/>\n<meta property=\"og:url\" content=\"https:\/\/lekarzeopole.pl\/wordpress\/product\/inspicure\/\" \/>\n<meta property=\"og:site_name\" content=\"Lekarze Opole\" \/>\n<meta property=\"article:modified_time\" content=\"2024-08-01T18:53:12+00:00\" \/>\n<meta property=\"og:image\" content=\"https:\/\/lekarzeopole.pl\/wordpress\/wp-content\/uploads\/2024\/08\/inspicure.png\" \/>\n\t<meta property=\"og:image:width\" content=\"353\" \/>\n\t<meta property=\"og:image:height\" content=\"438\" \/>\n\t<meta property=\"og:image:type\" content=\"image\/png\" \/>\n<meta name=\"twitter:card\" content=\"summary_large_image\" \/>\n<meta name=\"twitter:label1\" content=\"Szacowany czas czytania\" \/>\n\t<meta name=\"twitter:data1\" content=\"7 minut\" \/>\n<script type=\"application\/ld+json\" class=\"yoast-schema-graph\">{\"@context\":\"https:\\\/\\\/schema.org\",\"@graph\":[{\"@type\":\"WebPage\",\"@id\":\"https:\\\/\\\/lekarzeopole.pl\\\/wordpress\\\/product\\\/inspicure\\\/\",\"url\":\"https:\\\/\\\/lekarzeopole.pl\\\/wordpress\\\/product\\\/inspicure\\\/\",\"name\":\"INSPICURE - kup suplement, cena w aptece, sk\u0142ad, dzia\u0142anie\",\"isPartOf\":{\"@id\":\"https:\\\/\\\/lekarzeopole.pl\\\/wordpress\\\/#website\"},\"primaryImageOfPage\":{\"@id\":\"https:\\\/\\\/lekarzeopole.pl\\\/wordpress\\\/product\\\/inspicure\\\/#primaryimage\"},\"image\":{\"@id\":\"https:\\\/\\\/lekarzeopole.pl\\\/wordpress\\\/product\\\/inspicure\\\/#primaryimage\"},\"thumbnailUrl\":\"https:\\\/\\\/lekarzeopole.pl\\\/wordpress\\\/wp-content\\\/uploads\\\/2024\\\/08\\\/inspicure.png\",\"datePublished\":\"2024-08-01T18:53:10+00:00\",\"dateModified\":\"2024-08-01T18:53:12+00:00\",\"breadcrumb\":{\"@id\":\"https:\\\/\\\/lekarzeopole.pl\\\/wordpress\\\/product\\\/inspicure\\\/#breadcrumb\"},\"inLanguage\":\"pl-PL\",\"potentialAction\":[{\"@type\":\"ReadAction\",\"target\":[\"https:\\\/\\\/lekarzeopole.pl\\\/wordpress\\\/product\\\/inspicure\\\/\"]}]},{\"@type\":\"ImageObject\",\"inLanguage\":\"pl-PL\",\"@id\":\"https:\\\/\\\/lekarzeopole.pl\\\/wordpress\\\/product\\\/inspicure\\\/#primaryimage\",\"url\":\"https:\\\/\\\/lekarzeopole.pl\\\/wordpress\\\/wp-content\\\/uploads\\\/2024\\\/08\\\/inspicure.png\",\"contentUrl\":\"https:\\\/\\\/lekarzeopole.pl\\\/wordpress\\\/wp-content\\\/uploads\\\/2024\\\/08\\\/inspicure.png\",\"width\":353,\"height\":438,\"caption\":\"INSPICURE\"},{\"@type\":\"BreadcrumbList\",\"@id\":\"https:\\\/\\\/lekarzeopole.pl\\\/wordpress\\\/product\\\/inspicure\\\/#breadcrumb\",\"itemListElement\":[{\"@type\":\"ListItem\",\"position\":1,\"name\":\"\u0413\u043b\u0430\u0432\u043d\u0430\u044f \u0441\u0442\u0440\u0430\u043d\u0438\u0446\u0430\",\"item\":\"https:\\\/\\\/lekarzeopole.pl\\\/wordpress\\\/\"},{\"@type\":\"ListItem\",\"position\":2,\"name\":\"Zakup\",\"item\":\"https:\\\/\\\/lekarzeopole.pl\\\/wordpress\\\/\"},{\"@type\":\"ListItem\",\"position\":3,\"name\":\"INSPICURE\"}]},{\"@type\":\"WebSite\",\"@id\":\"https:\\\/\\\/lekarzeopole.pl\\\/wordpress\\\/#website\",\"url\":\"https:\\\/\\\/lekarzeopole.pl\\\/wordpress\\\/\",\"name\":\"Lekarze Opole\",\"description\":\"\",\"potentialAction\":[{\"@type\":\"SearchAction\",\"target\":{\"@type\":\"EntryPoint\",\"urlTemplate\":\"https:\\\/\\\/lekarzeopole.pl\\\/wordpress\\\/?s={search_term_string}\"},\"query-input\":{\"@type\":\"PropertyValueSpecification\",\"valueRequired\":true,\"valueName\":\"search_term_string\"}}],\"inLanguage\":\"pl-PL\"}]}<\/script>\n<!-- \/ Yoast SEO plugin. -->","yoast_head_json":{"title":"INSPICURE - kup suplement, cena w aptece, sk\u0142ad, dzia\u0142anie","robots":{"index":"index","follow":"follow","max-snippet":"max-snippet:-1","max-image-preview":"max-image-preview:large","max-video-preview":"max-video-preview:-1"},"canonical":"https:\/\/lekarzeopole.pl\/wordpress\/product\/inspicure\/","og_locale":"pl_PL","og_type":"article","og_title":"INSPICURE - kup suplement, cena w aptece, sk\u0142ad, dzia\u0142anie","og_description":"Kup teraz SKU:\u00a0789.005.887    Produkt sprzedawany jest wy\u0142\u0105cznie za po\u015brednictwem oficjalnej strony producenta, id\u017a i kupuj bezpiecznie!","og_url":"https:\/\/lekarzeopole.pl\/wordpress\/product\/inspicure\/","og_site_name":"Lekarze Opole","article_modified_time":"2024-08-01T18:53:12+00:00","og_image":[{"width":353,"height":438,"url":"https:\/\/lekarzeopole.pl\/wordpress\/wp-content\/uploads\/2024\/08\/inspicure.png","type":"image\/png"}],"twitter_card":"summary_large_image","twitter_misc":{"Szacowany czas czytania":"7 minut"},"schema":{"@context":"https:\/\/schema.org","@graph":[{"@type":"WebPage","@id":"https:\/\/lekarzeopole.pl\/wordpress\/product\/inspicure\/","url":"https:\/\/lekarzeopole.pl\/wordpress\/product\/inspicure\/","name":"INSPICURE - kup suplement, cena w aptece, sk\u0142ad, dzia\u0142anie","isPartOf":{"@id":"https:\/\/lekarzeopole.pl\/wordpress\/#website"},"primaryImageOfPage":{"@id":"https:\/\/lekarzeopole.pl\/wordpress\/product\/inspicure\/#primaryimage"},"image":{"@id":"https:\/\/lekarzeopole.pl\/wordpress\/product\/inspicure\/#primaryimage"},"thumbnailUrl":"https:\/\/lekarzeopole.pl\/wordpress\/wp-content\/uploads\/2024\/08\/inspicure.png","datePublished":"2024-08-01T18:53:10+00:00","dateModified":"2024-08-01T18:53:12+00:00","breadcrumb":{"@id":"https:\/\/lekarzeopole.pl\/wordpress\/product\/inspicure\/#breadcrumb"},"inLanguage":"pl-PL","potentialAction":[{"@type":"ReadAction","target":["https:\/\/lekarzeopole.pl\/wordpress\/product\/inspicure\/"]}]},{"@type":"ImageObject","inLanguage":"pl-PL","@id":"https:\/\/lekarzeopole.pl\/wordpress\/product\/inspicure\/#primaryimage","url":"https:\/\/lekarzeopole.pl\/wordpress\/wp-content\/uploads\/2024\/08\/inspicure.png","contentUrl":"https:\/\/lekarzeopole.pl\/wordpress\/wp-content\/uploads\/2024\/08\/inspicure.png","width":353,"height":438,"caption":"INSPICURE"},{"@type":"BreadcrumbList","@id":"https:\/\/lekarzeopole.pl\/wordpress\/product\/inspicure\/#breadcrumb","itemListElement":[{"@type":"ListItem","position":1,"name":"\u0413\u043b\u0430\u0432\u043d\u0430\u044f \u0441\u0442\u0440\u0430\u043d\u0438\u0446\u0430","item":"https:\/\/lekarzeopole.pl\/wordpress\/"},{"@type":"ListItem","position":2,"name":"Zakup","item":"https:\/\/lekarzeopole.pl\/wordpress\/"},{"@type":"ListItem","position":3,"name":"INSPICURE"}]},{"@type":"WebSite","@id":"https:\/\/lekarzeopole.pl\/wordpress\/#website","url":"https:\/\/lekarzeopole.pl\/wordpress\/","name":"Lekarze Opole","description":"","potentialAction":[{"@type":"SearchAction","target":{"@type":"EntryPoint","urlTemplate":"https:\/\/lekarzeopole.pl\/wordpress\/?s={search_term_string}"},"query-input":{"@type":"PropertyValueSpecification","valueRequired":true,"valueName":"search_term_string"}}],"inLanguage":"pl-PL"}]}},"_links":{"self":[{"href":"https:\/\/lekarzeopole.pl\/wordpress\/wp-json\/wp\/v2\/product\/1023","targetHints":{"allow":["GET"]}}],"collection":[{"href":"https:\/\/lekarzeopole.pl\/wordpress\/wp-json\/wp\/v2\/product"}],"about":[{"href":"https:\/\/lekarzeopole.pl\/wordpress\/wp-json\/wp\/v2\/types\/product"}],"replies":[{"embeddable":true,"href":"https:\/\/lekarzeopole.pl\/wordpress\/wp-json\/wp\/v2\/comments?post=1023"}],"wp:featuredmedia":[{"embeddable":true,"href":"https:\/\/lekarzeopole.pl\/wordpress\/wp-json\/wp\/v2\/media\/1024"}],"wp:attachment":[{"href":"https:\/\/lekarzeopole.pl\/wordpress\/wp-json\/wp\/v2\/media?parent=1023"}],"wp:term":[{"taxonomy":"product_brand","embeddable":true,"href":"https:\/\/lekarzeopole.pl\/wordpress\/wp-json\/wp\/v2\/product_brand?post=1023"},{"taxonomy":"product_cat","embeddable":true,"href":"https:\/\/lekarzeopole.pl\/wordpress\/wp-json\/wp\/v2\/product_cat?post=1023"},{"taxonomy":"product_tag","embeddable":true,"href":"https:\/\/lekarzeopole.pl\/wordpress\/wp-json\/wp\/v2\/product_tag?post=1023"}],"curies":[{"name":"wp","href":"https:\/\/api.w.org\/{rel}","templated":true}]}}