{"id":1021,"date":"2024-08-01T18:47:46","date_gmt":"2024-08-01T18:47:46","guid":{"rendered":"https:\/\/lekarzeopole.pl\/wordpress\/?post_type=product&#038;p=1021"},"modified":"2024-08-01T18:47:48","modified_gmt":"2024-08-01T18:47:48","slug":"weight-berry","status":"publish","type":"product","link":"https:\/\/lekarzeopole.pl\/wordpress\/product\/weight-berry\/","title":{"rendered":"Weight Berry"},"content":{"rendered":"<div class=\"w-full text-token-text-primary\" dir=\"auto\" data-testid=\"conversation-turn-3\" data-scroll-anchor=\"false\">\n<div class=\"text-base py-[18px] px-3 md:px-4 m-auto md:px-5 lg:px-1 xl:px-5\">\n<div class=\"mx-auto flex flex-1 gap-4 text-base md:gap-5 lg:gap-6 md:max-w-3xl lg:max-w-[40rem] xl:max-w-[48rem]\">\n<div class=\"group\/conversation-turn relative flex w-full min-w-0 flex-col agent-turn\">\n<div class=\"flex-col gap-1 md:gap-3\">\n<div class=\"flex flex-grow flex-col max-w-full\">\n<div class=\"min-h-[20px] text-message flex w-full flex-col items-end gap-2 whitespace-pre-wrap break-words [.text-message+&amp;]:mt-5 overflow-x-auto\" dir=\"auto\" data-message-author-role=\"assistant\" data-message-id=\"7f70519f-f1f1-4365-9f3e-96d1b6a8658d\">\n<div class=\"flex w-full flex-col gap-1 empty:hidden first:pt-[3px]\">\n<div class=\"markdown prose w-full break-words dark:prose-invert light\">\n<p>W dzisiejszych czasach walka z nadwag\u0105 i oty\u0142o\u015bci\u0105 sta\u0142a si\u0119 jednym z najwa\u017cniejszych problem\u00f3w zdrowotnych na \u015bwiecie. Coraz wi\u0119cej os\u00f3b szuka skutecznych, ale jednocze\u015bnie bezpiecznych metod, kt\u00f3re pomog\u0105 im osi\u0105gn\u0105\u0107 wymarzon\u0105 sylwetk\u0119. W odpowiedzi na te potrzeby, na rynku pojawi\u0142y si\u0119 r\u00f3\u017cne suplementy diety wspomagaj\u0105ce odchudzanie, a w\u015br\u00f3d nich wyr\u00f3\u017cniaj\u0105 si\u0119 krople Weight Berry. W tym artykule przyjrzymy si\u0119 bli\u017cej temu produktowi, jego sk\u0142adnikom, dzia\u0142aniu oraz potencjalnym efektom ubocznym.<\/p>\n<h2>Wskazania do stosowania Weight Berry<\/h2>\n<p>Weight Berry to krople dedykowane osobom, kt\u00f3re zmagaj\u0105 si\u0119 z problemem nadwagi lub oty\u0142o\u015bci. Wskazania do ich stosowania obejmuj\u0105:<\/p>\n<ol>\n<li><strong>Nadwaga i oty\u0142o\u015b\u0107<\/strong>: Produkt jest przeznaczony dla os\u00f3b, kt\u00f3re maj\u0105 nadmiern\u0105 mas\u0119 cia\u0142a i chc\u0105 schudn\u0105\u0107 w spos\u00f3b bezpieczny i naturalny.<\/li>\n<li><strong>Zwi\u0119kszony apetyt<\/strong>: Krople mog\u0105 by\u0107 pomocne dla tych, kt\u00f3rzy maj\u0105 trudno\u015bci z kontrolowaniem apetytu i cz\u0119sto si\u0119gaj\u0105 po niezdrowe przek\u0105ski.<\/li>\n<li><strong>Niska przemiana materii<\/strong>: Weight Berry mo\u017ce wspomaga\u0107 metabolizm, co jest szczeg\u00f3lnie istotne dla os\u00f3b z woln\u0105 przemian\u0105 materii.<\/li>\n<li><strong>Brak energii i zm\u0119czenie<\/strong>: Dzi\u0119ki naturalnym sk\u0142adnikom, krople mog\u0105 przyczyni\u0107 si\u0119 do poprawy poziomu energii i redukcji zm\u0119czenia.<\/li>\n<\/ol>\n<h2>Sk\u0142ad i dzia\u0142anie sk\u0142adnik\u00f3w Weight Berry<\/h2>\n<p>Jednym z kluczowych aspekt\u00f3w, kt\u00f3re wyr\u00f3\u017cniaj\u0105 Weight Berry na tle innych suplement\u00f3w diety, jest jego naturalny sk\u0142ad. Oto g\u0142\u00f3wne sk\u0142adniki i ich dzia\u0142anie:<\/p>\n<ol>\n<li><strong>Jagody acai<\/strong>: Bogate w antyoksydanty, witaminy i minera\u0142y. Jagody acai wspomagaj\u0105 metabolizm, poprawiaj\u0105 trawienie i pomagaj\u0105 w redukcji tkanki t\u0142uszczowej.<\/li>\n<li><strong>Ekstrakt z zielonej herbaty<\/strong>: Zielona herbata jest znana ze swoich w\u0142a\u015bciwo\u015bci przyspieszaj\u0105cych metabolizm oraz zdolno\u015bci do spalania t\u0142uszczu. Dzia\u0142a r\u00f3wnie\u017c jako naturalny \u015brodek pobudzaj\u0105cy.<\/li>\n<li><strong>Guarana<\/strong>: Ro\u015blina ta jest \u017ar\u00f3d\u0142em naturalnej kofeiny, kt\u00f3ra zwi\u0119ksza poziom energii i poprawia koncentracj\u0119. Pomaga r\u00f3wnie\u017c w redukcji apetytu.<\/li>\n<li><strong>L-karnityna<\/strong>: Aminokwas, kt\u00f3ry odgrywa kluczow\u0105 rol\u0119 w przekszta\u0142caniu t\u0142uszcz\u00f3w w energi\u0119. L-karnityna wspiera procesy spalania t\u0142uszczu w organizmie.<\/li>\n<li><strong>Chrom<\/strong>: Pierwiastek \u015bladowy, kt\u00f3ry pomaga regulowa\u0107 poziom cukru we krwi, co mo\u017ce zapobiega\u0107 nag\u0142ym napadom g\u0142odu i przek\u0105szaniu.<\/li>\n<\/ol>\n<h2>Efekty Weight Berry i ich charakterystyka<\/h2>\n<p>Regularne stosowanie kropli Weight Berry mo\u017ce przynie\u015b\u0107 szereg korzy\u015bci, kt\u00f3re przyczyniaj\u0105 si\u0119 do utraty wagi i poprawy og\u00f3lnego stanu zdrowia:<\/p>\n<ol>\n<li><strong>Redukcja masy cia\u0142a<\/strong>: Dzi\u0119ki sk\u0142adnikom wspomagaj\u0105cym spalanie t\u0142uszczu i przyspieszaj\u0105cym metabolizm, u\u017cytkownicy mog\u0105 zauwa\u017cy\u0107 znaczn\u0105 redukcj\u0119 masy cia\u0142a.<\/li>\n<li><strong>Kontrola apetytu<\/strong>: Weight Berry pomaga zmniejszy\u0107 uczucie g\u0142odu, co u\u0142atwia trzymanie si\u0119 zdrowej diety i unikanie niezdrowych przek\u0105sek.<\/li>\n<li><strong>Zwi\u0119kszenie poziomu energii<\/strong>: Naturalne sk\u0142adniki, takie jak guarana i zielona herbata, dostarczaj\u0105 energii, co jest szczeg\u00f3lnie wa\u017cne podczas aktywno\u015bci fizycznej.<\/li>\n<li><strong>Poprawa metabolizmu<\/strong>: Sk\u0142adniki Weight Berry wspomagaj\u0105 funkcjonowanie uk\u0142adu metabolicznego, co przyczynia si\u0119 do bardziej efektywnego spalania kalorii.<\/li>\n<li><strong>Lepsze samopoczucie<\/strong>: Utrata wagi i poprawa og\u00f3lnego stanu zdrowia cz\u0119sto przek\u0142adaj\u0105 si\u0119 na lepsze samopoczucie i wi\u0119ksz\u0105 pewno\u015b\u0107 siebie.<\/li>\n<\/ol>\n<h2>Ryzyko skutk\u00f3w ubocznych<\/h2>\n<p>Jednym z g\u0142\u00f3wnych atut\u00f3w kropli Weight Berry jest ich naturalny sk\u0142ad, kt\u00f3ry minimalizuje ryzyko wyst\u0105pienia skutk\u00f3w ubocznych. Sk\u0142adniki takie jak jagody acai, ekstrakt z zielonej herbaty, guarana, L-karnityna i chrom s\u0105 dobrze znane i szeroko stosowane w suplementach diety, co potwierdza ich bezpiecze\u0144stwo.<\/p>\n<p>Warto jednak pami\u0119ta\u0107, \u017ce ka\u017cdy organizm reaguje inaczej na suplementy diety, dlatego zawsze warto skonsultowa\u0107 si\u0119 z lekarzem przed rozpocz\u0119ciem kuracji. Osoby z alergiami na kt\u00f3rykolwiek ze sk\u0142adnik\u00f3w powinny unika\u0107 stosowania tego produktu. Ponadto, kobiety w ci\u0105\u017cy i karmi\u0105ce piersi\u0105 powinny skonsultowa\u0107 si\u0119 z lekarzem przed rozpocz\u0119ciem stosowania Weight Berry.<\/p>\n<p>Weight Berry to innowacyjny produkt wspomagaj\u0105cy odchudzanie, kt\u00f3ry \u0142\u0105czy w sobie naturalne sk\u0142adniki o udowodnionym dzia\u0142aniu. Krople te mog\u0105 by\u0107 cennym wsparciem dla os\u00f3b walcz\u0105cych z nadwag\u0105 i oty\u0142o\u015bci\u0105, pomagaj\u0105c im osi\u0105gn\u0105\u0107 wymarzon\u0105 sylwetk\u0119 w spos\u00f3b bezpieczny i skuteczny. Dzi\u0119ki swojej unikalnej formule, Weight Berry oferuje szereg korzy\u015bci, od redukcji masy cia\u0142a po popraw\u0119 og\u00f3lnego samopoczucia, co czyni go jednym z najch\u0119tniej wybieranych suplement\u00f3w diety na rynku.<\/p>\n<p style=\"text-align: center;\"><a href=\"https:\/\/mandarv.com\/Q5IS?sub1=sub1&amp;sub2=sub2&amp;sub3=sub3&amp;sub4=sub4&amp;sub5=sub5\"><button>www.weight-berry.pl<\/button><\/a><\/p>\n<\/div>\n<\/div>\n<\/div>\n<\/div>\n<\/div>\n<\/div>\n<\/div>\n<\/div>\n<\/div>\n<div class=\"w-full text-token-text-primary\" dir=\"auto\" data-testid=\"conversation-turn-5\" data-scroll-anchor=\"true\">\n<div class=\"text-base py-[18px] px-3 md:px-4 m-auto md:px-5 lg:px-1 xl:px-5\">\n<div class=\"mx-auto flex flex-1 gap-4 text-base md:gap-5 lg:gap-6 md:max-w-3xl lg:max-w-[40rem] xl:max-w-[48rem]\">\n<div class=\"group\/conversation-turn relative flex w-full min-w-0 flex-col agent-turn\">\n<div class=\"flex-col gap-1 md:gap-3\">\n<div class=\"flex flex-grow flex-col max-w-full\">\n<div class=\"min-h-[20px] text-message flex w-full flex-col items-end gap-2 whitespace-pre-wrap break-words [.text-message+&amp;]:mt-5 overflow-x-auto\" dir=\"auto\" data-message-author-role=\"assistant\" data-message-id=\"d9844e8b-4b63-4396-98b8-585dda0383fa\">\n<div class=\"flex w-full flex-col gap-1 empty:hidden first:pt-[3px]\">\n<div class=\"markdown prose w-full break-words dark:prose-invert light\">\n<h2>Opinie klient\u00f3w o Weight Berry: fora po\u015bwi\u0119cone zdrowiu<\/h2>\n<p>W miar\u0119 jak krople Weight Berry zyskuj\u0105 na popularno\u015bci w\u015br\u00f3d os\u00f3b poszukuj\u0105cych skutecznych metod na odchudzanie, coraz wi\u0119cej klient\u00f3w dzieli si\u0119 swoimi do\u015bwiadczeniami na r\u00f3\u017cnych forach po\u015bwi\u0119conych zdrowiu i urodzie w Polsce. Opinie te s\u0105 cennym \u017ar\u00f3d\u0142em informacji dla potencjalnych u\u017cytkownik\u00f3w, kt\u00f3rzy chc\u0105 dowiedzie\u0107 si\u0119 wi\u0119cej o produkcie przed jego zakupem. W wi\u0119kszo\u015bci przypadk\u00f3w, u\u017cytkownicy opisuj\u0105 pozytywne efekty dzia\u0142ania kropli Weight Berry, chwal\u0105c ich skuteczno\u015b\u0107 oraz \u0142atw\u0105 dost\u0119pno\u015b\u0107. Poni\u017cej przedstawiamy dwa przyk\u0142ady opinii klient\u00f3w:<\/p>\n<ol>\n<li><strong>Anna, 34 lata<\/strong>: &#8222;Po wielu nieudanych pr\u00f3bach z r\u00f3\u017cnymi suplementami, postanowi\u0142am spr\u00f3bowa\u0107 Weight Berry i musz\u0119 przyzna\u0107, \u017ce jestem mile zaskoczona. Ju\u017c po miesi\u0105cu zauwa\u017cy\u0142am znaczn\u0105 r\u00f3\u017cnic\u0119 &#8211; nie tylko schud\u0142am, ale te\u017c czuj\u0119 si\u0119 bardziej energiczna. Krople s\u0105 \u0142atwe w u\u017cyciu, a ich naturalny sk\u0142ad daje mi pewno\u015b\u0107, \u017ce nie szkodz\u0105 mojemu zdrowiu.&#8221;<\/li>\n<li><strong>Micha\u0142, 40 lat<\/strong>: &#8222;Weight Berry to \u015bwietny produkt! Zdecydowa\u0142em si\u0119 na zakup po przeczytaniu wielu pozytywnych opinii w internecie i nie zawiod\u0142em si\u0119. W ci\u0105gu kilku tygodni zauwa\u017cy\u0142em popraw\u0119 metabolizmu i spadek wagi. Dodatkowym plusem jest to, \u017ce krople s\u0105 \u0142atwo dost\u0119pne online i nie trzeba ich wcze\u015bniej op\u0142aca\u0107.&#8221;<\/li>\n<\/ol>\n<h2>Spos\u00f3b podawania i dawkowanie<\/h2>\n<p>Stosowanie kropli Weight Berry jest proste i wygodne. Zaleca si\u0119 przyjmowanie ich zgodnie z instrukcj\u0105 zamieszczon\u0105 na opakowaniu, aby uzyska\u0107 najlepsze rezultaty. Standardowa dawka to kilka kropel dziennie, kt\u00f3re mo\u017cna doda\u0107 do szklanki wody lub soku. Wa\u017cne jest, aby nie przekracza\u0107 zalecanej dawki, aby unikn\u0105\u0107 ewentualnych niepo\u017c\u0105danych efekt\u00f3w.<\/p>\n<h2>Kup teraz Weight Berry z dostaw\u0105<\/h2>\n<p>Zakup kropli Weight Berry jest \u0142atwy i bezpieczny dzi\u0119ki mo\u017cliwo\u015bci zam\u00f3wienia ich online. Nie ma potrzeby op\u0142acania towaru z g\u00f3ry \u2013 p\u0142atno\u015b\u0107 odbywa si\u0119 dopiero po otrzymaniu przesy\u0142ki, co minimalizuje ryzyko i daje pewno\u015b\u0107, \u017ce otrzymamy oryginalny produkt. Dodatkowo, czas dostawy wynosi zaledwie 3-4 dni na terenie ca\u0142ej Polski. Po z\u0142o\u017ceniu zam\u00f3wienia, specjalista skontaktuje si\u0119 z kupuj\u0105cym telefonicznie w celu potwierdzenia zam\u00f3wienia oraz udzielenia wszelkich niezb\u0119dnych informacji dotycz\u0105cych ilo\u015bci produktu i dost\u0119pnych promocji.<\/p>\n<p style=\"text-align: center;\"><a href=\"https:\/\/mandarv.com\/Q5IS?sub1=sub1&amp;sub2=sub2&amp;sub3=sub3&amp;sub4=sub4&amp;sub5=sub5\"><button>Zakup na stronie producenta (-50%)<\/button><\/a><\/p>\n<h2>Por\u00f3wnanie ofert: ceny i dost\u0119pno\u015b\u0107 Weight Berry<\/h2>\n<p>Producent kropli Weight Berry stawia na pierwszym miejscu dost\u0119pno\u015b\u0107 swojego produktu dla klient\u00f3w, dlatego mo\u017cna go kupi\u0107 bezpo\u015brednio na oficjalnej stronie producenta, eliminuj\u0105c tym samym po\u015brednik\u00f3w i dodatkowe mar\u017ce. Dzi\u0119ki temu cena jest bardziej przyst\u0119pna, a klienci mog\u0105 liczy\u0107 na atrakcyjne rabaty. Aby by\u0107 na bie\u017c\u0105co z aktualnymi promocjami, warto regularnie odwiedza\u0107 stron\u0119 producenta. Wa\u017cne jest r\u00f3wnie\u017c, \u017ce Weight Berry nie jest dost\u0119pny w stacjonarnych aptekach, co gwarantuje, \u017ce kupuj\u0105cy otrzymuj\u0105 oryginalny produkt bez dodatkowych koszt\u00f3w.<\/p>\n<p>Weight Berry to innowacyjny i skuteczny suplement diety wspomagaj\u0105cy odchudzanie, kt\u00f3ry dzi\u0119ki swojemu naturalnemu sk\u0142adowi minimalizuje ryzyko skutk\u00f3w ubocznych. Liczne pozytywne opinie klient\u00f3w oraz \u0142atwo\u015b\u0107 zakupu i korzystne warunki dostawy czyni\u0105 go atrakcyjn\u0105 opcj\u0105 dla os\u00f3b pragn\u0105cych zrzuci\u0107 zb\u0119dne kilogramy w spos\u00f3b bezpieczny i efektywny.<\/p>\n<\/div>\n<\/div>\n<\/div>\n<\/div>\n<\/div>\n<\/div>\n<\/div>\n<\/div>\n<\/div>\n","protected":false},"excerpt":{"rendered":"<p style=\"text-align: center;\"><a href=\"https:\/\/mandarv.com\/Q5IS?sub1=sub1&amp;sub2=sub2&amp;sub3=sub3&amp;sub4=sub4&amp;sub5=sub5\"><button>Kup teraz<\/button><\/a><\/p>\n<p>SKU:\u00a0<span class=\"sku\">789.005.886<\/span><\/p>\n<hr \/>\n<p><small>Produkt sprzedawany jest wy\u0142\u0105cznie za po\u015brednictwem oficjalnej strony producenta, id\u017a i kupuj bezpiecznie!<\/small><\/p>\n","protected":false},"featured_media":1022,"comment_status":"open","ping_status":"closed","template":"","meta":[],"product_brand":[],"product_cat":[15],"product_tag":[],"class_list":{"0":"post-1021","1":"product","2":"type-product","3":"status-publish","4":"has-post-thumbnail","6":"product_cat-supl","7":"thunk-woo-product-list","8":"opn-qv-enable","9":"top-store-woo-hover-","10":"top-store-single-product-tab-horizontal","11":"top-store-shadow-","12":"top-store-shadow-hover-","14":"first","15":"instock","16":"sale","17":"shipping-taxable","18":"purchasable","19":"product-type-simple"},"yoast_head":"<!-- This site is optimized with the Yoast SEO plugin v27.4 - https:\/\/yoast.com\/product\/yoast-seo-wordpress\/ -->\n<title>Weight Berry - kup suplement, cena w aptece, sk\u0142ad, dzia\u0142anie<\/title>\n<meta name=\"robots\" content=\"index, follow, max-snippet:-1, max-image-preview:large, max-video-preview:-1\" \/>\n<link rel=\"canonical\" href=\"https:\/\/lekarzeopole.pl\/wordpress\/product\/weight-berry\/\" \/>\n<meta property=\"og:locale\" content=\"pl_PL\" \/>\n<meta property=\"og:type\" content=\"article\" \/>\n<meta property=\"og:title\" content=\"Weight Berry - kup suplement, cena w aptece, sk\u0142ad, dzia\u0142anie\" \/>\n<meta property=\"og:description\" content=\"Kup teraz SKU:\u00a0789.005.886    Produkt sprzedawany jest wy\u0142\u0105cznie za po\u015brednictwem oficjalnej strony producenta, id\u017a i kupuj bezpiecznie!\" \/>\n<meta property=\"og:url\" content=\"https:\/\/lekarzeopole.pl\/wordpress\/product\/weight-berry\/\" \/>\n<meta property=\"og:site_name\" content=\"Lekarze Opole\" \/>\n<meta property=\"article:modified_time\" content=\"2024-08-01T18:47:48+00:00\" \/>\n<meta property=\"og:image\" content=\"https:\/\/lekarzeopole.pl\/wordpress\/wp-content\/uploads\/2024\/08\/weight-berry.png\" \/>\n\t<meta property=\"og:image:width\" content=\"1024\" \/>\n\t<meta property=\"og:image:height\" content=\"1718\" \/>\n\t<meta property=\"og:image:type\" content=\"image\/png\" \/>\n<meta name=\"twitter:card\" content=\"summary_large_image\" \/>\n<meta name=\"twitter:label1\" content=\"Szacowany czas czytania\" \/>\n\t<meta name=\"twitter:data1\" content=\"7 minut\" \/>\n<script type=\"application\/ld+json\" class=\"yoast-schema-graph\">{\"@context\":\"https:\\\/\\\/schema.org\",\"@graph\":[{\"@type\":\"WebPage\",\"@id\":\"https:\\\/\\\/lekarzeopole.pl\\\/wordpress\\\/product\\\/weight-berry\\\/\",\"url\":\"https:\\\/\\\/lekarzeopole.pl\\\/wordpress\\\/product\\\/weight-berry\\\/\",\"name\":\"Weight Berry - kup suplement, cena w aptece, sk\u0142ad, dzia\u0142anie\",\"isPartOf\":{\"@id\":\"https:\\\/\\\/lekarzeopole.pl\\\/wordpress\\\/#website\"},\"primaryImageOfPage\":{\"@id\":\"https:\\\/\\\/lekarzeopole.pl\\\/wordpress\\\/product\\\/weight-berry\\\/#primaryimage\"},\"image\":{\"@id\":\"https:\\\/\\\/lekarzeopole.pl\\\/wordpress\\\/product\\\/weight-berry\\\/#primaryimage\"},\"thumbnailUrl\":\"https:\\\/\\\/lekarzeopole.pl\\\/wordpress\\\/wp-content\\\/uploads\\\/2024\\\/08\\\/weight-berry.png\",\"datePublished\":\"2024-08-01T18:47:46+00:00\",\"dateModified\":\"2024-08-01T18:47:48+00:00\",\"breadcrumb\":{\"@id\":\"https:\\\/\\\/lekarzeopole.pl\\\/wordpress\\\/product\\\/weight-berry\\\/#breadcrumb\"},\"inLanguage\":\"pl-PL\",\"potentialAction\":[{\"@type\":\"ReadAction\",\"target\":[\"https:\\\/\\\/lekarzeopole.pl\\\/wordpress\\\/product\\\/weight-berry\\\/\"]}]},{\"@type\":\"ImageObject\",\"inLanguage\":\"pl-PL\",\"@id\":\"https:\\\/\\\/lekarzeopole.pl\\\/wordpress\\\/product\\\/weight-berry\\\/#primaryimage\",\"url\":\"https:\\\/\\\/lekarzeopole.pl\\\/wordpress\\\/wp-content\\\/uploads\\\/2024\\\/08\\\/weight-berry.png\",\"contentUrl\":\"https:\\\/\\\/lekarzeopole.pl\\\/wordpress\\\/wp-content\\\/uploads\\\/2024\\\/08\\\/weight-berry.png\",\"width\":1024,\"height\":1718,\"caption\":\"Weight Berry\"},{\"@type\":\"BreadcrumbList\",\"@id\":\"https:\\\/\\\/lekarzeopole.pl\\\/wordpress\\\/product\\\/weight-berry\\\/#breadcrumb\",\"itemListElement\":[{\"@type\":\"ListItem\",\"position\":1,\"name\":\"\u0413\u043b\u0430\u0432\u043d\u0430\u044f \u0441\u0442\u0440\u0430\u043d\u0438\u0446\u0430\",\"item\":\"https:\\\/\\\/lekarzeopole.pl\\\/wordpress\\\/\"},{\"@type\":\"ListItem\",\"position\":2,\"name\":\"Zakup\",\"item\":\"https:\\\/\\\/lekarzeopole.pl\\\/wordpress\\\/\"},{\"@type\":\"ListItem\",\"position\":3,\"name\":\"Weight Berry\"}]},{\"@type\":\"WebSite\",\"@id\":\"https:\\\/\\\/lekarzeopole.pl\\\/wordpress\\\/#website\",\"url\":\"https:\\\/\\\/lekarzeopole.pl\\\/wordpress\\\/\",\"name\":\"Lekarze Opole\",\"description\":\"\",\"potentialAction\":[{\"@type\":\"SearchAction\",\"target\":{\"@type\":\"EntryPoint\",\"urlTemplate\":\"https:\\\/\\\/lekarzeopole.pl\\\/wordpress\\\/?s={search_term_string}\"},\"query-input\":{\"@type\":\"PropertyValueSpecification\",\"valueRequired\":true,\"valueName\":\"search_term_string\"}}],\"inLanguage\":\"pl-PL\"}]}<\/script>\n<!-- \/ Yoast SEO plugin. -->","yoast_head_json":{"title":"Weight Berry - kup suplement, cena w aptece, sk\u0142ad, dzia\u0142anie","robots":{"index":"index","follow":"follow","max-snippet":"max-snippet:-1","max-image-preview":"max-image-preview:large","max-video-preview":"max-video-preview:-1"},"canonical":"https:\/\/lekarzeopole.pl\/wordpress\/product\/weight-berry\/","og_locale":"pl_PL","og_type":"article","og_title":"Weight Berry - kup suplement, cena w aptece, sk\u0142ad, dzia\u0142anie","og_description":"Kup teraz SKU:\u00a0789.005.886    Produkt sprzedawany jest wy\u0142\u0105cznie za po\u015brednictwem oficjalnej strony producenta, id\u017a i kupuj bezpiecznie!","og_url":"https:\/\/lekarzeopole.pl\/wordpress\/product\/weight-berry\/","og_site_name":"Lekarze Opole","article_modified_time":"2024-08-01T18:47:48+00:00","og_image":[{"width":1024,"height":1718,"url":"https:\/\/lekarzeopole.pl\/wordpress\/wp-content\/uploads\/2024\/08\/weight-berry.png","type":"image\/png"}],"twitter_card":"summary_large_image","twitter_misc":{"Szacowany czas czytania":"7 minut"},"schema":{"@context":"https:\/\/schema.org","@graph":[{"@type":"WebPage","@id":"https:\/\/lekarzeopole.pl\/wordpress\/product\/weight-berry\/","url":"https:\/\/lekarzeopole.pl\/wordpress\/product\/weight-berry\/","name":"Weight Berry - kup suplement, cena w aptece, sk\u0142ad, dzia\u0142anie","isPartOf":{"@id":"https:\/\/lekarzeopole.pl\/wordpress\/#website"},"primaryImageOfPage":{"@id":"https:\/\/lekarzeopole.pl\/wordpress\/product\/weight-berry\/#primaryimage"},"image":{"@id":"https:\/\/lekarzeopole.pl\/wordpress\/product\/weight-berry\/#primaryimage"},"thumbnailUrl":"https:\/\/lekarzeopole.pl\/wordpress\/wp-content\/uploads\/2024\/08\/weight-berry.png","datePublished":"2024-08-01T18:47:46+00:00","dateModified":"2024-08-01T18:47:48+00:00","breadcrumb":{"@id":"https:\/\/lekarzeopole.pl\/wordpress\/product\/weight-berry\/#breadcrumb"},"inLanguage":"pl-PL","potentialAction":[{"@type":"ReadAction","target":["https:\/\/lekarzeopole.pl\/wordpress\/product\/weight-berry\/"]}]},{"@type":"ImageObject","inLanguage":"pl-PL","@id":"https:\/\/lekarzeopole.pl\/wordpress\/product\/weight-berry\/#primaryimage","url":"https:\/\/lekarzeopole.pl\/wordpress\/wp-content\/uploads\/2024\/08\/weight-berry.png","contentUrl":"https:\/\/lekarzeopole.pl\/wordpress\/wp-content\/uploads\/2024\/08\/weight-berry.png","width":1024,"height":1718,"caption":"Weight Berry"},{"@type":"BreadcrumbList","@id":"https:\/\/lekarzeopole.pl\/wordpress\/product\/weight-berry\/#breadcrumb","itemListElement":[{"@type":"ListItem","position":1,"name":"\u0413\u043b\u0430\u0432\u043d\u0430\u044f \u0441\u0442\u0440\u0430\u043d\u0438\u0446\u0430","item":"https:\/\/lekarzeopole.pl\/wordpress\/"},{"@type":"ListItem","position":2,"name":"Zakup","item":"https:\/\/lekarzeopole.pl\/wordpress\/"},{"@type":"ListItem","position":3,"name":"Weight Berry"}]},{"@type":"WebSite","@id":"https:\/\/lekarzeopole.pl\/wordpress\/#website","url":"https:\/\/lekarzeopole.pl\/wordpress\/","name":"Lekarze Opole","description":"","potentialAction":[{"@type":"SearchAction","target":{"@type":"EntryPoint","urlTemplate":"https:\/\/lekarzeopole.pl\/wordpress\/?s={search_term_string}"},"query-input":{"@type":"PropertyValueSpecification","valueRequired":true,"valueName":"search_term_string"}}],"inLanguage":"pl-PL"}]}},"_links":{"self":[{"href":"https:\/\/lekarzeopole.pl\/wordpress\/wp-json\/wp\/v2\/product\/1021","targetHints":{"allow":["GET"]}}],"collection":[{"href":"https:\/\/lekarzeopole.pl\/wordpress\/wp-json\/wp\/v2\/product"}],"about":[{"href":"https:\/\/lekarzeopole.pl\/wordpress\/wp-json\/wp\/v2\/types\/product"}],"replies":[{"embeddable":true,"href":"https:\/\/lekarzeopole.pl\/wordpress\/wp-json\/wp\/v2\/comments?post=1021"}],"wp:featuredmedia":[{"embeddable":true,"href":"https:\/\/lekarzeopole.pl\/wordpress\/wp-json\/wp\/v2\/media\/1022"}],"wp:attachment":[{"href":"https:\/\/lekarzeopole.pl\/wordpress\/wp-json\/wp\/v2\/media?parent=1021"}],"wp:term":[{"taxonomy":"product_brand","embeddable":true,"href":"https:\/\/lekarzeopole.pl\/wordpress\/wp-json\/wp\/v2\/product_brand?post=1021"},{"taxonomy":"product_cat","embeddable":true,"href":"https:\/\/lekarzeopole.pl\/wordpress\/wp-json\/wp\/v2\/product_cat?post=1021"},{"taxonomy":"product_tag","embeddable":true,"href":"https:\/\/lekarzeopole.pl\/wordpress\/wp-json\/wp\/v2\/product_tag?post=1021"}],"curies":[{"name":"wp","href":"https:\/\/api.w.org\/{rel}","templated":true}]}}